{"id":1169,"date":"2022-11-10T12:31:56","date_gmt":"2022-11-10T11:31:56","guid":{"rendered":"https:\/\/semmelweis.hu\/kutlab\/?page_id=1169"},"modified":"2025-07-30T11:00:20","modified_gmt":"2025-07-30T09:00:20","slug":"dr-kiszel-petra","status":"publish","type":"page","link":"https:\/\/semmelweis.hu\/kutlab\/munkatarsak\/dr-kiszel-petra\/","title":{"rendered":"Dr. Kiszel Petra"},"content":{"rendered":"<p>V\u00e9gzetts\u00e9g: Biol\u00f3gus (MSc)<\/p>\n<p>Fokozat: PhD (Elm\u00e9leti \u00e9s Klinikai Immunol\u00f3gia, Semmelweis Egyetem, 2008)<\/p>\n<p>Beoszt\u00e1s: Tudom\u00e1nyos f\u0151munkat\u00e1rs<\/p>\n<p>Munkak\u00f6r: HUN-REN-SE Immunol\u00f3giai \u00e9s Hematol\u00f3giai kutat\u00f3csoport-vezet\u0151<\/p>\n<p>E-mail: <a href=\"mailto:kiszel.petra.mta@gmail.com\">kiszel.petra.mta@gmail.com<\/a><\/p>\n<p><strong>Tudom\u00e1nyos \u00e9rdekl\u0151d\u00e9si ter\u00fcletek<\/strong>: Az immunol\u00f3gia, a vaszkul\u00e1ris biol\u00f3gia \u00e9s a gyullad\u00e1si reakci\u00f3k kapcsolata, az endot\u00e9lsejt fiziol\u00f3gia\/patofiziol\u00f3gia, SARS-CoV2 v\u00edrusfert\u0151z\u00e9sre adott fokozott immunv\u00e1lasz popul\u00e1ci\u00f3s vizsg\u00e1lata.<\/p>\n<p><strong>Publik\u00e1ci\u00f3k: <\/strong><a href=\"https:\/\/www.scopus.com\/authid\/detail.uri?authorId=12783816700\">Kiszel Petra publik\u00e1ci\u00f3s list\u00e1ja (Scopus)<\/a><\/p>\n<p><strong>Orcid ID: <\/strong><\/p>\n","protected":false},"excerpt":{"rendered":"<p>V\u00e9gzetts\u00e9g: Biol\u00f3gus (MSc)<br \/>\nFokozat: PhD (Elm\u00e9leti \u00e9s Klinikai Immunol\u00f3gia, Semmelweis Egyetem, 2008)<br \/>\nBeoszt\u00e1s: Tudom\u00e1nyos f\u0151munkat\u00e1rs<br \/>\nMunkak\u00f6r: HUN-REN-SE Immunol\u00f3giai \u00e9s Hematol\u00f3giai kutat\u00f3csoport-vezet\u0151<br \/>\nE-mail: <a href=\"mailto:kiszel.petra.mta@gmail.com\">kiszel.petra.mta@gmail.com<\/a><br \/>\nTudom\u00e1nyos \u00e9rdekl\u0151d\u00e9si ter\u00fcletek: Az immunol\u00f3gia, a vaszkul\u00e1ris biol\u00f3gia \u00e9s a gyullad\u00e1si reakci\u00f3k kapcsolata, az endot\u00e9lsejt fiziol\u00f3gia\/patofiziol\u00f3gia, SARS-CoV2 v\u00edrusfert\u0151z\u00e9sre adott fokozott immunv\u00e1lasz popul\u00e1ci\u00f3s vizsg\u00e1lata.<br \/>\nPublik\u00e1ci\u00f3k: <a href=\"https:\/\/www.scopus.com\/authid\/detail.uri?authorId=12783816700\">Kiszel Petra publik\u00e1ci\u00f3s list\u00e1ja (Scopus)<\/a><br \/>\nOrcid ID: <\/p>\n","protected":false},"author":101100,"featured_media":0,"parent":19,"menu_order":11,"comment_status":"closed","ping_status":"closed","template":"","meta":{"_acf_changed":false,"footnotes":""},"categories":[],"tags":[],"class_list":["post-1169","page","type-page","status-publish","hentry"],"acf":[],"_links":{"self":[{"href":"https:\/\/semmelweis.hu\/kutlab\/wp-json\/wp\/v2\/pages\/1169","targetHints":{"allow":["GET"]}}],"collection":[{"href":"https:\/\/semmelweis.hu\/kutlab\/wp-json\/wp\/v2\/pages"}],"about":[{"href":"https:\/\/semmelweis.hu\/kutlab\/wp-json\/wp\/v2\/types\/page"}],"author":[{"embeddable":true,"href":"https:\/\/semmelweis.hu\/kutlab\/wp-json\/wp\/v2\/users\/101100"}],"replies":[{"embeddable":true,"href":"https:\/\/semmelweis.hu\/kutlab\/wp-json\/wp\/v2\/comments?post=1169"}],"version-history":[{"count":2,"href":"https:\/\/semmelweis.hu\/kutlab\/wp-json\/wp\/v2\/pages\/1169\/revisions"}],"predecessor-version":[{"id":1833,"href":"https:\/\/semmelweis.hu\/kutlab\/wp-json\/wp\/v2\/pages\/1169\/revisions\/1833"}],"up":[{"embeddable":true,"href":"https:\/\/semmelweis.hu\/kutlab\/wp-json\/wp\/v2\/pages\/19"}],"wp:attachment":[{"href":"https:\/\/semmelweis.hu\/kutlab\/wp-json\/wp\/v2\/media?parent=1169"}],"wp:term":[{"taxonomy":"category","embeddable":true,"href":"https:\/\/semmelweis.hu\/kutlab\/wp-json\/wp\/v2\/categories?post=1169"},{"taxonomy":"post_tag","embeddable":true,"href":"https:\/\/semmelweis.hu\/kutlab\/wp-json\/wp\/v2\/tags?post=1169"}],"curies":[{"name":"wp","href":"https:\/\/api.w.org\/{rel}","templated":true}]}}