{"id":1161,"date":"2022-11-10T12:20:14","date_gmt":"2022-11-10T11:20:14","guid":{"rendered":"https:\/\/semmelweis.hu\/kutlab\/?page_id=1161"},"modified":"2023-09-29T10:58:15","modified_gmt":"2023-09-29T08:58:15","slug":"elkh-se-immunologiai-es-hematologiai-kutatocsoport","status":"publish","type":"page","link":"https:\/\/semmelweis.hu\/kutlab\/kutatas\/elkh-se-immunologiai-es-hematologiai-kutatocsoport\/","title":{"rendered":"Immunol\u00f3giai \u00e9s Hematol\u00f3giai Kutat\u00f3csoport (HUN-REN-SE)"},"content":{"rendered":"<p><img loading=\"lazy\" decoding=\"async\" class=\"aligncenter wp-image-1214 size-full\" src=\"https:\/\/semmelweis.hu\/kutlab\/files\/2022\/11\/ECVesicle.jpg\" alt=\"\" width=\"1376\" height=\"192\" srcset=\"https:\/\/semmelweis.hu\/kutlab\/files\/2022\/11\/ECVesicle.jpg 1376w, https:\/\/semmelweis.hu\/kutlab\/files\/2022\/11\/ECVesicle-400x56.jpg 400w, https:\/\/semmelweis.hu\/kutlab\/files\/2022\/11\/ECVesicle-1024x143.jpg 1024w, https:\/\/semmelweis.hu\/kutlab\/files\/2022\/11\/ECVesicle-768x107.jpg 768w, https:\/\/semmelweis.hu\/kutlab\/files\/2022\/11\/ECVesicle-580x81.jpg 580w\" sizes=\"auto, (max-width: 1376px) 100vw, 1376px\" \/><\/p>\n<p style=\"text-align: justify\">A Kutat\u00f3csoport sejtbiol\u00f3giai vonatkoz\u00e1s\u00fa c\u00e9lkit\u0171z\u00e9se az immuntromb\u00f3zist (a gyullad\u00e1s, a koagul\u00e1ci\u00f3, a trombocitaaktiv\u00e1ci\u00f3 \u00e9s a fibrinol\u00edzis egym\u00e1st er\u0151s\u00edt\u0151 patol\u00f3gi\u00e1s folyamatsora) kiv\u00e1lt\u00f3 citokinmint\u00e1zat vizsg\u00e1lata COVID-19-ben szenved\u0151 betegekben, \u00e9s az ebb\u0151l nyert inform\u00e1ci\u00f3 \u00e1t\u00fcltet\u00e9se <em>in vitro<\/em> endot\u00e9lsejt modellrendszerbe. A kutat\u00e1s tov\u00e1bbi r\u00e9sze a COVID-19-re jellemz\u0151 citokinekkel aktiv\u00e1lt endot\u00e9lsejtek extracellul\u00e1ris vezikula \u2013 mint sejtkommunik\u00e1ci\u00f3s csatorna \u2013 kibocs\u00e1t\u00e1s\u00e1nak m\u00e9r\u00e9se, valamint a kialakult endot\u00e9lsejt diszfunkci\u00f3 helyre\u00e1ll\u00edt\u00e1sa mezenchim\u00e1lis \u0151ssejtekkel. A Kutat\u00f3csoport ez\u00e1ltal egybef\u0171zi az EC Munkacsoport \u00e9s az MSC Munkacsoport m\u00f3dszereit \u00e9s fejleszt\u00e9seit, \u00e9s ezeket az eredm\u00e9nyeket megpr\u00f3b\u00e1lja a COVID-19 ter\u00e1pi\u00e1j\u00e1ba \u00e1t\u00fcltetni.<\/p>\n<h4><strong>Az elm\u00falt p\u00e1ly\u00e1zati ciklusban folyt kutat\u00e1sunk<\/strong><\/h4>\n<p><strong>Szi\u00e1lsav k\u00f6t\u0151 lektinek transzl\u00e1ci\u00f3s klinikai vizsg\u00e1lata trombotikus mikroangiop\u00e1ti\u00e1kban<\/strong><\/p>\n<p>A trombotikus mikroangiop\u00e1ti\u00e1k (TMA) a komplementkaszk\u00e1d, a v\u00e9ralvad\u00e1s, a v\u00e9rlemezke- \u00e9s endot\u00e9l aktiv\u00e1ci\u00f3 szab\u00e1lyozott m\u0171k\u00f6d\u00e9s\u00e9nek felborul\u00e1sa miatt kialakul\u00f3 s\u00falyos, \u00e9letvesz\u00e9lyes k\u00f3rk\u00e9pek. Az elm\u00falt \u00e9vek eredm\u00e9nyei a patogenezis kulcselemeire vil\u00e1g\u00edtottak r\u00e1, azonban a fenti komplex rendszerek patol\u00f3gi\u00e1s k\u00f6lcs\u00f6nhat\u00e1sai csak r\u00e9szleteiben ismertek. Nem ismertek pontosan a betegs\u00e9g rizik\u00f3j\u00e1t fokoz\u00f3 g\u00e9nek \u00e9s g\u00e9nvari\u00e1nsok, valamint ezek szerepe a betegs\u00e9g kialakul\u00e1s\u00e1ban. A Magyar Tudom\u00e1nyos Akad\u00e9mia t\u00e1mogat\u00e1s\u00e1val a 2017-2022 k\u00f6z\u00f6tti id\u0151szakban \u00faj targetg\u00e9neket vizsg\u00e1lunk meg a TMA-k patogenezis\u00e9ben, \u00e9s \u00faj vari\u00e1ci\u00f3k vagy mut\u00e1ci\u00f3k azonos\u00edt\u00e1sa eset\u00e9n funkcion\u00e1lis vizsg\u00e1latokat v\u00e9gz\u00fcnk a molekul\u00e1ris patogenit\u00e1s igazol\u00e1s\u00e1ra.\u00a0<\/p>\n","protected":false},"excerpt":{"rendered":"<p>A Kutat\u00f3csoport sejtbiol\u00f3giai vonatkoz\u00e1s\u00fa c\u00e9lkit\u0171z\u00e9se az immuntromb\u00f3zist (a gyullad\u00e1s, a koagul\u00e1ci\u00f3, a trombocitaaktiv\u00e1ci\u00f3 \u00e9s a fibrinol\u00edzis egym\u00e1st er\u0151s\u00edt\u0151 patol\u00f3gi\u00e1s folyamatsora) kiv\u00e1lt\u00f3 citokinmint\u00e1zat vizsg\u00e1lata COVID-19-ben szenved\u0151 betegekben, \u00e9s az ebb\u0151l nyert inform\u00e1ci\u00f3 \u00e1t\u00fcltet\u00e9se in vitro endot\u00e9lsejt modellrendszerbe. A kutat\u00e1s tov\u00e1bbi r\u00e9sze a COVID-19-re jellemz\u0151 citokinekkel aktiv\u00e1lt endot\u00e9lsejtek extracellul\u00e1ris vezikula \u2013 mint sejtkommunik\u00e1ci\u00f3s csatorna \u2013 kibocs\u00e1t\u00e1s\u00e1nak m\u00e9r\u00e9se, &hellip;<\/p>\n","protected":false},"author":101100,"featured_media":0,"parent":24,"menu_order":0,"comment_status":"closed","ping_status":"closed","template":"","meta":{"_acf_changed":false,"footnotes":""},"categories":[],"tags":[],"class_list":["post-1161","page","type-page","status-publish","hentry"],"acf":[],"_links":{"self":[{"href":"https:\/\/semmelweis.hu\/kutlab\/wp-json\/wp\/v2\/pages\/1161","targetHints":{"allow":["GET"]}}],"collection":[{"href":"https:\/\/semmelweis.hu\/kutlab\/wp-json\/wp\/v2\/pages"}],"about":[{"href":"https:\/\/semmelweis.hu\/kutlab\/wp-json\/wp\/v2\/types\/page"}],"author":[{"embeddable":true,"href":"https:\/\/semmelweis.hu\/kutlab\/wp-json\/wp\/v2\/users\/101100"}],"replies":[{"embeddable":true,"href":"https:\/\/semmelweis.hu\/kutlab\/wp-json\/wp\/v2\/comments?post=1161"}],"version-history":[{"count":9,"href":"https:\/\/semmelweis.hu\/kutlab\/wp-json\/wp\/v2\/pages\/1161\/revisions"}],"predecessor-version":[{"id":1826,"href":"https:\/\/semmelweis.hu\/kutlab\/wp-json\/wp\/v2\/pages\/1161\/revisions\/1826"}],"up":[{"embeddable":true,"href":"https:\/\/semmelweis.hu\/kutlab\/wp-json\/wp\/v2\/pages\/24"}],"wp:attachment":[{"href":"https:\/\/semmelweis.hu\/kutlab\/wp-json\/wp\/v2\/media?parent=1161"}],"wp:term":[{"taxonomy":"category","embeddable":true,"href":"https:\/\/semmelweis.hu\/kutlab\/wp-json\/wp\/v2\/categories?post=1161"},{"taxonomy":"post_tag","embeddable":true,"href":"https:\/\/semmelweis.hu\/kutlab\/wp-json\/wp\/v2\/tags?post=1161"}],"curies":[{"name":"wp","href":"https:\/\/api.w.org\/{rel}","templated":true}]}}

Immunológiai és Hematológiai Kutatócsoport (HUN-REN-SE)

<p><img loading="lazy" decoding="async" class="aligncenter wp-image-1214 size-full" src="https://semmelweis.hu/kutlab/files/2022/11/ECVesicle.jpg" alt="" width="1376" height="192" srcset="https://semmelweis.hu/kutlab/files/2022/11/ECVesicle.jpg 1376w, https://semmelweis.hu/kutlab/files/2022/11/ECVesicle-400x56.jpg 400w, https://semmelweis.hu/kutlab/files/2022/11/ECVesicle-1024x143.jpg 1024w, https://semmelweis.hu/kutlab/files/2022/11/ECVesicle-768x107.jpg 768w, https://semmelweis.hu/kutlab/files/2022/11/ECVesicle-580x81.jpg 580w" sizes="auto, (max-width: 1376px) 100vw, 1376px" /></p>
<p style="text-align: justify">A Kutatócsoport sejtbiológiai vonatkozású célkitűzése az immuntrombózist (a gyulladás, a koaguláció, a trombocitaaktiváció és a fibrinolízis egymást erősítő patológiás folyamatsora) kiváltó citokinmintázat vizsgálata COVID-19-ben szenvedő betegekben, és az ebből nyert információ átültetése <em>in vitro</em> endotélsejt modellrendszerbe. A kutatás további része a COVID-19-re jellemző citokinekkel aktivált endotélsejtek extracelluláris vezikula – mint sejtkommunikációs csatorna – kibocsátásának mérése, valamint a kialakult endotélsejt diszfunkció helyreállítása mezenchimális őssejtekkel. A Kutatócsoport ezáltal egybefűzi az EC Munkacsoport és az MSC Munkacsoport módszereit és fejlesztéseit, és ezeket az eredményeket megpróbálja a COVID-19 terápiájába átültetni.</p>
<h4><strong>Az elmúlt pályázati ciklusban folyt kutatásunk</strong></h4>
<p><strong>Sziálsav kötő lektinek transzlációs klinikai vizsgálata trombotikus mikroangiopátiákban</strong></p>
<p>A trombotikus mikroangiopátiák (TMA) a komplementkaszkád, a véralvadás, a vérlemezke- és endotél aktiváció szabályozott működésének felborulása miatt kialakuló súlyos, életveszélyes kórképek. Az elmúlt évek eredményei a patogenezis kulcselemeire világítottak rá, azonban a fenti komplex rendszerek patológiás kölcsönhatásai csak részleteiben ismertek. Nem ismertek pontosan a betegség rizikóját fokozó gének és génvariánsok, valamint ezek szerepe a betegség kialakulásában. A Magyar Tudományos Akadémia támogatásával a 2017-2022 közötti időszakban új targetgéneket vizsgálunk meg a TMA-k patogenezisében, és új variációk vagy mutációk azonosítása esetén funkcionális vizsgálatokat végzünk a molekuláris patogenitás igazolására. </p>

<p>A Kutatócsoport sejtbiológiai vonatkozású célkitűzése az immuntrombózist (a gyulladás, a koaguláció, a trombocitaaktiváció és a fibrinolízis egymást erősítő patológiás folyamatsora) kiváltó citokinmintázat vizsgálata COVID-19-ben szenvedő betegekben, és az ebből nyert információ átültetése in vitro endotélsejt modellrendszerbe. A kutatás további része a COVID-19-re jellemző citokinekkel aktivált endotélsejtek extracelluláris vezikula – mint sejtkommunikációs csatorna – kibocsátásának mérése, &hellip;</p>
