{"id":1156,"date":"2022-11-10T12:18:17","date_gmt":"2022-11-10T11:18:17","guid":{"rendered":"https:\/\/semmelweis.hu\/kutlab\/?page_id=1156"},"modified":"2022-11-11T13:15:39","modified_gmt":"2022-11-11T12:15:39","slug":"mezenchimalis-ossejt-terapias-munkacsoport","status":"publish","type":"page","link":"https:\/\/semmelweis.hu\/kutlab\/kutatas\/sejtbiologiai-es-sejtterapias-csoport\/mezenchimalis-ossejt-terapias-munkacsoport\/","title":{"rendered":"Mezenchim\u00e1lis \u0150ssejt-ter\u00e1pi\u00e1s Munkacsoport"},"content":{"rendered":"<p><img loading=\"lazy\" decoding=\"async\" class=\"alignnone wp-image-1218\" src=\"https:\/\/semmelweis.hu\/kutlab\/files\/2022\/11\/MSC-scaled.jpg\" alt=\"\" width=\"2607\" height=\"341\" srcset=\"https:\/\/semmelweis.hu\/kutlab\/files\/2022\/11\/MSC-scaled.jpg 2560w, https:\/\/semmelweis.hu\/kutlab\/files\/2022\/11\/MSC-400x52.jpg 400w, https:\/\/semmelweis.hu\/kutlab\/files\/2022\/11\/MSC-1024x134.jpg 1024w, https:\/\/semmelweis.hu\/kutlab\/files\/2022\/11\/MSC-768x100.jpg 768w, https:\/\/semmelweis.hu\/kutlab\/files\/2022\/11\/MSC-580x76.jpg 580w, https:\/\/semmelweis.hu\/kutlab\/files\/2022\/11\/MSC-1536x201.jpg 1536w, https:\/\/semmelweis.hu\/kutlab\/files\/2022\/11\/MSC-2048x268.jpg 2048w\" sizes=\"auto, (max-width: 2607px) 100vw, 2607px\" \/><\/p>\n<p style=\"text-align: justify\">A <em>mezenchim\u00e1lis \u0151ssejtek<\/em> (MSC) a biol\u00f3giai ter\u00e1pi\u00e1kon bel\u00fcl a gyullad\u00e1sg\u00e1tl\u00e1s egy \u00faj fejezet\u00e9t nyitott\u00e1k meg, ugyanis az MSC-k, nagy mennyis\u00e9gben a beteg kering\u00e9s\u00e9be- vagy k\u00f6zvetlen\u00fcl az \u00e9rintett szervbe juttatva, g\u00e1tolj\u00e1k a monocit\u00e1k, T sejtek \u00e9s NK sejtek aktiv\u00e1ci\u00f3j\u00e1t, illetve el\u0151seg\u00edtik a T<sub>reg<\/sub> sejtek aktivit\u00e1s\u00e1t, mik\u00f6zben antimikrobi\u00e1lis hat\u00e1suk is jelent\u0151s. Az <strong>MSC Munkacsoport<\/strong> egy transzl\u00e1ci\u00f3s medicin\u00e1val foglalkoz\u00f3 csoport, amelynek c\u00e9lkit\u0171z\u00e9se a leghat\u00e9konyabb gyullad\u00e1sg\u00e1tl\u00f3 hat\u00e1s\u00fa MSC-k ter\u00e1pi\u00e1s mennyis\u00e9gben val\u00f3 el\u0151\u00e1ll\u00edt\u00e1s\u00e1nak kifejleszt\u00e9se. Emellett az eredm\u00e9nyek az alapkutat\u00e1sban is hasznos\u00edthat\u00f3ak, mind m\u00f3dszertani, mind elm\u00e9leti szinten. Az el\u0151\u00e1ll\u00edt\u00e1s <em>in vitro<\/em> t\u00f6rt\u00e9nik k\u00f6ld\u00f6kzsin\u00f3r eredet\u0171 MSC-kb\u0151l, bioreaktor (Terumo BCT Quantum\u2122) seg\u00edts\u00e9g\u00e9vel.<\/p>\n","protected":false},"excerpt":{"rendered":"<p>A mezenchim\u00e1lis \u0151ssejtek (MSC) a biol\u00f3giai ter\u00e1pi\u00e1kon bel\u00fcl a gyullad\u00e1sg\u00e1tl\u00e1s egy \u00faj fejezet\u00e9t nyitott\u00e1k meg, ugyanis az MSC-k, nagy mennyis\u00e9gben a beteg kering\u00e9s\u00e9be- vagy k\u00f6zvetlen\u00fcl az \u00e9rintett szervbe juttatva, g\u00e1tolj\u00e1k a monocit\u00e1k, T sejtek \u00e9s NK sejtek aktiv\u00e1ci\u00f3j\u00e1t, illetve el\u0151seg\u00edtik a Treg sejtek aktivit\u00e1s\u00e1t, mik\u00f6zben antimikrobi\u00e1lis hat\u00e1suk is jelent\u0151s. Az MSC Munkacsoport egy transzl\u00e1ci\u00f3s medicin\u00e1val &hellip;<\/p>\n","protected":false},"author":101100,"featured_media":0,"parent":119,"menu_order":0,"comment_status":"closed","ping_status":"closed","template":"","meta":{"_acf_changed":false,"footnotes":""},"categories":[],"tags":[],"class_list":["post-1156","page","type-page","status-publish","hentry"],"acf":[],"_links":{"self":[{"href":"https:\/\/semmelweis.hu\/kutlab\/wp-json\/wp\/v2\/pages\/1156","targetHints":{"allow":["GET"]}}],"collection":[{"href":"https:\/\/semmelweis.hu\/kutlab\/wp-json\/wp\/v2\/pages"}],"about":[{"href":"https:\/\/semmelweis.hu\/kutlab\/wp-json\/wp\/v2\/types\/page"}],"author":[{"embeddable":true,"href":"https:\/\/semmelweis.hu\/kutlab\/wp-json\/wp\/v2\/users\/101100"}],"replies":[{"embeddable":true,"href":"https:\/\/semmelweis.hu\/kutlab\/wp-json\/wp\/v2\/comments?post=1156"}],"version-history":[{"count":3,"href":"https:\/\/semmelweis.hu\/kutlab\/wp-json\/wp\/v2\/pages\/1156\/revisions"}],"predecessor-version":[{"id":1249,"href":"https:\/\/semmelweis.hu\/kutlab\/wp-json\/wp\/v2\/pages\/1156\/revisions\/1249"}],"up":[{"embeddable":true,"href":"https:\/\/semmelweis.hu\/kutlab\/wp-json\/wp\/v2\/pages\/119"}],"wp:attachment":[{"href":"https:\/\/semmelweis.hu\/kutlab\/wp-json\/wp\/v2\/media?parent=1156"}],"wp:term":[{"taxonomy":"category","embeddable":true,"href":"https:\/\/semmelweis.hu\/kutlab\/wp-json\/wp\/v2\/categories?post=1156"},{"taxonomy":"post_tag","embeddable":true,"href":"https:\/\/semmelweis.hu\/kutlab\/wp-json\/wp\/v2\/tags?post=1156"}],"curies":[{"name":"wp","href":"https:\/\/api.w.org\/{rel}","templated":true}]}}