{"id":106,"date":"2016-01-08T00:00:00","date_gmt":"2016-01-07T23:00:00","guid":{"rendered":"http:\/\/semmelweis.hu\/kutlab\/research-projects\/"},"modified":"2023-09-29T11:17:43","modified_gmt":"2023-09-29T09:17:43","slug":"research-projects","status":"publish","type":"page","link":"https:\/\/semmelweis.hu\/kutlab\/en\/research\/research-projects\/","title":{"rendered":"Projects"},"content":{"rendered":"<p>Ongoing\u00a0 grants are following:<\/p>\n<p><a href=\"https:\/\/www.corvos.eu\/content\/home\/\">CORVOS, 2020-2023<\/a><\/p>\n<p><a href=\"https:\/\/www.tolerate-horizon.eu\/\">TOLERATE, 2022-2025<\/a><\/p>\n<p style=\"font-weight: 400\">MOLORKIV<\/p>\n<p style=\"font-weight: 400\">STIA-KFI 2022<\/p>\n<p style=\"font-weight: 400\">Richter T\u00e9map\u00e1ly\u00e1zat 2023<\/p>\n<p>HUN-REN-SU Research Group of Immunology and Hematology<\/p>\n","protected":false},"excerpt":{"rendered":"<p>Ongoing\u00a0 grants are following:<br \/>\n<a href=\"https:\/\/www.corvos.eu\/content\/home\/\">CORVOS, 2020-2023<\/a><br \/>\n<a href=\"https:\/\/www.tolerate-horizon.eu\/\">TOLERATE, 2022-2025<\/a><br \/>\nMOLORKIV<br \/>\nSTIA-KFI 2022<br \/>\nRichter T\u00e9map\u00e1ly\u00e1zat 2023<br \/>\nHUN-REN-SU Research Group of Immunology and Hematology<\/p>\n","protected":false},"author":158,"featured_media":0,"parent":37,"menu_order":2,"comment_status":"closed","ping_status":"closed","template":"","meta":{"_acf_changed":false,"footnotes":""},"categories":[],"tags":[],"class_list":["post-106","page","type-page","status-publish","hentry"],"acf":[],"_links":{"self":[{"href":"https:\/\/semmelweis.hu\/kutlab\/wp-json\/wp\/v2\/pages\/106","targetHints":{"allow":["GET"]}}],"collection":[{"href":"https:\/\/semmelweis.hu\/kutlab\/wp-json\/wp\/v2\/pages"}],"about":[{"href":"https:\/\/semmelweis.hu\/kutlab\/wp-json\/wp\/v2\/types\/page"}],"author":[{"embeddable":true,"href":"https:\/\/semmelweis.hu\/kutlab\/wp-json\/wp\/v2\/users\/158"}],"replies":[{"embeddable":true,"href":"https:\/\/semmelweis.hu\/kutlab\/wp-json\/wp\/v2\/comments?post=106"}],"version-history":[{"count":9,"href":"https:\/\/semmelweis.hu\/kutlab\/wp-json\/wp\/v2\/pages\/106\/revisions"}],"predecessor-version":[{"id":1830,"href":"https:\/\/semmelweis.hu\/kutlab\/wp-json\/wp\/v2\/pages\/106\/revisions\/1830"}],"up":[{"embeddable":true,"href":"https:\/\/semmelweis.hu\/kutlab\/wp-json\/wp\/v2\/pages\/37"}],"wp:attachment":[{"href":"https:\/\/semmelweis.hu\/kutlab\/wp-json\/wp\/v2\/media?parent=106"}],"wp:term":[{"taxonomy":"category","embeddable":true,"href":"https:\/\/semmelweis.hu\/kutlab\/wp-json\/wp\/v2\/categories?post=106"},{"taxonomy":"post_tag","embeddable":true,"href":"https:\/\/semmelweis.hu\/kutlab\/wp-json\/wp\/v2\/tags?post=106"}],"curies":[{"name":"wp","href":"https:\/\/api.w.org\/{rel}","templated":true}]}}