{"id":1238,"date":"2020-09-17T11:31:27","date_gmt":"2020-09-17T09:31:27","guid":{"rendered":"https:\/\/semmelweis.hu\/koronavirus\/?page_id=1238"},"modified":"2020-11-20T15:02:14","modified_gmt":"2020-11-20T14:02:14","slug":"ethics-guidelines-during-the-epidemic","status":"publish","type":"page","link":"https:\/\/semmelweis.hu\/koronavirus\/en\/what-can-you-do\/ethics-guidelines-during-the-epidemic\/","title":{"rendered":"Ethics Guidelines during the epidemic"},"content":{"rendered":"<p><strong>SEMMELWEIS UNIVERSITY\u2019S ETHICS GUIDELINES DURING THE EPIDEMIC<\/strong><\/p>\n<p>The present Ethics Guidelines aims to <strong>guide Semmelweis University\u2019s students and colleagues during the COVID-19 pandemic<\/strong>, in addition to the current mandatory ordinances of the Hungarian Government and the city of Budapest as well as the Rector\u2019s and Chancellor\u2019s instructions in effect at Semmelweis University. The following behaviours contribute to curb the pandemic and to <strong>ensure continuous patient care, education, research, and other work at Semmelweis University<\/strong>.<\/p>\n<p><strong>It is our common task and responsibility to slow down the spread of the epidemic, thus protecting our own health as well as that of all our compatriots, and at the same time ensuring the operation of the university. As Semmelweis citizens, we must set an example by our behaviour in handling the epidemic<\/strong>, to which you can contribute by observing the following points:<\/p>\n<ol>\n<li>Avoid larger events, venues involving close contact, especially clubs and indoor restaurants. Pay special attention to keeping the prescribed safety distance in public spaces as well.<\/li>\n<li>In addition to the statutory obligation, please wear a mask in all closed and open places outside the university where the number of people present and the nature of the place require it.<\/li>\n<li>Depending on the type, masks should be changed or washed daily.<\/li>\n<li>During personal meetings, avoid greeting forms involving direct contact and follow the rules of polite distance-keeping.<\/li>\n<li>Protect your older relatives: please wear a mask and keep a distance of at least 2 metres when meeting them.<\/li>\n<li>In addition to general hygiene standards, please pay special attention to regular, hourly hand disinfection and <a href=\"https:\/\/www.youtube.com\/watch?v=KP2ZnCHD4F8&amp;feature=youtu.be\" target=\"_blank\" rel=\"noopener noreferrer\">the correct Semmelweis\u2019 hand washing technique<\/a>. Alcohol-based hand sanitizers are provided on an ongoing basis in all university buildings.<\/li>\n<li>Students are advised to help control the epidemic by volunteering in your free time at Semmelweis University clinics, vocational training and public education institutions, and also by participating in coronavirus PCR screening at screening points organized by the Students\u2019 Union, thus gaining professional practice as well.<\/li>\n<\/ol>\n<p><strong>Adherence to the above points will help to ensure that education at Semmelweis University continues to be uninterrupted at the highest possible level, adapted to the epidemiological situation.<\/strong><\/p>\n<p>&nbsp;<\/p>\n<table class=\"plain\" style=\"border-collapse: collapse;width: 100%\">\n<tbody>\n<tr>\n<td style=\"width: 33.3333%;text-align: center\"><strong>Prof. Dr. B\u00e9la Merkely<br \/><\/strong>Rector<\/td>\n<td style=\"width: 33.3333%;text-align: center\"><strong>Ir\u00e9n Baumgartnern\u00e9 Holl\u00f3<\/strong><br \/>Vice-Chancellor<\/td>\n<td style=\"width: 33.3333%;text-align: center\"><strong>B\u00e1lint Tripolszky<\/strong><br \/>President of the Students\u2019 Union<\/td>\n<\/tr>\n<\/tbody>\n<\/table>\n<p><strong>\u00a0 \u00a0<\/strong><\/p>\n<p><span style=\"font-size: 18pt\"><em>I join the initiative and on a voluntary basis undertake to adhere to Semmelweis University\u2019s Ethics Guidelines in order to continuously sustain the university\u2019s educational, research, and patient care activities.<\/em><\/span><\/p>\n","protected":false},"excerpt":{"rendered":"<p>SEMMELWEIS UNIVERSITY\u2019S ETHICS GUIDELINES DURING THE EPIDEMIC The present Ethics Guidelines aims to guide Semmelweis University\u2019s students and colleagues during the COVID-19 pandemic, in addition to the current mandatory ordinances of the Hungarian Government and the city of Budapest as well as the Rector\u2019s and Chancellor\u2019s instructions in effect at Semmelweis University. The following behaviours &hellip;<\/p>\n","protected":false},"author":362,"featured_media":0,"parent":73,"menu_order":2,"comment_status":"closed","ping_status":"closed","template":"","meta":{"_acf_changed":false,"footnotes":""},"categories":[],"tags":[],"class_list":["post-1238","page","type-page","status-publish","hentry"],"acf":[],"_links":{"self":[{"href":"https:\/\/semmelweis.hu\/koronavirus\/wp-json\/wp\/v2\/pages\/1238","targetHints":{"allow":["GET"]}}],"collection":[{"href":"https:\/\/semmelweis.hu\/koronavirus\/wp-json\/wp\/v2\/pages"}],"about":[{"href":"https:\/\/semmelweis.hu\/koronavirus\/wp-json\/wp\/v2\/types\/page"}],"author":[{"embeddable":true,"href":"https:\/\/semmelweis.hu\/koronavirus\/wp-json\/wp\/v2\/users\/362"}],"replies":[{"embeddable":true,"href":"https:\/\/semmelweis.hu\/koronavirus\/wp-json\/wp\/v2\/comments?post=1238"}],"version-history":[{"count":9,"href":"https:\/\/semmelweis.hu\/koronavirus\/wp-json\/wp\/v2\/pages\/1238\/revisions"}],"predecessor-version":[{"id":1415,"href":"https:\/\/semmelweis.hu\/koronavirus\/wp-json\/wp\/v2\/pages\/1238\/revisions\/1415"}],"up":[{"embeddable":true,"href":"https:\/\/semmelweis.hu\/koronavirus\/wp-json\/wp\/v2\/pages\/73"}],"wp:attachment":[{"href":"https:\/\/semmelweis.hu\/koronavirus\/wp-json\/wp\/v2\/media?parent=1238"}],"wp:term":[{"taxonomy":"category","embeddable":true,"href":"https:\/\/semmelweis.hu\/koronavirus\/wp-json\/wp\/v2\/categories?post=1238"},{"taxonomy":"post_tag","embeddable":true,"href":"https:\/\/semmelweis.hu\/koronavirus\/wp-json\/wp\/v2\/tags?post=1238"}],"curies":[{"name":"wp","href":"https:\/\/api.w.org\/{rel}","templated":true}]}}