{"id":1190,"date":"2020-09-16T15:05:21","date_gmt":"2020-09-16T13:05:21","guid":{"rendered":"https:\/\/semmelweis.hu\/koronavirus\/?page_id=1190"},"modified":"2021-03-01T09:25:25","modified_gmt":"2021-03-01T08:25:25","slug":"jarvanyugyi-etikai-iranymutatas","status":"publish","type":"page","link":"https:\/\/semmelweis.hu\/koronavirus\/mit-tehetunk\/jarvanyugyi-etikai-iranymutatas\/","title":{"rendered":"J\u00e1rv\u00e1ny\u00fcgyi etikai ir\u00e1nymutat\u00e1s"},"content":{"rendered":"<p style=\"text-align: right;\">Budapest, 2020. szeptember 17.<\/p>\n<p style=\"text-align: left;\"><strong>J\u00c1RV\u00c1NY\u00dcGYI ETIKAI IR\u00c1NYMUTAT\u00c1S A SEMMELWEIS EGYETEM POLG\u00c1RAI SZ\u00c1M\u00c1RA<\/strong><\/p>\n<p>Jelen etikai k\u00f3dex c\u00e9lja, hogy a k\u00f6telez\u0151 jelleg\u0171 korm\u00e1ny- \u00e9s f\u0151v\u00e1rosi rendeleteken, valamint a Semmelweis Egyetemen \u00e9rv\u00e9nyben l\u00e9v\u0151 rektori \u00e9s kancell\u00e1ri utas\u00edt\u00e1sokon t\u00fal <strong>ir\u00e1nyt mutasson a Semmelweis Egyetem hallgat\u00f3inak \u00e9s munkat\u00e1rsainak a COVID-19 j\u00e1rv\u00e1ny id\u0151szak\u00e1ban<\/strong>. Az al\u00e1bbi \u00a0magatart\u00e1sform\u00e1k el\u0151seg\u00edtik, a pand\u00e9mia megf\u00e9kez\u00e9s\u00e9t, valamint hozz\u00e1j\u00e1rulnak ahhoz, hogy a Semmelweis Egyetem ter\u00fclet\u00e9n<strong> biztos\u00edthat\u00f3 legyen a folyamatos betegell\u00e1t\u00e1s, oktat\u00e1s, kutat\u00e1s \u00e9s egy\u00e9b \u00a0munkav\u00e9gz\u00e9s<\/strong>. \u00a0<\/p>\n<p><strong>K\u00f6z\u00f6s feladatunk \u00e9s felel\u0151ss\u00e9g\u00fcnk a j\u00e1rv\u00e1ny terjed\u00e9s\u00e9nek lass\u00edt\u00e1sa, ezzel saj\u00e1t \u00e9s minden honfit\u00e1rsunk eg\u00e9szs\u00e9g\u00e9t meg\u00f3vjuk, egy\u00fattal pedig az egyetem m\u0171k\u00f6d\u00e9s\u00e9t is biztos\u00edtjuk. Semmelweis polg\u00e1rk\u00e9nt mutassunk p\u00e9ld\u00e1t viselked\u00e9s\u00fcnkkel a j\u00e1rv\u00e1ny kezel\u00e9s\u00e9ben<\/strong>, amelyhez az al\u00e1bbi pontok betart\u00e1s\u00e1val j\u00e1rulhatunk hozz\u00e1:<\/p>\n<p style=\"padding-left: 40px;\">1. Ker\u00fclj\u00e9k a nagyobb rendezv\u00e9nyeket, az el\u0151rel\u00e1that\u00f3an szoros kontaktust el\u0151id\u00e9z\u0151 helysz\u00edneket, \u00edgy k\u00fcl\u00f6n\u00f6sen a sz\u00f3rakoz\u00f3helyeket \u00e9s a belt\u00e9ri vend\u00e9gl\u00e1t\u00f3egys\u00e9geket! K\u00fcl\u00f6n\u00f6sen figyeljenek az el\u0151\u00edrt v\u00e9d\u0151t\u00e1vols\u00e1g betart\u00e1s\u00e1ra a k\u00f6z\u00f6ss\u00e9gi tereken is!<\/p>\n<p style=\"padding-left: 40px;\">2. A rendeleti k\u00f6telezetts\u00e9gen t\u00fal az egyetem ter\u00fclet\u00e9n k\u00edv\u00fcl is minden olyan z\u00e1rt \u00e9s nyitott helyen, ahol a jelenl\u00e9v\u0151k sz\u00e1ma, valamint a hely jellege megk\u00edv\u00e1nja, viseljenek maszkot!<\/p>\n<p style=\"padding-left: 40px;\">3. A maszkot \u2013 t\u00edpus\u00e1t\u00f3l f\u00fcgg\u0151en \u2013 napi szinten cser\u00e9lj\u00e9k, vagy moss\u00e1k!<\/p>\n<p style=\"padding-left: 40px;\">4. Szem\u00e9lyes tal\u00e1lkoz\u00e1sok sor\u00e1n ker\u00fclj\u00e9k a direkt kontaktussal j\u00e1r\u00f3 \u00fcdv\u00f6zl\u00e9si form\u00e1kat, k\u00f6vess\u00e9k az udvarias t\u00e1vols\u00e1gtart\u00e1s szab\u00e1lyait!<\/p>\n<p style=\"padding-left: 40px;\">5. \u00d3vjuk id\u0151sebb hozz\u00e1tartoz\u00f3inkat: a vel\u00fck val\u00f3 tal\u00e1lkoz\u00e1skor szint\u00e9n a legal\u00e1bb 2 m t\u00e1vols\u00e1g tart\u00e1sa \u00e9s a maszk visel\u00e9se a k\u00edv\u00e1nt magatart\u00e1sforma.<\/p>\n<p style=\"padding-left: 40px;\">6. Az \u00e1ltal\u00e1nos higi\u00e9niai norm\u00e1kon t\u00fal ford\u00edtsanak kiemelt figyelmet a rendszeres, \u00f3r\u00e1nk\u00e9nti k\u00e9zfert\u0151tlen\u00edt\u00e9sre, <a href=\"https:\/\/youtu.be\/uX4NTG8KEvo\"><strong>a helyes technik\u00e1j\u00fa Semmelweis-k\u00e9zmos\u00e1sra<\/strong><\/a>. Az alkoholos k\u00e9zfert\u0151tlen\u00edt\u00e9st az egyetem saj\u00e1t \u00e9p\u00fcleteiben folyamatosan biztos\u00edtja.<\/p>\n<p style=\"padding-left: 40px;\">7. Felh\u00edvjuk a hallgat\u00f3k figyelm\u00e9t, hogy lehet\u0151s\u00e9g szerint seg\u00edts\u00e9k a j\u00e1rv\u00e1ny elleni v\u00e9dekez\u00e9st azzal, hogy szabadidej\u00fckben \u00f6nk\u00e9ntes munk\u00e1t v\u00e1llalnak a Semmelweis Egyetem klinik\u00e1in, szakk\u00e9pz\u0151- \u00e9s k\u00f6znevel\u00e9si int\u00e9zm\u00e9nyeiben, illetve r\u00e9szt vesznek a koronav\u00edrus PCR-sz\u0171r\u00e9sek elv\u00e9gz\u00e9s\u00e9ben a Hallgat\u00f3i \u00d6nkorm\u00e1nyzat \u00e1ltal szervezett sz\u0171r\u0151pontokon \u2013 ezzel is seg\u00edtve hivat\u00e1sukhoz sz\u00fcks\u00e9ges gyakorlatuk teljes\u00edt\u00e9s\u00e9t.<\/p>\n<p><strong>A fenti pontok betart\u00e1sa el\u0151seg\u00edti, hogy a Semmelweis Egyetemen a munkav\u00e9gz\u00e9s \u00e9s az oktat\u00e1s a j\u00e1rv\u00e1ny\u00fcgyi k\u00f6r\u00fclm\u00e9nyekhez igazodva tov\u00e1bbra is a lehet\u0151 legmagasabb szinten, t\u00f6retlen\u00fcl folyhasson.<\/strong><\/p>\n<p>&nbsp;<\/p>\n<table class=\"plain\" style=\"width: 100%;\">\n<tbody>\n<tr>\n<td style=\"width: 33%; text-align: center; vertical-align: top;\">\n<p><span style=\"font-size: 15pt;\"><strong>Prof. Dr. Merkely B\u00e9la<br \/><\/strong>Rektor<strong><br \/><\/strong><\/span><\/p>\n<\/td>\n<td style=\"width: 33%; text-align: center;\">\n<p><span style=\"font-size: 15pt;\"><strong>Baumgartnern\u00e9 Holl\u00f3 Ir\u00e9n<br \/><\/strong>Kancell\u00e1rhelyettes<strong><br \/><\/strong><\/span><\/p>\n<\/td>\n<td style=\"width: 34%; text-align: center; vertical-align: top;\">\n<p><span style=\"font-size: 15pt;\"><strong>Tripolszky B\u00e1lint<br \/><\/strong>H\u00d6K eln\u00f6k<strong><br \/><\/strong><\/span><\/p>\n<\/td>\n<\/tr>\n<\/tbody>\n<\/table>\n<p><span style=\"font-size: 18pt;\"><em>Az al\u00e1bbiakban csatlakozom a kezdem\u00e9nyez\u00e9shez, \u00e9s \u00f6nk\u00e9ntes alapon v\u00e1llalom a Semmelweis Egyetem J\u00e1rv\u00e1ny\u00fcgyi Etikai Ir\u00e1nymutat\u00e1s\u00e1nak betart\u00e1s\u00e1t annak \u00e9rdek\u00e9ben, hogy folyamatosan fenntarthat\u00f3 legyen az egyetem oktat\u00e1si, kutat\u00e1si, gy\u00f3gy\u00edt\u00e1si tev\u00e9kenys\u00e9ge.<\/em><\/span><\/p>\n","protected":false},"excerpt":{"rendered":"<p>Budapest, 2020. szeptember 17. J\u00c1RV\u00c1NY\u00dcGYI ETIKAI IR\u00c1NYMUTAT\u00c1S A SEMMELWEIS EGYETEM POLG\u00c1RAI SZ\u00c1M\u00c1RA Jelen etikai k\u00f3dex c\u00e9lja, hogy a k\u00f6telez\u0151 jelleg\u0171 korm\u00e1ny- \u00e9s f\u0151v\u00e1rosi rendeleteken, valamint a Semmelweis Egyetemen \u00e9rv\u00e9nyben l\u00e9v\u0151 rektori \u00e9s kancell\u00e1ri utas\u00edt\u00e1sokon t\u00fal ir\u00e1nyt mutasson a Semmelweis Egyetem hallgat\u00f3inak \u00e9s munkat\u00e1rsainak a COVID-19 j\u00e1rv\u00e1ny id\u0151szak\u00e1ban. Az al\u00e1bbi \u00a0magatart\u00e1sform\u00e1k el\u0151seg\u00edtik, a pand\u00e9mia megf\u00e9kez\u00e9s\u00e9t, valamint &hellip;<\/p>\n","protected":false},"author":12,"featured_media":0,"parent":9,"menu_order":8,"comment_status":"closed","ping_status":"closed","template":"","meta":{"_acf_changed":false,"footnotes":""},"categories":[],"tags":[],"class_list":["post-1190","page","type-page","status-publish","hentry"],"acf":[],"_links":{"self":[{"href":"https:\/\/semmelweis.hu\/koronavirus\/wp-json\/wp\/v2\/pages\/1190","targetHints":{"allow":["GET"]}}],"collection":[{"href":"https:\/\/semmelweis.hu\/koronavirus\/wp-json\/wp\/v2\/pages"}],"about":[{"href":"https:\/\/semmelweis.hu\/koronavirus\/wp-json\/wp\/v2\/types\/page"}],"author":[{"embeddable":true,"href":"https:\/\/semmelweis.hu\/koronavirus\/wp-json\/wp\/v2\/users\/12"}],"replies":[{"embeddable":true,"href":"https:\/\/semmelweis.hu\/koronavirus\/wp-json\/wp\/v2\/comments?post=1190"}],"version-history":[{"count":10,"href":"https:\/\/semmelweis.hu\/koronavirus\/wp-json\/wp\/v2\/pages\/1190\/revisions"}],"predecessor-version":[{"id":1423,"href":"https:\/\/semmelweis.hu\/koronavirus\/wp-json\/wp\/v2\/pages\/1190\/revisions\/1423"}],"up":[{"embeddable":true,"href":"https:\/\/semmelweis.hu\/koronavirus\/wp-json\/wp\/v2\/pages\/9"}],"wp:attachment":[{"href":"https:\/\/semmelweis.hu\/koronavirus\/wp-json\/wp\/v2\/media?parent=1190"}],"wp:term":[{"taxonomy":"category","embeddable":true,"href":"https:\/\/semmelweis.hu\/koronavirus\/wp-json\/wp\/v2\/categories?post=1190"},{"taxonomy":"post_tag","embeddable":true,"href":"https:\/\/semmelweis.hu\/koronavirus\/wp-json\/wp\/v2\/tags?post=1190"}],"curies":[{"name":"wp","href":"https:\/\/api.w.org\/{rel}","templated":true}]}}