{"id":1149,"date":"2020-09-14T16:12:16","date_gmt":"2020-09-14T14:12:16","guid":{"rendered":"https:\/\/semmelweis.hu\/koronavirus\/?page_id=1149"},"modified":"2023-10-31T17:08:34","modified_gmt":"2023-10-31T16:08:34","slug":"altalanos-informaciok-a-covid-19-megbetegedesrol","status":"publish","type":"page","link":"https:\/\/semmelweis.hu\/koronavirus\/mit-tehetunk\/altalanos-informaciok-a-covid-19-megbetegedesrol\/","title":{"rendered":"\u00c1ltal\u00e1nos inform\u00e1ci\u00f3k a COVID-19 megbeteged\u00e9sr\u0151l"},"content":{"rendered":"<p><strong>K\u00f6zz\u00e9t\u00e9ve: 2020. szeptember 15.<\/strong><\/p>\n<ul>\n<li><a href=\"https:\/\/semmelweis.hu\/koronavirus\/mit-tehetunk\/covid-19-elleni-vedooltasok-a-semmelweis-egyetemen\/\"><strong>Inform\u00e1ci\u00f3k a COVID-19 elleni v\u00e9d\u0151olt\u00e1sokr\u00f3l a Semmelweis Egyetemen<\/strong><\/a><\/li>\n<li><a href=\"https:\/\/semmelweis.hu\/klinikaikozpont\/gyik-covid-pcr\/\" target=\"_blank\" rel=\"noopener noreferrer\"><strong>Gyakori k\u00e9rd\u00e9sek a COVID-19 mintav\u00e9tellel \u00e9s fert\u0151z\u00e9ssel kapcsolatban<\/strong><\/a><\/li>\n<\/ul>\n<p><span style=\"font-size: 18pt\"><strong>Hogyan v\u00e9dekezhetek a fert\u0151z\u00e9ssel szemben?<\/strong><\/span><\/p>\n<ul style=\"list-style-type: disc\">\n<li>Otthon\u00e1t\u00f3l t\u00e1vol, z\u00e1rt terekben, vagy ahol t\u00f6bb emberrel is tal\u00e1lkozhat, viseljen t\u00f6bbr\u00e9teg\u0171, orrot \u00e9s sz\u00e1jat is takar\u00f3, moshat\u00f3 textilmaszkot!<a href=\"https:\/\/semmelweis.hu\/koronavirus\/mit-tehetunk\/utmutato-a-hazilag-elkeszitheto-arcmaszkokhoz\/\" target=\"_blank\" rel=\"noopener noreferrer\"> Az arcmaszkok h\u00e1zi k\u00e9sz\u00edt\u00e9s\u00e9r\u0151l sz\u00f3l\u00f3 \u00fatmutat\u00f3nk ezen a linken \u00e9rhet\u0151 el \u2192<\/a><\/li>\n<li>Tartson t\u00e1vols\u00e1got m\u00e1sokt\u00f3l (a vel\u00fcnk egy h\u00e1ztart\u00e1sban \u00e9l\u0151ket lesz\u00e1m\u00edtva udvarias t\u00e1vols\u00e1gtart\u00e1s), ker\u00fclje a nagy l\u00e9tsz\u00e1m\u00fa rendezv\u00e9nyeket, ahol szoros kontaktusba ker\u00fclhet m\u00e1sokkal!<\/li>\n<li>Mosson kezet rendszeresen \u00e9s alaposan, legal\u00e1bb 30-40 m\u00e1sodpercig szappannal \u00e9s foly\u00f3v\u00edzzel, vagy tiszt\u00edtsa meg kez\u00e9t alkoholos k\u00e9zfert\u0151tlen\u00edt\u0151vel! Minden olyan esetben, ahol t\u00f6bb emberrel tal\u00e1lkozhat, vagy ahol t\u00f6bb ember is megfordul (pl. munkahelyen, iskol\u00e1ban, \u00fczletekben, vagy utaz\u00e1s alkalm\u00e1val) \u00e9rdemes f\u00e9l \u00f3r\u00e1nk\u00e9nt kezet mosni, kezet fert\u0151tlen\u00edteni! Szint\u00e9n mosson, fert\u0151tlen\u00edtsen kezet azonnal, miut\u00e1n be\u00e9rt a munkahelyre vagy haza\u00e9rt, tov\u00e1bb\u00e1 \u00e9tkez\u00e9sek el\u0151tt, t\u00fcsszent\u00e9s, k\u00f6h\u00f6g\u00e9s, vagy orrf\u00faj\u00e1s ut\u00e1n, betegekkel val\u00f3 \u00e9rintkez\u00e9s el\u0151tt \u00e9s ut\u00e1n!\u00a0<\/li>\n<\/ul>\n<p><a href=\"https:\/\/youtu.be\/uX4NTG8KEvo\" target=\"_blank\" rel=\"noopener noreferrer\">A helyes k\u00e9zmos\u00e1st bemutat\u00f3 vide\u00f3nk ezen a linken \u00e9rhet\u0151 el \u2192<\/a><\/p>\n<ul>\n<li>Szemhez, sz\u00e1jhoz, archoz csak k\u00e9zmos\u00e1s ut\u00e1n ny\u00faljon!<\/li>\n<li>Szell\u0151ztessen rendszeresen!<\/li>\n<li>Otthon\u00e1ban rendszeresen tiszt\u00edtsa a gyakran meg\u00e9rintett fel\u00fcleteket (pl.: asztalok, kilincsek, kapcsol\u00f3k, WC-k, csapok, mosogat\u00f3k, t\u00e1vir\u00e1ny\u00edt\u00f3k, mobiltelefonok)!<\/li>\n<li>A fert\u0151z\u00e9snek kitett text\u00edli\u00e1k mos\u00e1sa minimum 60 \u00b0C-on aj\u00e1nlott!<\/li>\n<li>A gyermekek \u00e1ltal haszn\u00e1lt j\u00e1t\u00e9kok, eszk\u00f6z\u00f6k napi fert\u0151tlen\u00edt\u0151 tiszt\u00edt\u00e1sa javasolt!<\/li>\n<li>Ker\u00fclje az olyan z\u00e1rt l\u00e9gter\u0171 helyis\u00e9geket, ahol nagy a t\u00f6meg!<\/li>\n<li>Lehet\u0151s\u00e9g szerint cs\u00f6kkentse, vagy z\u00e1rja ki a beteg (gasztroenterol\u00f3giai, vagy fels\u0151l\u00e9g\u00fati t\u00fcneteket mutat\u00f3) emberekkel val\u00f3 tal\u00e1lkoz\u00e1st!<\/li>\n<\/ul>\n<p><span style=\"font-size: 18pt\"><strong>Hogyan vigy\u00e1zhatok a k\u00f6rnyezetemre?<\/strong><\/span><\/p>\n<p>Betegen ne menjen be a munkahelyre, ne engedje gyermek\u00e9t k\u00f6z\u00f6ss\u00e9gbe (\u00f3vod\u00e1ba, iskol\u00e1ba)! K\u00f6h\u00f6g\u00e9skor, t\u00fcsszent\u00e9skor haszn\u00e1ljon pap\u00edrzsebkend\u0151t, amit haszn\u00e1lat ut\u00e1n azonnal dobjon el! Amennyiben erre nincs lehet\u0151s\u00e9ge, ne a kez\u00e9be k\u00f6h\u00f6gj\u00f6n, t\u00fcsszentsen, hanem k\u00f6zelr\u0151l a behajl\u00edtott kar k\u00f6ny\u00f6khajlat\u00e1ba! Viseljen maszkot \u00e9s tartson udvarias (1,5-2 m\u00e9ter) t\u00e1vols\u00e1got m\u00e1sokt\u00f3l!<\/p>\n<ul>\n<li>Amennyiben \u00d6n beteg, tartson t\u00e1vols\u00e1got m\u00e1sokt\u00f3l!\n<ul>\n<li>Tart\u00f3zkodjon a m\u00e1sokkal t\u00f6rt\u00e9n\u0151 szoros fizikai \u00e9rintkez\u00e9st\u0151l!<\/li>\n<li>Lehet\u0151leg haszn\u00e1ljon k\u00fcl\u00f6n WC-t \u00e9s mosd\u00f3t, ha ez nem megoldhat\u00f3, minden haszn\u00e1lat ut\u00e1n javasolt a fert\u0151tlen\u00edt\u00e9s!<\/li>\n<li>Haszn\u00e1ljon k\u00fcl\u00f6n \u00e9tk\u00e9szletet!<\/li>\n<li>Haszn\u00e1ljon k\u00fcl\u00f6n t\u00f6r\u00fclk\u00f6z\u0151t!<\/li>\n<\/ul>\n<\/li>\n<\/ul>\n<p><span style=\"font-size: 18pt\"><strong>Melyek a leggyakoribb t\u00fcnetek?<\/strong><\/span><\/p>\n<p>A fels\u0151l\u00e9g\u00fati t\u00fcnetek (torokf\u00e1j\u00e1s, sz\u00e1raz k\u00f6h\u00f6g\u00e9s) megjelen\u00e9s\u00e9t gyakran gasztroenterol\u00f3giai t\u00fcnetek (h\u00e1nyinger, hasmen\u00e9s) el\u0151zik meg. Jellemz\u0151 t\u00fcnet m\u00e9g a l\u00e1zas, levert \u00e1llapot, az izomf\u00e1jdalom, valamint a szag- \u00e9s \u00edzveszt\u00e9s, fejf\u00e1j\u00e1s, l\u00e9gszomj. Amennyiben a fenti t\u00fcnetek b\u00e1rmelyik kombin\u00e1ci\u00f3j\u00e1t \u00e9szleli mag\u00e1n, vegye fel a kapcsolatot telefonon a h\u00e1ziorvos\u00e1val.<\/p>\n<p><span style=\"font-size: 18pt\"><strong>Mi a teend\u0151 a t\u00fcnetek \u00e9szlel\u00e9sekor?\u00a0<\/strong><\/span><\/p>\n<p><a href=\"https:\/\/semmelweis.hu\/klinikaikozpont\/covid-pcr-teszt\/gyik-covid-pcr\/\">Tov\u00e1bb a Klinikai K\u00f6zpont t\u00e1j\u00e9koztat\u00f3 fel\u00fclet\u00e9re \u2192<\/a><\/p>\n<p><span style=\"font-size: 18pt\"><strong>Fert\u0151z\u0151k\u00e9pess\u00e9g<\/strong><\/span><\/p>\n<p>A beteg a t\u00fcnetek megjelen\u00e9se el\u0151tt, tov\u00e1bb\u00e1 a PCR-teszt pozit\u00edvv\u00e1 v\u00e1l\u00e1sa el\u0151tt p\u00e1r nappal m\u00e1r fert\u0151z\u0151k\u00e9pes lehet \u00e9s maga a fert\u0151z\u00e9s is csak ez ut\u00e1n mutathat\u00f3 ki. A megfert\u0151z\u00f6tt szem\u00e9lyb\u0151l a fert\u0151z\u0151d\u00e9s\/kontaktus ut\u00e1ni 5. \u00e9s 7. nap k\u00f6z\u00f6tt lehet nagy biztons\u00e1ggal kimutatni a v\u00edrust.<\/p>\n<p><span style=\"font-size: 18pt\"><strong>Kock\u00e1zatok<\/strong><\/span><\/p>\n<p><a href=\"https:\/\/semmelweis.hu\/klinikaikozpont\/covid-pcr-teszt\/gyik-covid-pcr\/\">Tov\u00e1bb a Klinikai K\u00f6zpont t\u00e1j\u00e9koztat\u00f3 fel\u00fclet\u00e9re \u2192<\/a>\u00a0 \u00a0 \u00a0 \u00a0 \u00a0 \u00a0 \u00a0 \u00a0 \u00a0 \u00a0\u00a0<\/p>\n<p><span style=\"font-size: 18pt\"><strong>Milyen vizsg\u00e1lat mutatja ki, hogy \u00e1testem-e m\u00e1r a fert\u0151z\u00e9sen?<\/strong><\/span><\/p>\n<p>Szerol\u00f3giai, vagyis v\u00e9rvizsg\u00e1lat sz\u00fcks\u00e9ges ahhoz, hogy meg\u00e1llap\u00edthat\u00f3 legyen \u00e1tesett-e m\u00e1r valaki kor\u00e1bban &#8211; ak\u00e1r t\u00fcnetek n\u00e9lk\u00fcl &#8211; a fert\u0151z\u00e9sen.<\/p>\n<div id=\"GroupWiseSection_1610696791000_kovacs.eszter@semmelweis-univ.hu_79AE05810C1E0000A8B8FDB1764A2942_\" class=\"GroupWiseMessageBody active\">\n<p><span style=\"font-size: 18pt\"><strong>Hogyan lehets\u00e9ges a COVID-19 ellenes antitestek kimutat\u00e1sa?<\/strong><\/span><\/p>\n<p>A COVID-ot okoz\u00f3 v\u00edrus elleni ellenanyagok (antitestek) kimutat\u00e1sa seg\u00edt abban, hogy el lehessen d\u00f6nteni, valaki \u00e1tesett-e a fert\u0151z\u00e9sen. Fontos azonban tudni azt, hogy a v\u00edrus elleni antitestek sokf\u00e9l\u00e9k \u00e9s a v\u00edrus elt\u00e9r\u0151 r\u00e9szei ellen hatnak. A kereskedelmi forgalomban lev\u0151 kitek elt\u00e9r\u0151 antitesteket mutatnak ki a v\u00e9rb\u0151l, ez\u00e9rt sokszor a vel\u00fck kapott eredm\u00e9nyek is elt\u00e9r\u0151k. Ennek k\u00fcl\u00f6n\u00f6sen a Pfizer \u00e9s a Moderna olt\u00e1s kapcs\u00e1n van jelent\u0151s\u00e9ge. Az olt\u00e1s hat\u00e1sak\u00e9nt a v\u00edrus S-feh\u00e9rj\u00e9je ellen termel\u0151dnek antitestek. A Magyarorsz\u00e1gon eddig haszn\u00e1lt tesztek jelent\u0151s r\u00e9sze viszont nem (els\u0151sorban) az S-feh\u00e9rje elleni antitesteket detekt\u00e1lja, ez\u00e9rt lehet, hogy valakin\u00e9l az olt\u00e1s ut\u00e1n sem lehet ezekkel antitestet kimutatni. Ehhez S-feh\u00e9rje elleni antitestet kimutat\u00f3 reagenst kell haszn\u00e1lni.<\/p>\n<p><strong>\u00d6sszefoglalva:<\/strong> a kor\u00e1bbi reagensek alkalmasak arra, hogy a val\u00f3di COVID-fert\u0151z\u00f6tts\u00e9get igazolj\u00e1k. A Pfizer \u00e9s a Moderna olt\u00e1s hat\u00e9konys\u00e1g\u00e1t viszont \u00fajabb, az S-feh\u00e9rje elleni antitesteket detekt\u00e1l\u00f3 reagensekkel kell tesztelni.<\/p>\n<\/div>\n<p><span style=\"font-size: 18pt\"><strong>Milyen vizsg\u00e1lat mutatja ki, hogy koronav\u00edrusos vagyok-e?<\/strong><\/span><\/p>\n<p>Az \u00fan. PCR-mintav\u00e9tel a ma ismert legt\u00e9vedhetetlenebb m\u00f3dja a fert\u0151z\u00e9s kisz\u0171r\u00e9s\u00e9nek, ugyanis ez a teszt k\u00e9pes kimutatni a v\u00edrus \u00f6r\u00f6k\u00edt\u0151anyag\u00e1t.<\/p>\n<p><span style=\"font-size: 18pt\"><strong>Mi az a PCR-vizsg\u00e1lat?<\/strong><\/span><\/p>\n<p>A PCR-mintav\u00e9tel k\u00e9pes kimutatni a v\u00edrus \u00f6r\u00f6k\u00edt\u0151anyag\u00e1t. Ennek sor\u00e1n a p\u00e1ciens l\u00e9g\u00fati (garat \u00e9s orr) v\u00e1lad\u00e9k\u00e1b\u00f3l mintav\u00e9teli p\u00e1lc\u00e1val k\u00e9pzett szakemberek mint\u00e1t vesznek, azt speci\u00e1lis cs\u0151be teszik, \u00e9s genetikai vizsg\u00e1latokkal mutatj\u00e1k ki a v\u00edrus jelenl\u00e9t\u00e9t. A folyamat p\u00e1r m\u00e1sodperces kellemetlens\u00e9ggel j\u00e1r, de nem okoz f\u00e1jdalmat. Fontos, hogy a mintav\u00e9telt csak erre k\u00e9pzett szakember v\u00e9gezze el, \u00f6nmagunknak nem tudjuk levenni a sz\u00fcks\u00e9ges mint\u00e1t!<\/p>\n<p><a href=\"https:\/\/www.youtube.com\/watch?v=x0R4RGKtckE\" target=\"_blank\" rel=\"noopener noreferrer\">A mintav\u00e9tellel kapcsolatosan tavasszal \u00edgy nyilatkoztak az orsz\u00e1gos, reprezentat\u00edv koronav\u00edrus vizsg\u00e1lat r\u00e9sztvev\u0151i \u2192<\/a><\/p>\n<p><span style=\"font-size: 18pt\"><strong>Mire figyeljek PCR-vizsg\u00e1lat el\u0151tt?<\/strong><\/span><\/p>\n<p>A sz\u0171r\u00e9s el\u0151tti 2 \u00f3r\u00e1val m\u00e1r ne egyen, ne mosson fogat, de vizet m\u00e9g k\u00f6zvetlen\u00fcl a vizsg\u00e1lat el\u0151tt is ihat.<\/p>\n<p><span style=\"font-size: 18pt\"><strong>Mikor \u00e9rdemes PCR-mintav\u00e9telt k\u00e9sz\u00edttetni?<\/strong><\/span><\/p>\n<ul>\n<li>Ha \u00d6n szoros kapcsolatba ker\u00fclt igazolt COVID-19 fert\u0151z\u00f6ttel (l\u00e1sd fentebb: magas kock\u00e1zat\u00fa \u00e9rintkez\u00e9s)<\/li>\n<li>Amennyiben gasztroenterol\u00f3giai t\u00fcnetek ut\u00e1n fels\u0151l\u00e9g\u00fati t\u00fcnetek jelentkeznek \u00d6nn\u00e9l.<\/li>\n<li>Szag- \u00e9s \u00edzveszt\u00e9s eset\u00e9n, amennyiben l\u00e1zas, vagy a gasztroenterol\u00f3giai\/fels\u0151l\u00e9g\u00fati t\u00fcnetek is megjelennek.<\/li>\n<li>L\u00e1zas, levert, rohamosan roml\u00f3 \u00e1llapot eset\u00e9n.<\/li>\n<\/ul>\n<p><span style=\"font-size: 18pt\"><strong>Hol k\u00e9rhetem a PCR vizsg\u00e1latot? Mire \u00e9rdemes figyelni a fizet\u0151s szolg\u00e1ltat\u00e1sok kiv\u00e1laszt\u00e1sakor?<\/strong><\/span><\/p>\n<p>Olyan mintavev\u0151 helyet \u00e9rdemes v\u00e1lasztani, ahol k\u00e9pzett szakemberek v\u00e9gzik a vizsg\u00e1latot \u00e9s szakk\u00e9pzett szem\u00e9lyzet veszi le a mint\u00e1t. A Semmelweis Egyetemen is el\u00e9rhet\u0151 a t\u00e9r\u00edt\u00e9ses szolg\u00e1ltat\u00e1s.<\/p>\n<p><a href=\"https:\/\/semmelweis.hu\/klinikaikozpont\/covid-pcr-teszt\/gyik-covid-pcr\/\">Tov\u00e1bb a PCR-mintav\u00e9tellel kapcsolatos r\u00e9szletes t\u00e1j\u00e9koztat\u00f3ra \u2192<\/a><\/p>\n<p><span style=\"font-size: 18pt\"><strong>Koronav\u00edrusos beteg otthon\u00e1pol\u00e1sa<\/strong><\/span><\/p>\n<ul>\n<li><a href=\"https:\/\/semmelweis.hu\/hirek\/2020\/03\/31\/utmutato-a-koronavirusos-betegek-otthoni-apolasa\/\" target=\"_blank\" rel=\"noopener noreferrer\">Tavasszal publik\u00e1lt aj\u00e1nl\u00e1sunk itt \u00e9rhet\u0151 el \u2192<\/a><\/li>\n<li><a href=\"https:\/\/semmelweis.hu\/korhazhigiene\/files\/2020\/03\/COVID-19_otthoni-elk%C3%BCl%C3%B6n%C3%ADt%C3%A9s_2020-03-05_MAGYAR.pdf\" target=\"_blank\" rel=\"noopener noreferrer\">T\u00e1j\u00e9koztat\u00f3nk az otthon\u00e1ban val\u00f3 elk\u00fcl\u00f6n\u00edt\u00e9sr\u0151l el\u00e9rhet\u0151 a linkre kattintva (pdf) \u2192\u00a0<\/a><\/li>\n<\/ul>\n<p>Tov\u00e1bbi inform\u00e1ci\u00f3: <a href=\"https:\/\/koronavirus.gov.hu\/\">https:\/\/koronavirus.gov.hu\/<\/a><\/p>\n","protected":false},"excerpt":{"rendered":"<p>K\u00f6zz\u00e9t\u00e9ve: 2020. szeptember 15. <a href=\"https:\/\/semmelweis.hu\/koronavirus\/mit-tehetunk\/covid-19-elleni-vedooltasok-a-semmelweis-egyetemen\/\">Inform\u00e1ci\u00f3k a COVID-19 elleni v\u00e9d\u0151olt\u00e1sokr\u00f3l a Semmelweis Egyetemen<\/a> <a href=\"https:\/\/semmelweis.hu\/klinikaikozpont\/gyik-covid-pcr\/\" target=\"_blank\" rel=\"noopener noreferrer\">Gyakori k\u00e9rd\u00e9sek a COVID-19 mintav\u00e9tellel \u00e9s fert\u0151z\u00e9ssel kapcsolatban<\/a> Hogyan v\u00e9dekezhetek a fert\u0151z\u00e9ssel szemben? Otthon\u00e1t\u00f3l t\u00e1vol, z\u00e1rt terekben, vagy ahol t\u00f6bb emberrel is tal\u00e1lkozhat, viseljen t\u00f6bbr\u00e9teg\u0171, orrot \u00e9s sz\u00e1jat is takar\u00f3, moshat\u00f3 textilmaszkot! <a href=\"https:\/\/semmelweis.hu\/koronavirus\/mit-tehetunk\/utmutato-a-hazilag-elkeszitheto-arcmaszkokhoz\/\" target=\"_blank\" rel=\"noopener noreferrer\"> Az arcmaszkok h\u00e1zi k\u00e9sz\u00edt\u00e9s\u00e9r\u0151l sz\u00f3l\u00f3 \u00fatmutat\u00f3nk ezen a linken \u00e9rhet\u0151 el \u2192<\/a> Tartson t\u00e1vols\u00e1got m\u00e1sokt\u00f3l (a vel\u00fcnk egy h\u00e1ztart\u00e1sban \u00e9l\u0151ket lesz\u00e1m\u00edtva udvarias t\u00e1vols\u00e1gtart\u00e1s), ker\u00fclje a nagy l\u00e9tsz\u00e1m\u00fa rendezv\u00e9nyeket, ahol szoros kontaktusba ker\u00fclhet m\u00e1sokkal! Mosson kezet rendszeresen \u00e9s alaposan, legal\u00e1bb &hellip;<\/p>\n","protected":false},"author":101751,"featured_media":1160,"parent":9,"menu_order":1,"comment_status":"closed","ping_status":"closed","template":"","meta":{"_acf_changed":false,"footnotes":""},"categories":[],"tags":[],"class_list":["post-1149","page","type-page","status-publish","has-post-thumbnail","hentry"],"acf":[],"_links":{"self":[{"href":"https:\/\/semmelweis.hu\/koronavirus\/wp-json\/wp\/v2\/pages\/1149","targetHints":{"allow":["GET"]}}],"collection":[{"href":"https:\/\/semmelweis.hu\/koronavirus\/wp-json\/wp\/v2\/pages"}],"about":[{"href":"https:\/\/semmelweis.hu\/koronavirus\/wp-json\/wp\/v2\/types\/page"}],"author":[{"embeddable":true,"href":"https:\/\/semmelweis.hu\/koronavirus\/wp-json\/wp\/v2\/users\/101751"}],"replies":[{"embeddable":true,"href":"https:\/\/semmelweis.hu\/koronavirus\/wp-json\/wp\/v2\/comments?post=1149"}],"version-history":[{"count":12,"href":"https:\/\/semmelweis.hu\/koronavirus\/wp-json\/wp\/v2\/pages\/1149\/revisions"}],"predecessor-version":[{"id":2067,"href":"https:\/\/semmelweis.hu\/koronavirus\/wp-json\/wp\/v2\/pages\/1149\/revisions\/2067"}],"up":[{"embeddable":true,"href":"https:\/\/semmelweis.hu\/koronavirus\/wp-json\/wp\/v2\/pages\/9"}],"wp:featuredmedia":[{"embeddable":true,"href":"https:\/\/semmelweis.hu\/koronavirus\/wp-json\/wp\/v2\/media\/1160"}],"wp:attachment":[{"href":"https:\/\/semmelweis.hu\/koronavirus\/wp-json\/wp\/v2\/media?parent=1149"}],"wp:term":[{"taxonomy":"category","embeddable":true,"href":"https:\/\/semmelweis.hu\/koronavirus\/wp-json\/wp\/v2\/categories?post=1149"},{"taxonomy":"post_tag","embeddable":true,"href":"https:\/\/semmelweis.hu\/koronavirus\/wp-json\/wp\/v2\/tags?post=1149"}],"curies":[{"name":"wp","href":"https:\/\/api.w.org\/{rel}","templated":true}]}}