{"id":45,"date":"2012-06-19T15:14:26","date_gmt":"2012-06-19T15:14:26","guid":{"rendered":"http:\/\/semmelweis-egyetem.hu\/korhazhigiene\/?page_id=45"},"modified":"2025-08-06T07:40:11","modified_gmt":"2025-08-06T05:40:11","slug":"mikrobiologia-es-infekciokontroll","status":"publish","type":"page","link":"https:\/\/semmelweis.hu\/korhazhigiene\/mikrobiologia-es-infekciokontroll\/","title":{"rendered":"Mikrobiol\u00f3gia \u00e9s infekci\u00f3kontroll"},"content":{"rendered":"<p style=\"text-align: justify\">Az infekci\u00f3kontroll tev\u00e9kenys\u00e9g v\u00e9gz\u00e9s\u00e9t nagym\u00e9rt\u00e9kben el\u0151seg\u00edti a mikrobiol\u00f3giai laborat\u00f3rium. Ezen az oldalon a mikrobiol\u00f3giai mintav\u00e9telez\u00e9s helyes kivitelez\u00e9s\u00e9hez, a leletek min\u00e9l pontosabb \u00e9rtelmez\u00e9s\u00e9hez tal\u00e1l seg\u00edts\u00e9get.<\/p>\n<p style=\"text-align: justify\">Bevezet\u0151 el\u0151ad\u00e1s &#8211; A mikrobiol\u00f3giai diagnosztika folyamata, felt\u00e9telei \u00e9s a leletek \u00e9rtelmez\u00e9se <a href=\"https:\/\/semmelweis.hu\/korhazhigiene\/files\/2012\/06\/bevezeto.pdf\">&gt;&gt;<\/a><br \/>\nA mikrobiol\u00f3giai mintav\u00e9tel szab\u00e1lyai <a href=\"https:\/\/semmelweis.hu\/korhazhigiene\/files\/2012\/06\/mintavetel.pdf\">&gt;&gt;<\/a><br \/>\nAntibiotikum \u00e9rz\u00e9kenys\u00e9g \u00e9s rezisztencia <a href=\"https:\/\/semmelweis.hu\/korhazhigiene\/files\/2012\/06\/rezisztencia.pdf\">&gt;&gt;<\/a><br \/>\nMikrobiol\u00f3giai lelet\u00e9rtelmez\u00e9s<br \/>\nMikrobiol\u00f3giai r\u00e9szv\u00e9telre alapozott infekci\u00f3kontroll <a href=\"https:\/\/semmelweis.hu\/korhazhigiene\/files\/2012\/06\/infekciokontroll.pdf\">&gt;&gt;<\/a><br \/>\nMikrobiol\u00f3giai adatok elemz\u00e9se <a href=\"https:\/\/semmelweis.hu\/korhazhigiene\/files\/2012\/06\/adatelemzes.pdf\">&gt;&gt;<\/a><\/p>\n<p style=\"text-align: justify\">\u00a0<\/p>\n","protected":false},"excerpt":{"rendered":"<p>Az infekci\u00f3kontroll tev\u00e9kenys\u00e9g v\u00e9gz\u00e9s\u00e9t nagym\u00e9rt\u00e9kben el\u0151seg\u00edti a mikrobiol\u00f3giai laborat\u00f3rium. Ezen az oldalon a mikrobiol\u00f3giai mintav\u00e9telez\u00e9s helyes kivitelez\u00e9s\u00e9hez, a leletek min\u00e9l pontosabb \u00e9rtelmez\u00e9s\u00e9hez tal\u00e1l seg\u00edts\u00e9get. Bevezet\u0151 el\u0151ad\u00e1s &#8211; A mikrobiol\u00f3giai diagnosztika folyamata, felt\u00e9telei \u00e9s a leletek \u00e9rtelmez\u00e9se <a href=\"https:\/\/semmelweis.hu\/korhazhigiene\/files\/2012\/06\/bevezeto.pdf\">&gt;&gt;<\/a> A mikrobiol\u00f3giai mintav\u00e9tel szab\u00e1lyai <a href=\"https:\/\/semmelweis.hu\/korhazhigiene\/files\/2012\/06\/mintavetel.pdf\">&gt;&gt;<\/a> Antibiotikum \u00e9rz\u00e9kenys\u00e9g \u00e9s rezisztencia <a href=\"https:\/\/semmelweis.hu\/korhazhigiene\/files\/2012\/06\/rezisztencia.pdf\">&gt;&gt;<\/a> Mikrobiol\u00f3giai lelet\u00e9rtelmez\u00e9s Mikrobiol\u00f3giai r\u00e9szv\u00e9telre alapozott infekci\u00f3kontroll <a href=\"https:\/\/semmelweis.hu\/korhazhigiene\/files\/2012\/06\/infekciokontroll.pdf\">&gt;&gt;<\/a> Mikrobiol\u00f3giai adatok elemz\u00e9se <a href=\"https:\/\/semmelweis.hu\/korhazhigiene\/files\/2012\/06\/adatelemzes.pdf\">&gt;&gt;<\/a> &hellip;<\/p>\n","protected":false},"author":100,"featured_media":0,"parent":0,"menu_order":5,"comment_status":"open","ping_status":"closed","template":"","meta":{"_acf_changed":false,"footnotes":""},"categories":[],"tags":[],"class_list":["post-45","page","type-page","status-publish","hentry"],"acf":[],"_links":{"self":[{"href":"https:\/\/semmelweis.hu\/korhazhigiene\/wp-json\/wp\/v2\/pages\/45","targetHints":{"allow":["GET"]}}],"collection":[{"href":"https:\/\/semmelweis.hu\/korhazhigiene\/wp-json\/wp\/v2\/pages"}],"about":[{"href":"https:\/\/semmelweis.hu\/korhazhigiene\/wp-json\/wp\/v2\/types\/page"}],"author":[{"embeddable":true,"href":"https:\/\/semmelweis.hu\/korhazhigiene\/wp-json\/wp\/v2\/users\/100"}],"replies":[{"embeddable":true,"href":"https:\/\/semmelweis.hu\/korhazhigiene\/wp-json\/wp\/v2\/comments?post=45"}],"version-history":[{"count":4,"href":"https:\/\/semmelweis.hu\/korhazhigiene\/wp-json\/wp\/v2\/pages\/45\/revisions"}],"predecessor-version":[{"id":1980,"href":"https:\/\/semmelweis.hu\/korhazhigiene\/wp-json\/wp\/v2\/pages\/45\/revisions\/1980"}],"wp:attachment":[{"href":"https:\/\/semmelweis.hu\/korhazhigiene\/wp-json\/wp\/v2\/media?parent=45"}],"wp:term":[{"taxonomy":"category","embeddable":true,"href":"https:\/\/semmelweis.hu\/korhazhigiene\/wp-json\/wp\/v2\/categories?post=45"},{"taxonomy":"post_tag","embeddable":true,"href":"https:\/\/semmelweis.hu\/korhazhigiene\/wp-json\/wp\/v2\/tags?post=45"}],"curies":[{"name":"wp","href":"https:\/\/api.w.org\/{rel}","templated":true}]}}