{"id":2039,"date":"2025-08-14T09:01:20","date_gmt":"2025-08-14T07:01:20","guid":{"rendered":"https:\/\/semmelweis.hu\/korhazhigiene\/?page_id=2039"},"modified":"2025-08-14T09:12:19","modified_gmt":"2025-08-14T07:12:19","slug":"osztalyunk-feladatai","status":"publish","type":"page","link":"https:\/\/semmelweis.hu\/korhazhigiene\/osztalyunk-feladatai\/","title":{"rendered":"Oszt\u00e1lyunk feladatai"},"content":{"rendered":"<h1 style=\"text-align: justify\">A K\u00f3rh\u00e1zhigi\u00e9n\u00e9s oszt\u00e1ly feladatai<\/h1>\n<p style=\"text-align: justify\">\u2013 Az Egyetem klinik\u00e1in foly\u00f3 megel\u0151z\u0151 higi\u00e9n\u00e9s tev\u00e9kenys\u00e9g koordin\u00e1l\u00e1sa, seg\u00edt\u00e9se, ezen a t\u00e9ren kapcsolattart\u00e1s a Klinik\u00e1k \u00e9s a Hat\u00f3s\u00e1g k\u00f6z\u00f6tt<\/p>\n<p style=\"text-align: justify\">\u2013 A nozokomi\u00e1lis surveillance szervez\u00e9se, koordin\u00e1l\u00e1sa<\/p>\n<p style=\"text-align: justify\">\u2013 Rovar- \u00e9s r\u00e1gcs\u00e1l\u00f3 irt\u00e1s<\/p>\n<hr \/>\n<h1 style=\"text-align: justify\">Teend\u0151k<\/h1>\n<p style=\"text-align: justify\">A teend\u0151ket a <a href=\"https:\/\/semmelweis.hu\/korhazhigiene\/altalanos\/hatalyos-jogszabalyok-gyujtemenye\/\"><strong>hat\u00e1lyos jogszab\u00e1lyok<\/strong><\/a> \u00e9s <a href=\"https:\/\/semmelweis.hu\/korhazhigiene\/modszertani-utmutatok-2\/\" target=\"_blank\" rel=\"noopener\"><strong>m\u00f3dszertani \u00fatmutat\u00f3k<\/strong><\/a> \u00edrj\u00e1k el\u0151. Ezekre alapozva k\u00e9sz\u00fclt el az Orsz\u00e1gos K\u00f3rh\u00e1zi F\u0151igazgat\u00f3s\u00e1g \u00fatmutat\u00e1sa szerinti egyetemi <a href=\"https:\/\/semmelweis.hu\/korhazhigiene\/files\/2025\/08\/ICkonyv_OKFO_2025.pdf\" target=\"_blank\" rel=\"noopener\"><strong>Infekci\u00f3kontroll k\u00e9zik\u00f6nyv.<\/strong><\/a><strong> &#8211; <a href=\"https:\/\/semmelweis.hu\/korhazhigiene\/files\/2025\/08\/ICkonyv_OKFO_2025_fedl.pdf\" target=\"_blank\" rel=\"noopener\">Fedlap<\/a><\/strong><\/p>\n<p style=\"text-align: justify\"><a href=\"https:\/\/semmelweis.hu\/korhazhigiene\/koronavirus\/\" target=\"_blank\" rel=\"noopener\"><strong>Aktu\u00e1lis esem\u00e9nyek<\/strong>, kiemelt fontoss\u00e1g\u00fa teend\u0151k &gt;<\/a><\/p>\n<p style=\"text-align: justify\">Az infekci\u00f3kontroll t\u00e9m\u00e1ban val\u00f3 tov\u00e1bbi elm\u00e9ly\u00fcl\u00e9st seg\u00edti a <a href=\"https:\/\/semmelweis.hu\/korhazhigiene\/altalanos\/szakirodalom-linkajanlo\/\"><strong>szakirodalomjegyz\u00e9k<\/strong><\/a>, a gyakorlati mikrobiol\u00f3giai ismereteket ny\u00fajt\u00f3 <a href=\"https:\/\/semmelweis.hu\/korhazhigiene\/altalanos\/mikrobiologia-es-infekciokontroll\/\"><strong>Mikrobiol\u00f3giai f\u00fczetek<\/strong><\/a>, a nemzetk\u00f6zi <strong>Infekci\u00f3kontroll sz\u00f6vets\u00e9g h\u00edrlevel<\/strong>ei, \u00e9s a <strong>k\u00e9zhigi\u00e9n\u00e9s program<\/strong>.<\/p>\n<h1 style=\"text-align: justify\">\u00a0<\/h1>\n","protected":false},"excerpt":{"rendered":"<p>A K\u00f3rh\u00e1zhigi\u00e9n\u00e9s oszt\u00e1ly feladatai \u2013 Az Egyetem klinik\u00e1in foly\u00f3 megel\u0151z\u0151 higi\u00e9n\u00e9s tev\u00e9kenys\u00e9g koordin\u00e1l\u00e1sa, seg\u00edt\u00e9se, ezen a t\u00e9ren kapcsolattart\u00e1s a Klinik\u00e1k \u00e9s a Hat\u00f3s\u00e1g k\u00f6z\u00f6tt \u2013 A nozokomi\u00e1lis surveillance szervez\u00e9se, koordin\u00e1l\u00e1sa \u2013 Rovar- \u00e9s r\u00e1gcs\u00e1l\u00f3 irt\u00e1s Teend\u0151k A teend\u0151ket a <a href=\"https:\/\/semmelweis.hu\/korhazhigiene\/altalanos\/hatalyos-jogszabalyok-gyujtemenye\/\">hat\u00e1lyos jogszab\u00e1lyok<\/a> \u00e9s <a href=\"https:\/\/semmelweis.hu\/korhazhigiene\/modszertani-utmutatok-2\/\" target=\"_blank\" rel=\"noopener\">m\u00f3dszertani \u00fatmutat\u00f3k<\/a> \u00edrj\u00e1k el\u0151. Ezekre alapozva k\u00e9sz\u00fclt el az Orsz\u00e1gos K\u00f3rh\u00e1zi F\u0151igazgat\u00f3s\u00e1g \u00fatmutat\u00e1sa szerinti egyetemi <a href=\"https:\/\/semmelweis.hu\/korhazhigiene\/files\/2025\/08\/ICkonyv_OKFO_2025.pdf\" target=\"_blank\" rel=\"noopener\">Infekci\u00f3kontroll k\u00e9zik\u00f6nyv.<\/a> &#8211; <a href=\"https:\/\/semmelweis.hu\/korhazhigiene\/files\/2025\/08\/ICkonyv_OKFO_2025_fedl.pdf\" target=\"_blank\" rel=\"noopener\">Fedlap<\/a> <a href=\"https:\/\/semmelweis.hu\/korhazhigiene\/koronavirus\/\" target=\"_blank\" rel=\"noopener\">Aktu\u00e1lis esem\u00e9nyek, kiemelt fontoss\u00e1g\u00fa teend\u0151k &gt;<\/a> Az &hellip;<\/p>\n","protected":false},"author":102466,"featured_media":0,"parent":0,"menu_order":1,"comment_status":"closed","ping_status":"closed","template":"","meta":{"_acf_changed":false,"footnotes":""},"categories":[],"tags":[],"class_list":["post-2039","page","type-page","status-publish","hentry"],"acf":[],"_links":{"self":[{"href":"https:\/\/semmelweis.hu\/korhazhigiene\/wp-json\/wp\/v2\/pages\/2039","targetHints":{"allow":["GET"]}}],"collection":[{"href":"https:\/\/semmelweis.hu\/korhazhigiene\/wp-json\/wp\/v2\/pages"}],"about":[{"href":"https:\/\/semmelweis.hu\/korhazhigiene\/wp-json\/wp\/v2\/types\/page"}],"author":[{"embeddable":true,"href":"https:\/\/semmelweis.hu\/korhazhigiene\/wp-json\/wp\/v2\/users\/102466"}],"replies":[{"embeddable":true,"href":"https:\/\/semmelweis.hu\/korhazhigiene\/wp-json\/wp\/v2\/comments?post=2039"}],"version-history":[{"count":5,"href":"https:\/\/semmelweis.hu\/korhazhigiene\/wp-json\/wp\/v2\/pages\/2039\/revisions"}],"predecessor-version":[{"id":2049,"href":"https:\/\/semmelweis.hu\/korhazhigiene\/wp-json\/wp\/v2\/pages\/2039\/revisions\/2049"}],"wp:attachment":[{"href":"https:\/\/semmelweis.hu\/korhazhigiene\/wp-json\/wp\/v2\/media?parent=2039"}],"wp:term":[{"taxonomy":"category","embeddable":true,"href":"https:\/\/semmelweis.hu\/korhazhigiene\/wp-json\/wp\/v2\/categories?post=2039"},{"taxonomy":"post_tag","embeddable":true,"href":"https:\/\/semmelweis.hu\/korhazhigiene\/wp-json\/wp\/v2\/tags?post=2039"}],"curies":[{"name":"wp","href":"https:\/\/api.w.org\/{rel}","templated":true}]}}