{"id":6057,"date":"2022-02-14T10:53:23","date_gmt":"2022-02-14T09:53:23","guid":{"rendered":"https:\/\/semmelweis.hu\/konzervalo-fogaszat\/?page_id=6057"},"modified":"2026-02-20T14:22:55","modified_gmt":"2026-02-20T13:22:55","slug":"posztgradualis-tartalmak","status":"publish","type":"page","link":"https:\/\/semmelweis.hu\/konzervalo-fogaszat\/posztgradualis-tartalmak\/","title":{"rendered":"Posztgradu\u00e1lis Tartalom"},"content":{"rendered":"<p id=\"site-title\"><strong>Szakk\u00e9pz\u00e9s:<\/strong><\/p>\n<p>A klinik\u00e1n lehet\u0151s\u00e9g van az endodontia szakvizsga megszerz\u00e9s\u00e9re.<br \/>\nR\u00e9szletes inform\u00e1ci\u00f3k az al\u00e1bbi linken \u00e9rhet\u0151k el:<br \/>\n<a href=\"https:\/\/semmelweis.hu\/fok-tovabbkepzes\/\"><span style=\"font-size: 14pt\">Szak- \u00e9s Tov\u00e1bbk\u00e9pz\u00e9si Titk\u00e1rs\u00e1g<\/span>\u00a0<br \/>\n<span style=\"font-size: 14pt\">SEMMELWEIS EGYETEM,\u00a0FOGORVOSTUDOM\u00c1NYI KAR<\/span><\/a><\/p>\n<p><strong>Tov\u00e1bbk\u00e9pz\u0151 tanfolyamok:<\/strong><\/p>\n<p>Szeretettel v\u00e1rjuk \u00d6n\u00f6ket az \u00fajonnan indul\u00f3 2024-es k\u00e9pz\u00e9seinken. A kurzusok elm\u00e9leti \u00e9s gyakorlati r\u00e9szb\u0151l \u00e1llnak. Emellett sz\u00e1mos esetbemutat\u00e1son kereszt\u00fcl megosztjuk saj\u00e1t gyakorlati tapasztalatainkat.<\/p>\n<p>A tanfolyamok akkredit\u00e1ltak, minden kurzus 16 kreditet \u00e9r.<\/p>\n<p>Jelentkezni az <a href=\"https:\/\/www.oftex.hu\/project_o\/actual_prg\/system\/launch.php?pg=.\/FRAME_main.php&amp;ugrp=2\">OFTEX port\u00e1l<\/a> fel\u00fclet\u00e9n lehet.<\/p>\n<p><b>Helysz\u00edn: <\/b>1088 Budapest, Szentkir\u00e1lyi u. 47. VII. em.<b> <\/b>Semmelweis Egyetem, Fogorvostudom\u00e1nyi Kar, Helyre\u00e1ll\u00edt\u00f3 Fog\u00e1szati \u00e9s Endodonciai Klinika, \u201cB\u00e1n\u00f3czy T\u00e1rgyal\u00f3\u201d<\/p>\n<p>Tavaszi tanfolyamok:<\/p>\n<table style=\"height: 198px;width: 100%;border-collapse: collapse;background-color: #ffffff\">\n<tbody>\n<tr style=\"height: 33px\">\n<td style=\"width: 24.7393%;height: 33px;text-align: center\">K\u00e9pz\u00e9s c\u00edme<\/td>\n<td style=\"width: 15.2607%;height: 33px;text-align: center\">Vezet\u0151<\/td>\n<td style=\"width: 20%;height: 33px;text-align: center\">Id\u0151pont<\/td>\n<td style=\"width: 40%;height: 33px;text-align: center\" colspan=\"2\">\u00a0<\/td>\n<\/tr>\n<tr style=\"height: 33px\">\n<td style=\"width: 24.7393%;height: 33px;text-align: left\">Endodontia vizsga felk\u00e9sz\u00edt\u0151 elm\u00e9leti k\u00e9pz\u00e9s<\/td>\n<td style=\"width: 15.2607%;height: 33px;text-align: center\">Dr. T\u00f3th Zsuzsanna<\/td>\n<td style=\"width: 20%;height: 33px;text-align: center\">Szerd\u00e1nk\u00e9nt<br \/>\n2026.02.04. &#8211; 2026.03.04.<\/td>\n<td style=\"width: 20%;height: 33px;text-align: center\">Tov\u00e1bbi inform\u00e1ci\u00f3k<\/td>\n<td style=\"width: 20%;height: 33px;text-align: center\"><a href=\"https:\/\/www.oftex.hu\/project_o\/actual_prg\/system\/launch.php?pg=.\/oftex\/TANF_Adatlap.php?msgid=93260&amp;tableid=0&amp;retcode=tanflist\">Jelentkez\u00e9s<\/a><\/td>\n<\/tr>\n<tr style=\"height: 33px\">\n<td style=\"width: 24.7393%;height: 33px;text-align: left\">Solving difficulties of direct restorations in the posterior region<\/td>\n<td style=\"width: 15.2607%;height: 33px;text-align: center\">Dr. Moln\u00e1r Eszter<\/td>\n<td style=\"width: 20%;height: 33px;text-align: center\">2026.05.29.<\/td>\n<td style=\"width: 20%;height: 33px;text-align: center\">Tov\u00e1bbi inform\u00e1ci\u00f3k<\/td>\n<td style=\"width: 20%;height: 33px;text-align: center\"><a href=\"https:\/\/www.oftex.hu\/project_o\/actual_prg\/system\/launch.php?pg=.\/oftex\/TANF_Adatlap.php?msgid=93619&amp;tableid=0&amp;retcode=tanflist\">Jelentkez\u00e9s<\/a><\/td>\n<\/tr>\n<\/tbody>\n<\/table>\n<p>&nbsp;<\/p>\n<p>\u0150szi tanfolyamok:<\/p>\n<table style=\"border-collapse: collapse;width: 100%;height: 297px\">\n<tbody>\n<tr style=\"height: 33px\">\n<td style=\"width: 24.9289%;height: 33px;text-align: center\">K\u00e9pz\u00e9s c\u00edme<\/td>\n<td style=\"width: 15.0711%;height: 33px;text-align: center\">Vezet\u0151<\/td>\n<td style=\"width: 20%;height: 33px;text-align: center\">Id\u0151pont<\/td>\n<td style=\"width: 40%;height: 33px;text-align: center\" colspan=\"2\">\u00a0<\/td>\n<\/tr>\n<tr style=\"height: 33px\">\n<td style=\"width: 24.9289%;height: 33px;text-align: left\">Bevezet\u00e9s a klinikai endodontia vil\u00e1g\u00e1ba. G\u00e9pi gy\u00f6k\u00e9rcsatorna megmunk\u00e1l\u00e1s \u00e9s mikroszk\u00f3p haszn\u00e1lat alapismeretei.<br \/>\nHands-on kurzus<\/td>\n<td style=\"width: 15.0711%;height: 33px;text-align: center\">Dr. Komora P\u00e9ter<\/td>\n<td style=\"width: 20%;height: 33px;text-align: center\">2025.09.12.<\/td>\n<td style=\"width: 20%;height: 33px;text-align: center\">Tov\u00e1bbi inform\u00e1ci\u00f3k<\/td>\n<td style=\"width: 20%;height: 33px;text-align: center\"><a href=\"https:\/\/oftex.hu\/project_o\/actual_prg\/system\/launch.php?pg=.\/oftex\/TANF_Adatlap.php?msgid=87119&amp;tableid=0&amp;retcode=tanflist\">Jelentkez\u00e9s<\/a><\/td>\n<\/tr>\n<tr style=\"height: 33px\">\n<td style=\"width: 24.9289%;height: 33px;text-align: left\">B\u0151v\u00edtett klinikai endodontiai ismeretek. \u00dajrakezel\u00e9s lehet\u0151s\u00e9gei \u00e9s modern gy\u00f6k\u00e9rt\u00f6m\u00e9si technik\u00e1k ismertet\u00e9se.<br \/>\nHands-on kurzus<\/td>\n<td style=\"width: 15.0711%;height: 33px;text-align: center\">Dr. Komora P\u00e9ter<\/td>\n<td style=\"width: 20%;height: 33px;text-align: center\">2025.09.19.<\/td>\n<td style=\"width: 20%;height: 33px;text-align: center\">Tov\u00e1bbi inform\u00e1ci\u00f3k<\/td>\n<td style=\"width: 20%;height: 33px;text-align: center\"><a href=\"https:\/\/www.oftex.hu\/project_o\/actual_prg\/system\/launch.php?pg=.\/oftex\/TANF_Adatlap.php?msgid=90742&amp;tableid=0&amp;retcode=tanflist\">Jelentkez\u00e9s<\/a><\/td>\n<\/tr>\n<tr style=\"height: 33px\">\n<td style=\"width: 24.9289%;height: 33px;text-align: left\">F\u00f3kuszban az ergon\u00f3mia: gyakorlati mikroszk\u00f3pos hands-on kurzus<\/td>\n<td style=\"width: 15.0711%;height: 33px;text-align: center\">Prof. Dr. V\u00e1g J\u00e1nos<br \/>\nDr. Beny\u0151cs Gergely<\/td>\n<td style=\"width: 20%;height: 33px;text-align: center\">2025.09.26.<\/td>\n<td style=\"width: 20%;height: 33px;text-align: center\">Tov\u00e1bbi inform\u00e1ci\u00f3k<\/td>\n<td style=\"width: 20%;height: 33px;text-align: center\"><a href=\"https:\/\/oftex.hu\/project_o\/actual_prg\/system\/launch.php?pg=.\/oftex\/TANF_Adatlap.php?msgid=87122&amp;tableid=0&amp;retcode=tanflist\">Jelentkez\u00e9s<\/a><\/td>\n<\/tr>\n<tr style=\"height: 33px\">\n<td style=\"width: 24.9289%;height: 33px;text-align: left\">Sz\u00e1jhigi\u00e9n\u00e9t\u0151l az ICON-ig, avagy modern Prevenci\u00f3 a gyakorlatban<\/td>\n<td style=\"width: 15.0711%;height: 33px;text-align: center\">Dr. Moln\u00e1r Eszter<\/td>\n<td style=\"width: 20%;height: 33px;text-align: center\">2025.10.03.<\/td>\n<td style=\"width: 20%;height: 33px;text-align: center\">Tov\u00e1bbi inform\u00e1ci\u00f3k<\/td>\n<td style=\"width: 20%;height: 33px;text-align: center\"><a href=\"https:\/\/www.oftex.hu\/project_o\/actual_prg\/system\/launch.php?pg=.\/oftex\/TANF_Adatlap.php?msgid=90598&amp;tableid=0&amp;retcode=tanflist\">Jelentkez\u00e9s<\/a><\/td>\n<\/tr>\n<tr style=\"height: 33px\">\n<td style=\"width: 24.9289%;height: 33px;text-align: left\">Chairside CAD\/CAM rendszer a fogorvosi gyakorlatban<\/td>\n<td style=\"width: 15.0711%;height: 33px;text-align: center\">Prof. Dr. V\u00e1g J\u00e1nos<\/td>\n<td style=\"width: 20%;height: 33px;text-align: center\">2025.12.04.<\/td>\n<td style=\"width: 20%;height: 33px;text-align: center\">Tov\u00e1bbi inform\u00e1ci\u00f3k<\/td>\n<td style=\"width: 20%;height: 33px;text-align: center\"><a href=\"https:\/\/www.oftex.hu\/project_o\/actual_prg\/system\/launch.php?pg=.\/oftex\/TANF_Adatlap.php?msgid=90604&amp;tableid=0&amp;retcode=tanflist\">Jelentkez\u00e9s<\/a><\/td>\n<\/tr>\n<tr style=\"height: 33px\">\n<td style=\"width: 24.9289%;height: 33px;text-align: left\">Eszt\u00e9ikus restaur\u00e1tumok r\u00f6gz\u00edt\u00e9se<\/td>\n<td style=\"width: 15.0711%;height: 33px;text-align: center\">Dr. Szab\u00f3 Enik\u0151<\/td>\n<td style=\"width: 20%;height: 33px;text-align: center\">2025.12.05.<\/td>\n<td style=\"width: 20%;height: 33px;text-align: center\">Tov\u00e1bbi inform\u00e1ci\u00f3k<\/td>\n<td style=\"width: 20%;height: 33px;text-align: center\"><a href=\"https:\/\/www.oftex.hu\/project_o\/actual_prg\/system\/launch.php?pg=.\/oftex\/TANF_Adatlap.php?msgid=90600&amp;tableid=0&amp;retcode=tanflist\">Jelentkez\u00e9s<\/a><\/td>\n<\/tr>\n<tr style=\"height: 33px\">\n<td style=\"width: 24.9289%;height: 33px;text-align: left\">Poszterior r\u00e9gi\u00f3 direkt restur\u00e1ci\u00f3ja<\/td>\n<td style=\"width: 15.0711%;height: 33px;text-align: center\">Dr. Moln\u00e1r Eszter<\/td>\n<td style=\"width: 20%;height: 33px;text-align: center\">2025.12.11.<\/td>\n<td style=\"width: 20%;height: 33px;text-align: center\">Tov\u00e1bbi inform\u00e1ci\u00f3k<\/td>\n<td style=\"width: 20%;height: 33px;text-align: center\"><a href=\"https:\/\/www.oftex.hu\/project_o\/actual_prg\/system\/launch.php?pg=.\/oftex\/TANF_Adatlap.php?msgid=90599&amp;tableid=0&amp;retcode=tanflist\">Jelentkez\u00e9s<\/a><\/td>\n<\/tr>\n<tr style=\"height: 33px\">\n<td style=\"width: 24.9289%;height: 33px;text-align: left\">\u00datmutat\u00f3 a traum\u00e1s frontfogak ell\u00e1t\u00e1s\u00e1hoz: koronafrakt\u00far\u00e1t\u00f3l az apexig<\/td>\n<td style=\"width: 15.0711%;height: 33px;text-align: center\">Dr. Poly\u00e1k Melinda<\/td>\n<td style=\"width: 20%;height: 33px;text-align: center\">2025.12.12.<\/td>\n<td style=\"width: 20%;height: 33px;text-align: center\">Tov\u00e1bbi inform\u00e1ci\u00f3k<\/td>\n<td style=\"width: 20%;height: 33px;text-align: center\"><a href=\"https:\/\/www.oftex.hu\/project_o\/actual_prg\/system\/launch.php?pg=.\/oftex\/TANF_Adatlap.php?msgid=90777&amp;tableid=0&amp;retcode=tanflist\">Jelentkez\u00e9s<\/a><\/td>\n<\/tr>\n<\/tbody>\n<\/table>\n","protected":false},"excerpt":{"rendered":"<p>Szakk\u00e9pz\u00e9s: A klinik\u00e1n lehet\u0151s\u00e9g van az endodontia szakvizsga megszerz\u00e9s\u00e9re. R\u00e9szletes inform\u00e1ci\u00f3k az al\u00e1bbi linken \u00e9rhet\u0151k el: <a href=\"https:\/\/semmelweis.hu\/fok-tovabbkepzes\/\">Szak- \u00e9s Tov\u00e1bbk\u00e9pz\u00e9si Titk\u00e1rs\u00e1g\u00a0 SEMMELWEIS EGYETEM,\u00a0FOGORVOSTUDOM\u00c1NYI KAR<\/a> Tov\u00e1bbk\u00e9pz\u0151 tanfolyamok: Szeretettel v\u00e1rjuk \u00d6n\u00f6ket az \u00fajonnan indul\u00f3 2024-es k\u00e9pz\u00e9seinken. A kurzusok elm\u00e9leti \u00e9s gyakorlati r\u00e9szb\u0151l \u00e1llnak. Emellett sz\u00e1mos esetbemutat\u00e1son kereszt\u00fcl megosztjuk saj\u00e1t gyakorlati tapasztalatainkat. A tanfolyamok akkredit\u00e1ltak, minden kurzus 16 &hellip;<\/p>\n","protected":false},"author":122,"featured_media":0,"parent":0,"menu_order":7,"comment_status":"closed","ping_status":"closed","template":"","meta":{"_acf_changed":false,"footnotes":""},"categories":[],"tags":[],"class_list":["post-6057","page","type-page","status-publish","hentry"],"acf":[],"_links":{"self":[{"href":"https:\/\/semmelweis.hu\/konzervalo-fogaszat\/wp-json\/wp\/v2\/pages\/6057","targetHints":{"allow":["GET"]}}],"collection":[{"href":"https:\/\/semmelweis.hu\/konzervalo-fogaszat\/wp-json\/wp\/v2\/pages"}],"about":[{"href":"https:\/\/semmelweis.hu\/konzervalo-fogaszat\/wp-json\/wp\/v2\/types\/page"}],"author":[{"embeddable":true,"href":"https:\/\/semmelweis.hu\/konzervalo-fogaszat\/wp-json\/wp\/v2\/users\/122"}],"replies":[{"embeddable":true,"href":"https:\/\/semmelweis.hu\/konzervalo-fogaszat\/wp-json\/wp\/v2\/comments?post=6057"}],"version-history":[{"count":11,"href":"https:\/\/semmelweis.hu\/konzervalo-fogaszat\/wp-json\/wp\/v2\/pages\/6057\/revisions"}],"predecessor-version":[{"id":7592,"href":"https:\/\/semmelweis.hu\/konzervalo-fogaszat\/wp-json\/wp\/v2\/pages\/6057\/revisions\/7592"}],"wp:attachment":[{"href":"https:\/\/semmelweis.hu\/konzervalo-fogaszat\/wp-json\/wp\/v2\/media?parent=6057"}],"wp:term":[{"taxonomy":"category","embeddable":true,"href":"https:\/\/semmelweis.hu\/konzervalo-fogaszat\/wp-json\/wp\/v2\/categories?post=6057"},{"taxonomy":"post_tag","embeddable":true,"href":"https:\/\/semmelweis.hu\/konzervalo-fogaszat\/wp-json\/wp\/v2\/tags?post=6057"}],"curies":[{"name":"wp","href":"https:\/\/api.w.org\/{rel}","templated":true}]}}