{"id":5758,"date":"2022-01-04T11:01:47","date_gmt":"2022-01-04T10:01:47","guid":{"rendered":"https:\/\/semmelweis.hu\/konzervalo-fogaszat\/?page_id=5758"},"modified":"2024-09-26T15:59:53","modified_gmt":"2024-09-26T13:59:53","slug":"contact","status":"publish","type":"page","link":"https:\/\/semmelweis.hu\/konzervalo-fogaszat\/en\/contact\/","title":{"rendered":"Contact"},"content":{"rendered":"<p><span style=\"font-size: 12pt\"><b><strong style=\"font-size: 1rem\"><img loading=\"lazy\" decoding=\"async\" class=\"wp-image-5726 alignleft\" src=\"https:\/\/semmelweis.hu\/konzervalo-fogaszat\/files\/2022\/01\/RS143738_C19A2576-283x400.jpg\" alt=\"\" width=\"105\" height=\"149\" srcset=\"https:\/\/semmelweis.hu\/konzervalo-fogaszat\/files\/2022\/01\/RS143738_C19A2576-283x400.jpg 283w, https:\/\/semmelweis.hu\/konzervalo-fogaszat\/files\/2022\/01\/RS143738_C19A2576-725x1024.jpg 725w, https:\/\/semmelweis.hu\/konzervalo-fogaszat\/files\/2022\/01\/RS143738_C19A2576-768x1084.jpg 768w, https:\/\/semmelweis.hu\/konzervalo-fogaszat\/files\/2022\/01\/RS143738_C19A2576-1088x1536.jpg 1088w, https:\/\/semmelweis.hu\/konzervalo-fogaszat\/files\/2022\/01\/RS143738_C19A2576-1451x2048.jpg 1451w, https:\/\/semmelweis.hu\/konzervalo-fogaszat\/files\/2022\/01\/RS143738_C19A2576-753x1063.jpg 753w, https:\/\/semmelweis.hu\/konzervalo-fogaszat\/files\/2022\/01\/RS143738_C19A2576-scaled.jpg 1813w\" sizes=\"auto, (max-width: 105px) 100vw, 105px\" \/><\/strong>Director:\u00a0<\/b><br \/>\nProf.<\/span> <span style=\"font-size: 12pt\">Dr. J\u00e1nos V\u00e1g DMD, PhD<\/span><br \/>\n<span style=\"font-size: 12pt\">Email: helyreallito.fogaszat@semmelweis.hu<\/span><\/p>\n<p>&nbsp;<\/p>\n<p>&nbsp;<\/p>\n<p><span style=\"font-size: 12pt\"><strong><img loading=\"lazy\" decoding=\"async\" class=\"wp-image-5732 alignleft\" src=\"https:\/\/semmelweis.hu\/konzervalo-fogaszat\/files\/2022\/01\/RS143716_C19A2429-272x400.jpg\" alt=\"\" width=\"105\" height=\"155\" srcset=\"https:\/\/semmelweis.hu\/konzervalo-fogaszat\/files\/2022\/01\/RS143716_C19A2429-272x400.jpg 272w, https:\/\/semmelweis.hu\/konzervalo-fogaszat\/files\/2022\/01\/RS143716_C19A2429-695x1024.jpg 695w, https:\/\/semmelweis.hu\/konzervalo-fogaszat\/files\/2022\/01\/RS143716_C19A2429-768x1131.jpg 768w, https:\/\/semmelweis.hu\/konzervalo-fogaszat\/files\/2022\/01\/RS143716_C19A2429-1043x1536.jpg 1043w, https:\/\/semmelweis.hu\/konzervalo-fogaszat\/files\/2022\/01\/RS143716_C19A2429-1390x2048.jpg 1390w, https:\/\/semmelweis.hu\/konzervalo-fogaszat\/files\/2022\/01\/RS143716_C19A2429-753x1109.jpg 753w, https:\/\/semmelweis.hu\/konzervalo-fogaszat\/files\/2022\/01\/RS143716_C19A2429-scaled.jpg 1738w\" sizes=\"auto, (max-width: 105px) 100vw, 105px\" \/>Deputy Director and Preclinical Course Supervisor: <br \/>\n<\/strong>Dr. Be\u00e1ta Ker\u00e9mi DMD, PhD<br \/>\nEmail: keremi.beata@semmelweis.hu<br \/>\n<\/span><\/p>\n<p>&nbsp;<\/p>\n<p>&nbsp;<\/p>\n<p><span style=\"font-size: 12pt\"><strong><img loading=\"lazy\" decoding=\"async\" class=\" wp-image-5743 alignleft\" src=\"https:\/\/semmelweis.hu\/konzervalo-fogaszat\/files\/2022\/01\/RS143827_C19A3120-273x400.jpg\" alt=\"\" width=\"106\" height=\"156\" srcset=\"https:\/\/semmelweis.hu\/konzervalo-fogaszat\/files\/2022\/01\/RS143827_C19A3120-273x400.jpg 273w, https:\/\/semmelweis.hu\/konzervalo-fogaszat\/files\/2022\/01\/RS143827_C19A3120-700x1024.jpg 700w, https:\/\/semmelweis.hu\/konzervalo-fogaszat\/files\/2022\/01\/RS143827_C19A3120-768x1124.jpg 768w, https:\/\/semmelweis.hu\/konzervalo-fogaszat\/files\/2022\/01\/RS143827_C19A3120-1050x1536.jpg 1050w, https:\/\/semmelweis.hu\/konzervalo-fogaszat\/files\/2022\/01\/RS143827_C19A3120-1399x2048.jpg 1399w, https:\/\/semmelweis.hu\/konzervalo-fogaszat\/files\/2022\/01\/RS143827_C19A3120-753x1102.jpg 753w, https:\/\/semmelweis.hu\/konzervalo-fogaszat\/files\/2022\/01\/RS143827_C19A3120-scaled.jpg 1749w\" sizes=\"auto, (max-width: 106px) 100vw, 106px\" \/>Study Supervisor (Hungarian):\u00a0<br \/>\n<\/strong>Dr. Anna Herczegh DMD, PhD<\/span><br \/>\n<span style=\"font-size: 12pt\">Email: herczegh.anna@semmelweis.hu<\/span><\/p>\n<p>&nbsp;<\/p>\n<p>&nbsp;<\/p>\n<p><span style=\"font-size: 12pt\"><strong><img loading=\"lazy\" decoding=\"async\" class=\" wp-image-5747 alignleft\" src=\"https:\/\/semmelweis.hu\/konzervalo-fogaszat\/files\/2022\/01\/RS143763_C19A2712-267x400.jpg\" alt=\"\" width=\"105\" height=\"157\" srcset=\"https:\/\/semmelweis.hu\/konzervalo-fogaszat\/files\/2022\/01\/RS143763_C19A2712-267x400.jpg 267w, https:\/\/semmelweis.hu\/konzervalo-fogaszat\/files\/2022\/01\/RS143763_C19A2712-684x1024.jpg 684w, https:\/\/semmelweis.hu\/konzervalo-fogaszat\/files\/2022\/01\/RS143763_C19A2712-768x1150.jpg 768w, https:\/\/semmelweis.hu\/konzervalo-fogaszat\/files\/2022\/01\/RS143763_C19A2712-1026x1536.jpg 1026w, https:\/\/semmelweis.hu\/konzervalo-fogaszat\/files\/2022\/01\/RS143763_C19A2712-1368x2048.jpg 1368w, https:\/\/semmelweis.hu\/konzervalo-fogaszat\/files\/2022\/01\/RS143763_C19A2712-753x1127.jpg 753w, https:\/\/semmelweis.hu\/konzervalo-fogaszat\/files\/2022\/01\/RS143763_C19A2712-scaled.jpg 1710w\" sizes=\"auto, (max-width: 105px) 100vw, 105px\" \/>Study Supervisor (English):\u00a0<br \/>\n<\/strong>Dr. Zsolt Lohinai DMD, PhD<\/span><br \/>\n<span style=\"font-size: 12pt\">Email: lohinai.zsolt@semmelweis.hu<\/span><\/p>\n<p>&nbsp;<\/p>\n<p>&nbsp;<\/p>\n<p><span style=\"font-size: 12pt\"><strong><img loading=\"lazy\" decoding=\"async\" class=\" wp-image-5885 alignleft\" src=\"https:\/\/semmelweis.hu\/konzervalo-fogaszat\/files\/2022\/01\/RS143872_C19A3548-278x400.jpg\" alt=\"\" width=\"104\" height=\"149\" srcset=\"https:\/\/semmelweis.hu\/konzervalo-fogaszat\/files\/2022\/01\/RS143872_C19A3548-278x400.jpg 278w, https:\/\/semmelweis.hu\/konzervalo-fogaszat\/files\/2022\/01\/RS143872_C19A3548-711x1024.jpg 711w, https:\/\/semmelweis.hu\/konzervalo-fogaszat\/files\/2022\/01\/RS143872_C19A3548-768x1106.jpg 768w, https:\/\/semmelweis.hu\/konzervalo-fogaszat\/files\/2022\/01\/RS143872_C19A3548-1067x1536.jpg 1067w, https:\/\/semmelweis.hu\/konzervalo-fogaszat\/files\/2022\/01\/RS143872_C19A3548-1422x2048.jpg 1422w, https:\/\/semmelweis.hu\/konzervalo-fogaszat\/files\/2022\/01\/RS143872_C19A3548-753x1084.jpg 753w, https:\/\/semmelweis.hu\/konzervalo-fogaszat\/files\/2022\/01\/RS143872_C19A3548-scaled.jpg 1778w\" sizes=\"auto, (max-width: 104px) 100vw, 104px\" \/>Study Supervisor (German):\u00a0<br \/>\n<\/strong>Dr. Bogl\u00e1rka Sz\u00e1ntai DMD<\/span><br \/>\n<span style=\"font-size: 12pt\">Email: szantai.boglarka@semmelweis.hu<\/p>\n<p><\/span><\/p>\n<p>&nbsp;<\/p>\n<p>&nbsp;<\/p>\n<p><span style=\"font-size: 12pt\"><strong><img loading=\"lazy\" decoding=\"async\" class=\"wp-image-5738 alignleft\" src=\"https:\/\/semmelweis.hu\/konzervalo-fogaszat\/files\/2022\/01\/RS143720_C19A2451-269x400.jpg\" alt=\"\" width=\"105\" height=\"157\" srcset=\"https:\/\/semmelweis.hu\/konzervalo-fogaszat\/files\/2022\/01\/RS143720_C19A2451-269x400.jpg 269w, https:\/\/semmelweis.hu\/konzervalo-fogaszat\/files\/2022\/01\/RS143720_C19A2451-688x1024.jpg 688w, https:\/\/semmelweis.hu\/konzervalo-fogaszat\/files\/2022\/01\/RS143720_C19A2451-768x1142.jpg 768w, https:\/\/semmelweis.hu\/konzervalo-fogaszat\/files\/2022\/01\/RS143720_C19A2451-1033x1536.jpg 1033w, https:\/\/semmelweis.hu\/konzervalo-fogaszat\/files\/2022\/01\/RS143720_C19A2451-1377x2048.jpg 1377w, https:\/\/semmelweis.hu\/konzervalo-fogaszat\/files\/2022\/01\/RS143720_C19A2451-753x1120.jpg 753w, https:\/\/semmelweis.hu\/konzervalo-fogaszat\/files\/2022\/01\/RS143720_C19A2451-scaled.jpg 1721w\" sizes=\"auto, (max-width: 105px) 100vw, 105px\" \/>Postgraduate Supervisor:<br \/>\n<\/strong>Dr. Enik\u0151 Szab\u00f3 Vaszin\u00e9 DMD, PhD<\/span><br \/>\n<span style=\"font-size: 12pt\">Email: vaszine.szabo.eniko@semmelweis.hu<\/span><\/p>\n<p>&nbsp;<\/p>\n<p>&nbsp;<\/p>\n<p>&nbsp;<\/p>\n","protected":false},"excerpt":{"rendered":"<p>Director:\u00a0 Prof. Dr. J\u00e1nos V\u00e1g DMD, PhD Email: helyreallito.fogaszat@semmelweis.hu &nbsp; &nbsp; Deputy Director and Preclinical Course Supervisor: Dr. Be\u00e1ta Ker\u00e9mi DMD, PhD Email: keremi.beata@semmelweis.hu &nbsp; &nbsp; Study Supervisor (Hungarian):\u00a0 Dr. Anna Herczegh DMD, PhD Email: herczegh.anna@semmelweis.hu &nbsp; &nbsp; Study Supervisor (English):\u00a0 Dr. Zsolt Lohinai DMD, PhD Email: lohinai.zsolt@semmelweis.hu &nbsp; &nbsp; Study Supervisor (German):\u00a0 Dr. Bogl\u00e1rka &hellip;<\/p>\n","protected":false},"author":122,"featured_media":0,"parent":0,"menu_order":8,"comment_status":"closed","ping_status":"closed","template":"","meta":{"_acf_changed":false,"footnotes":""},"categories":[],"tags":[],"class_list":["post-5758","page","type-page","status-publish","hentry"],"acf":[],"_links":{"self":[{"href":"https:\/\/semmelweis.hu\/konzervalo-fogaszat\/wp-json\/wp\/v2\/pages\/5758","targetHints":{"allow":["GET"]}}],"collection":[{"href":"https:\/\/semmelweis.hu\/konzervalo-fogaszat\/wp-json\/wp\/v2\/pages"}],"about":[{"href":"https:\/\/semmelweis.hu\/konzervalo-fogaszat\/wp-json\/wp\/v2\/types\/page"}],"author":[{"embeddable":true,"href":"https:\/\/semmelweis.hu\/konzervalo-fogaszat\/wp-json\/wp\/v2\/users\/122"}],"replies":[{"embeddable":true,"href":"https:\/\/semmelweis.hu\/konzervalo-fogaszat\/wp-json\/wp\/v2\/comments?post=5758"}],"version-history":[{"count":10,"href":"https:\/\/semmelweis.hu\/konzervalo-fogaszat\/wp-json\/wp\/v2\/pages\/5758\/revisions"}],"predecessor-version":[{"id":7349,"href":"https:\/\/semmelweis.hu\/konzervalo-fogaszat\/wp-json\/wp\/v2\/pages\/5758\/revisions\/7349"}],"wp:attachment":[{"href":"https:\/\/semmelweis.hu\/konzervalo-fogaszat\/wp-json\/wp\/v2\/media?parent=5758"}],"wp:term":[{"taxonomy":"category","embeddable":true,"href":"https:\/\/semmelweis.hu\/konzervalo-fogaszat\/wp-json\/wp\/v2\/categories?post=5758"},{"taxonomy":"post_tag","embeddable":true,"href":"https:\/\/semmelweis.hu\/konzervalo-fogaszat\/wp-json\/wp\/v2\/tags?post=5758"}],"curies":[{"name":"wp","href":"https:\/\/api.w.org\/{rel}","templated":true}]}}