{"id":2427,"date":"2016-06-15T11:32:01","date_gmt":"2016-06-15T09:32:01","guid":{"rendered":"http:\/\/semmelweis.hu\/konzervalo-fogaszat\/?page_id=2427"},"modified":"2025-07-31T23:43:53","modified_gmt":"2025-07-31T21:43:53","slug":"szakdolgozat-cimek","status":"publish","type":"page","link":"https:\/\/semmelweis.hu\/konzervalo-fogaszat\/szakdolgozat-cimek\/","title":{"rendered":"Szakdolgozat c\u00edmek"},"content":{"rendered":"<p><strong>A szakdolgozatok felel\u0151se <em>Dr. Papp Petra<\/em>, n\u00e1la kell jelentkezni minden hallgat\u00f3nak.<br \/>\nemail: <a href=\"mailto:papp.petra.iren@semmelweis.hu\">papp.petra.iren@semmelweis.hu<\/a><\/strong><\/p>\n<div class=\"page\" title=\"Page 1\">\n<div class=\"section\">\n<div class=\"layoutArea\">\n<div class=\"column\">\n<blockquote class=\"wp-embedded-content\" data-secret=\"Qs2DFbP7oM\"><p><a href=\"https:\/\/semmelweis.hu\/fok\/oktatas\/altalanos-informaciok-a-hallgatok-reszere\/szakdolgozat-2\/\">Szakdolgozat<\/a><\/p><\/blockquote>\n<p><iframe loading=\"lazy\" class=\"wp-embedded-content\" sandbox=\"allow-scripts\" security=\"restricted\" style=\"position: absolute; visibility: hidden;\" title=\"&#8220;Szakdolgozat&#8221; &#8212; Fogorvostudom\u00e1nyi Kar\" src=\"https:\/\/semmelweis.hu\/fok\/oktatas\/altalanos-informaciok-a-hallgatok-reszere\/szakdolgozat-2\/embed\/#?secret=DzTGQfHSKD#?secret=Qs2DFbP7oM\" data-secret=\"Qs2DFbP7oM\" width=\"600\" height=\"338\" frameborder=\"0\" marginwidth=\"0\" marginheight=\"0\" scrolling=\"no\"><\/iframe><\/p>\n<\/div>\n<\/div>\n<div class=\"layoutArea\" style=\"text-align: justify\">\n<div class=\"column\">\n<p>A szakdolgozat lead\u00e1si hat\u00e1rideje: adott t\u00e1rgy\u00e9v febru\u00e1r 15.<\/p>\n<\/div>\n<\/div>\n<\/div>\n<\/div>\n<ul style=\"list-style-type: square\">\n<li>\n<p><a href=\"https:\/\/semmelweis.hu\/konzervalo-fogaszat\/files\/2016\/06\/Magyar.pdf\">Szakdolgozat c\u00edmek 2018<\/a><\/p>\n<\/li>\n<li>\n<p><a href=\"https:\/\/semmelweis.hu\/konzervalo-fogaszat\/files\/2021\/11\/Szakdolgozat-Konzerv\u00e1l\u00f3-Fog\u00e1szati-Klinika-2021-magyar.pdf\">Szakdolgozat c\u00edmek 2021<\/a><\/p>\n<\/li>\n<li>\n<p><a href=\"https:\/\/semmelweis.hu\/konzervalo-fogaszat\/files\/2021\/11\/Szakdolgozat-Konzerv\u00e1l\u00f3-Fog\u00e1szati-Klinika-2022-magyar.pdf\">Szakdolgozat c\u00edmek 2022<\/a><\/p>\n<\/li>\n<li>\n<p><a href=\"https:\/\/semmelweis.hu\/konzervalo-fogaszat\/files\/2022\/05\/2023-H-szakdolg.pdf\">Szakdolgozat c\u00edmek 2023<\/a><\/p>\n<\/li>\n<li>\n<p><a href=\"https:\/\/semmelweis.hu\/konzervalo-fogaszat\/files\/2024\/03\/2024-HUN.pdf\">Szakdolgozat c\u00edmek 2024<\/a><\/p>\n<\/li>\n<li>\n<p><a href=\"https:\/\/semmelweis.hu\/konzervalo-fogaszat\/files\/2024\/12\/2025-HUN.pdf\">Szakdolgozat c\u00edmek 2025<\/a><\/p>\n<\/li>\n<li>\n<p><a href=\"https:\/\/semmelweis.hu\/konzervalo-fogaszat\/files\/2025\/07\/2026-HUN.pdf\">Szakdolgozat c\u00edmek 2026<\/a><\/p>\n<\/li>\n<li>\n<p><a href=\"https:\/\/semmelweis.hu\/konzervalo-fogaszat\/files\/2025\/07\/2027-HUN.pdf\">Szakdolgozat c\u00edmek 2027<\/a><\/p>\n<\/li>\n<\/ul>\n","protected":false},"excerpt":{"rendered":"<p>A szakdolgozatok felel\u0151se Dr. Papp Petra, n\u00e1la kell jelentkezni minden hallgat\u00f3nak.<br \/>\nemail: <a href=\"mailto:papp.petra.iren@semmelweis.hu\">papp.petra.iren@semmelweis.hu<\/a><\/p>\n<p><a href=\"https:\/\/semmelweis.hu\/fok\/oktatas\/altalanos-informaciok-a-hallgatok-reszere\/szakdolgozat-2\/\">Szakdolgozat<\/a><\/p>\n<p>A szakdolgozat lead\u00e1si hat\u00e1rideje: adott t\u00e1rgy\u00e9v febru\u00e1r 15.<\/p>\n<p><a href=\"https:\/\/semmelweis.hu\/konzervalo-fogaszat\/files\/2016\/06\/Magyar.pdf\">Szakdolgozat c\u00edmek 2018<\/a><\/p>\n<p><a href=\"https:\/\/semmelweis.hu\/konzervalo-fogaszat\/files\/2021\/11\/Szakdolgozat-Konzerv\u00e1l\u00f3-Fog\u00e1szati-Klinika-2021-magyar.pdf\">Szakdolgozat c\u00edmek 2021<\/a><\/p>\n<p><a href=\"https:\/\/semmelweis.hu\/konzervalo-fogaszat\/files\/2021\/11\/Szakdolgozat-Konzerv\u00e1l\u00f3-Fog\u00e1szati-Klinika-2022-magyar.pdf\">Szakdolgozat c\u00edmek 2022<\/a><\/p>\n<p><a href=\"https:\/\/semmelweis.hu\/konzervalo-fogaszat\/files\/2022\/05\/2023-H-szakdolg.pdf\">Szakdolgozat c\u00edmek 2023<\/a><\/p>\n<p><a href=\"https:\/\/semmelweis.hu\/konzervalo-fogaszat\/files\/2024\/03\/2024-HUN.pdf\">Szakdolgozat c\u00edmek 2024<\/a><\/p>\n<p><a href=\"https:\/\/semmelweis.hu\/konzervalo-fogaszat\/files\/2024\/12\/2025-HUN.pdf\">Szakdolgozat c\u00edmek 2025<\/a><\/p>\n<p><a href=\"https:\/\/semmelweis.hu\/konzervalo-fogaszat\/files\/2025\/07\/2026-HUN.pdf\">Szakdolgozat c\u00edmek 2026<\/a><\/p>\n<p><a href=\"https:\/\/semmelweis.hu\/konzervalo-fogaszat\/files\/2025\/07\/2027-HUN.pdf\">Szakdolgozat c\u00edmek 2027<\/a><\/p>\n","protected":false},"author":122,"featured_media":0,"parent":0,"menu_order":4,"comment_status":"closed","ping_status":"closed","template":"","meta":{"_acf_changed":false,"footnotes":""},"categories":[],"tags":[],"class_list":["post-2427","page","type-page","status-publish","hentry"],"acf":[],"_links":{"self":[{"href":"https:\/\/semmelweis.hu\/konzervalo-fogaszat\/wp-json\/wp\/v2\/pages\/2427","targetHints":{"allow":["GET"]}}],"collection":[{"href":"https:\/\/semmelweis.hu\/konzervalo-fogaszat\/wp-json\/wp\/v2\/pages"}],"about":[{"href":"https:\/\/semmelweis.hu\/konzervalo-fogaszat\/wp-json\/wp\/v2\/types\/page"}],"author":[{"embeddable":true,"href":"https:\/\/semmelweis.hu\/konzervalo-fogaszat\/wp-json\/wp\/v2\/users\/122"}],"replies":[{"embeddable":true,"href":"https:\/\/semmelweis.hu\/konzervalo-fogaszat\/wp-json\/wp\/v2\/comments?post=2427"}],"version-history":[{"count":11,"href":"https:\/\/semmelweis.hu\/konzervalo-fogaszat\/wp-json\/wp\/v2\/pages\/2427\/revisions"}],"predecessor-version":[{"id":7471,"href":"https:\/\/semmelweis.hu\/konzervalo-fogaszat\/wp-json\/wp\/v2\/pages\/2427\/revisions\/7471"}],"wp:attachment":[{"href":"https:\/\/semmelweis.hu\/konzervalo-fogaszat\/wp-json\/wp\/v2\/media?parent=2427"}],"wp:term":[{"taxonomy":"category","embeddable":true,"href":"https:\/\/semmelweis.hu\/konzervalo-fogaszat\/wp-json\/wp\/v2\/categories?post=2427"},{"taxonomy":"post_tag","embeddable":true,"href":"https:\/\/semmelweis.hu\/konzervalo-fogaszat\/wp-json\/wp\/v2\/tags?post=2427"}],"curies":[{"name":"wp","href":"https:\/\/api.w.org\/{rel}","templated":true}]}}