{"id":56,"date":"2012-07-03T14:46:45","date_gmt":"2012-07-03T12:46:45","guid":{"rendered":"http:\/\/semmelweis-egyetem.hu\/kontrolling\/?page_id=56"},"modified":"2026-01-14T13:57:03","modified_gmt":"2026-01-14T12:57:03","slug":"keretgazdalkodasi-osztaly","status":"publish","type":"page","link":"https:\/\/semmelweis.hu\/kontrolling\/szervezeti-egysegek\/kontrolling-igazgatosag\/keretgazdalkodasi-osztaly\/","title":{"rendered":"Keretgazd\u00e1lkod\u00e1si Oszt\u00e1ly"},"content":{"rendered":"<h5>MB. Oszt\u00e1lyvezet\u0151: Mar\u00e1czi Andrea<\/h5>\n<h5>Az oszt\u00e1ly feladatai:<\/h5>\n<p style=\"text-align: justify\"><span style=\"color: #333333\">R\u00e9szv\u00e9tel az eg\u00e9szs\u00e9g\u00fcgyi szolg\u00e1ltat\u00f3i teljes\u00edtm\u00e9ny \u00e9s bev\u00e9teli tervek elk\u00e9sz\u00edt\u00e9s\u00e9ben, a teljes\u00edt\u00e9s monitoroz\u00e1s\u00e1ban, a visszaigazolt teljes\u00edtm\u00e9ny \u00e9s bev\u00e9teli adatok elemz\u00e9s\u00e9ben \u00e9s progn\u00f3zisok k\u00e9sz\u00edt\u00e9s\u00e9ben.<\/span><\/p>\n<ul>\n<li style=\"text-align: justify\">R\u00e9szt vesz a vezet\u0151i k\u00f6lts\u00e9gvet\u00e9s tervez\u00e9s\u00e9ben, v\u00e9grehajt\u00e1s\u00e1ban \u00e9s nyomon k\u00f6vet\u00e9s\u00e9ben.<\/li>\n<li style=\"text-align: justify\">Elk\u00e9sz\u00edti a keretgazd\u00e1lkod\u00e1ssal kapcsolatos rendszeres \u00e9s ad-hoc riportokat.<\/li>\n<li style=\"text-align: justify\">R\u00e9szt vesz az Egyetem gazdas\u00e1gi informatikai rendszer (SAP), k\u00f6lts\u00e9gvet\u00e9s-menedzsment (KVM) modulj\u00e1nak kezel\u00e9s\u00e9ben, fejleszt\u00e9s\u00e9ben, t\u00f6rzsadatok l\u00e9trehoz\u00e1s\u00e1ban, karbantart\u00e1s\u00e1ban, valamint CO \u00e9s KVM modul oktat\u00e1s\u00e1ban.<\/li>\n<li style=\"text-align: justify\">Kapcsolatot tart a szervezeti egys\u00e9gekkel. Sz\u00e1mukra inform\u00e1ci\u00f3t ad, szakmailag seg\u00edti tev\u00e9kenys\u00e9g\u00fcket, ezzel el\u0151mozd\u00edtja a szervezeti egys\u00e9gek hat\u00e9konyabb, szakszer\u0171bb gazd\u00e1lkod\u00e1s\u00e1t.<\/li>\n<li style=\"text-align: justify\">A magyar hallgat\u00f3kkal, k\u00fclf\u00f6ldi hallgat\u00f3kkal, egy\u00e9b int\u00e9zm\u00e9nyi bev\u00e9tellel, eg\u00e9szs\u00e9g\u00fcgyi tev\u00e9kenys\u00e9ggel, fejleszt\u00e9sekkel, fels\u0151fok\u00fa szakk\u00e9pz\u00e9ssel, k\u00f6zponti k\u00e9pzett keretekkel kapcsolatban felmer\u00fcl\u0151 gazd\u00e1lkod\u00e1si adatok nyilv\u00e1ntart\u00e1s\u00e1t szolg\u00e1l\u00f3 SAP p\u00e9nz\u00fcgyi alapon t\u00f6rt\u00e9n\u0151 keretmozg\u00e1sok kezel\u00e9se, a p\u00e9nz\u00fcgyi alapot illet\u0151 rendszeres \u00e9s ad-hoc kimutat\u00e1sok k\u00e9sz\u00edt\u00e9se, megbesz\u00e9l\u00e9seken szak\u00e9rt\u0151k\u00e9nt t\u00f6rt\u00e9n\u0151 r\u00e9szv\u00e9tel.<\/li>\n<li style=\"text-align: justify\">K\u00f6lts\u00e9gvet\u00e9si keretek bet\u00f6lt\u00e9se, havi kienged\u00e9lyez\u00e9se. El\u0151rehozott, ideiglenes, forg\u00f3 keretnyit\u00e1sok r\u00f6gz\u00edt\u00e9se, visszav\u00e9tele. Az egyedi finansz\u00edroz\u00e1s\u00fa gy\u00f3gyszer \u00e9s ter\u00e1pi\u00e1s anyagok kereteinek kezel\u00e9se.<\/li>\n<li style=\"text-align: justify\">Az Egyetem gazd\u00e1lkod\u00e1s\u00e1t bemutat\u00f3 havi rendszeres \u00e9s ad hoc keret\u00e1ll\u00e1s-felhaszn\u00e1l\u00e1s riportok k\u00e9sz\u00edt\u00e9se.<\/li>\n<li style=\"text-align: justify\">Kiterhel\u00e9sek \u00e9s azt k\u00f6vet\u0151 keret\u00e1tad\u00e1sok kezel\u00e9se (Bels\u0151 eg\u00e9szs\u00e9g\u00fcgyi szolg\u00e1ltat\u00e1sok, GMSZ, t\u00f6mbhozz\u00e1j\u00e1rul\u00e1s)<\/li>\n<li style=\"text-align: justify\">Feloszt\u00e1sokhoz sz\u00fcks\u00e9ges mutat\u00f3sz\u00e1mok bek\u00e9r\u00e9se.<\/li>\n<li style=\"text-align: justify\">A szervezeti egys\u00e9gekt\u0151l \u00e9rkez\u0151 \u00e1tk\u00f6nyvel\u00e9s, \u00e1tcsoportos\u00edt\u00e1si ig\u00e9nyek ellen\u0151rz\u00e9se \u00e9s v\u00e9grehajt\u00e1sa, valamint visszajelz\u00e9s az \u00e9rintett egys\u00e9gek r\u00e9sz\u00e9re.<\/li>\n<li style=\"text-align: justify\">Eszk\u00f6zfoglal\u00e1sok kezel\u00e9se.<\/li>\n<\/ul>\n<p style=\"text-align: justify\"><span style=\"color: #333333\">\u00a0<\/span><\/p>\n","protected":false},"excerpt":{"rendered":"<p>MB. Oszt\u00e1lyvezet\u0151: Mar\u00e1czi Andrea Az oszt\u00e1ly feladatai: R\u00e9szv\u00e9tel az eg\u00e9szs\u00e9g\u00fcgyi szolg\u00e1ltat\u00f3i teljes\u00edtm\u00e9ny \u00e9s bev\u00e9teli tervek elk\u00e9sz\u00edt\u00e9s\u00e9ben, a teljes\u00edt\u00e9s monitoroz\u00e1s\u00e1ban, a visszaigazolt teljes\u00edtm\u00e9ny \u00e9s bev\u00e9teli adatok elemz\u00e9s\u00e9ben \u00e9s progn\u00f3zisok k\u00e9sz\u00edt\u00e9s\u00e9ben. R\u00e9szt vesz a vezet\u0151i k\u00f6lts\u00e9gvet\u00e9s tervez\u00e9s\u00e9ben, v\u00e9grehajt\u00e1s\u00e1ban \u00e9s nyomon k\u00f6vet\u00e9s\u00e9ben. Elk\u00e9sz\u00edti a keretgazd\u00e1lkod\u00e1ssal kapcsolatos rendszeres \u00e9s ad-hoc riportokat. R\u00e9szt vesz az Egyetem gazdas\u00e1gi informatikai rendszer (SAP), &hellip;<\/p>\n","protected":false},"author":101027,"featured_media":0,"parent":326,"menu_order":2,"comment_status":"closed","ping_status":"closed","template":"template-fullwidth.php","meta":{"_acf_changed":false,"footnotes":""},"categories":[],"tags":[],"class_list":["post-56","page","type-page","status-publish","hentry"],"acf":[],"_links":{"self":[{"href":"https:\/\/semmelweis.hu\/kontrolling\/wp-json\/wp\/v2\/pages\/56","targetHints":{"allow":["GET"]}}],"collection":[{"href":"https:\/\/semmelweis.hu\/kontrolling\/wp-json\/wp\/v2\/pages"}],"about":[{"href":"https:\/\/semmelweis.hu\/kontrolling\/wp-json\/wp\/v2\/types\/page"}],"author":[{"embeddable":true,"href":"https:\/\/semmelweis.hu\/kontrolling\/wp-json\/wp\/v2\/users\/101027"}],"replies":[{"embeddable":true,"href":"https:\/\/semmelweis.hu\/kontrolling\/wp-json\/wp\/v2\/comments?post=56"}],"version-history":[{"count":12,"href":"https:\/\/semmelweis.hu\/kontrolling\/wp-json\/wp\/v2\/pages\/56\/revisions"}],"predecessor-version":[{"id":94109,"href":"https:\/\/semmelweis.hu\/kontrolling\/wp-json\/wp\/v2\/pages\/56\/revisions\/94109"}],"up":[{"embeddable":true,"href":"https:\/\/semmelweis.hu\/kontrolling\/wp-json\/wp\/v2\/pages\/326"}],"wp:attachment":[{"href":"https:\/\/semmelweis.hu\/kontrolling\/wp-json\/wp\/v2\/media?parent=56"}],"wp:term":[{"taxonomy":"category","embeddable":true,"href":"https:\/\/semmelweis.hu\/kontrolling\/wp-json\/wp\/v2\/categories?post=56"},{"taxonomy":"post_tag","embeddable":true,"href":"https:\/\/semmelweis.hu\/kontrolling\/wp-json\/wp\/v2\/tags?post=56"}],"curies":[{"name":"wp","href":"https:\/\/api.w.org\/{rel}","templated":true}]}}

Keretgazdálkodási Osztály

<h5>MB. Osztályvezető: Maráczi Andrea</h5>
<h5>Az osztály feladatai:</h5>
<p style="text-align: justify"><span style="color: #333333">Részvétel az egészségügyi szolgáltatói teljesítmény és bevételi tervek elkészítésében, a teljesítés monitorozásában, a visszaigazolt teljesítmény és bevételi adatok elemzésében és prognózisok készítésében.</span></p>
<ul>
<li style="text-align: justify">Részt vesz a vezetői költségvetés tervezésében, végrehajtásában és nyomon követésében.</li>
<li style="text-align: justify">Elkészíti a keretgazdálkodással kapcsolatos rendszeres és ad-hoc riportokat.</li>
<li style="text-align: justify">Részt vesz az Egyetem gazdasági informatikai rendszer (SAP), költségvetés-menedzsment (KVM) moduljának kezelésében, fejlesztésében, törzsadatok létrehozásában, karbantartásában, valamint CO és KVM modul oktatásában.</li>
<li style="text-align: justify">Kapcsolatot tart a szervezeti egységekkel. Számukra információt ad, szakmailag segíti tevékenységüket, ezzel előmozdítja a szervezeti egységek hatékonyabb, szakszerűbb gazdálkodását.</li>
<li style="text-align: justify">A magyar hallgatókkal, külföldi hallgatókkal, egyéb intézményi bevétellel, egészségügyi tevékenységgel, fejlesztésekkel, felsőfokú szakképzéssel, központi képzett keretekkel kapcsolatban felmerülő gazdálkodási adatok nyilvántartását szolgáló SAP pénzügyi alapon történő keretmozgások kezelése, a pénzügyi alapot illető rendszeres és ad-hoc kimutatások készítése, megbeszéléseken szakértőként történő részvétel.</li>
<li style="text-align: justify">Költségvetési keretek betöltése, havi kiengedélyezése. Előrehozott, ideiglenes, forgó keretnyitások rögzítése, visszavétele. Az egyedi finanszírozású gyógyszer és terápiás anyagok kereteinek kezelése.</li>
<li style="text-align: justify">Az Egyetem gazdálkodását bemutató havi rendszeres és ad hoc keretállás-felhasználás riportok készítése.</li>
<li style="text-align: justify">Kiterhelések és azt követő keretátadások kezelése (Belső egészségügyi szolgáltatások, GMSZ, tömbhozzájárulás)</li>
<li style="text-align: justify">Felosztásokhoz szükséges mutatószámok bekérése.</li>
<li style="text-align: justify">A szervezeti egységektől érkező átkönyvelés, átcsoportosítási igények ellenőrzése és végrehajtása, valamint visszajelzés az érintett egységek részére.</li>
<li style="text-align: justify">Eszközfoglalások kezelése.</li>
</ul>
<p style="text-align: justify"><span style="color: #333333"> </span></p>

<p>MB. Osztályvezető: Maráczi Andrea Az osztály feladatai: Részvétel az egészségügyi szolgáltatói teljesítmény és bevételi tervek elkészítésében, a teljesítés monitorozásában, a visszaigazolt teljesítmény és bevételi adatok elemzésében és prognózisok készítésében. Részt vesz a vezetői költségvetés tervezésében, végrehajtásában és nyomon követésében. Elkészíti a keretgazdálkodással kapcsolatos rendszeres és ad-hoc riportokat. Részt vesz az Egyetem gazdasági informatikai rendszer (SAP), &hellip;</p>
