{"id":326,"date":"2024-11-06T14:12:31","date_gmt":"2024-11-06T13:12:31","guid":{"rendered":"http:\/\/semmelweis-egyetem.hu\/gmf\/?page_id=12"},"modified":"2026-01-14T14:32:03","modified_gmt":"2026-01-14T13:32:03","slug":"kontrolling-igazgatosag","status":"publish","type":"page","link":"https:\/\/semmelweis.hu\/kontrolling\/szervezeti-egysegek\/kontrolling-igazgatosag\/","title":{"rendered":"Kontrolling Igazgat\u00f3s\u00e1g"},"content":{"rendered":"<div class=\"keretes w-100\">\n<h4><img loading=\"lazy\" decoding=\"async\" class=\"size-medium wp-image-94111 alignleft\" style=\"color: #1e2326;font-family: 'PT serif', serif;font-size: 1rem\" src=\"https:\/\/semmelweis.hu\/kontrolling\/files\/2026\/01\/RS146149_C19A5391-scr-1024x683-1-400x267.jpg\" alt=\"\" width=\"400\" height=\"267\" srcset=\"https:\/\/semmelweis.hu\/kontrolling\/files\/2026\/01\/RS146149_C19A5391-scr-1024x683-1-400x267.jpg 400w, https:\/\/semmelweis.hu\/kontrolling\/files\/2026\/01\/RS146149_C19A5391-scr-1024x683-1-768x512.jpg 768w, https:\/\/semmelweis.hu\/kontrolling\/files\/2026\/01\/RS146149_C19A5391-scr-1024x683-1-753x502.jpg 753w, https:\/\/semmelweis.hu\/kontrolling\/files\/2026\/01\/RS146149_C19A5391-scr-1024x683-1-203x135.jpg 203w, https:\/\/semmelweis.hu\/kontrolling\/files\/2026\/01\/RS146149_C19A5391-scr-1024x683-1.jpg 1024w\" sizes=\"auto, (max-width: 400px) 100vw, 400px\" \/><\/h4>\n<p>&nbsp;<\/p>\n<p style=\"text-align: justify\">Kontrolling Igazgat\u00f3s\u00e1g a k\u00f6lts\u00e9gvet\u00e9s\u00e9rt \u00e9s a kontrolling\u00e9rt felel\u0151s f\u0151igazgat\u00f3 k\u00f6zvetlen ir\u00e1ny\u00edt\u00e1s\u00e1val m\u0171k\u00f6d\u0151, \u00f6n\u00e1ll\u00f3 keretgazd\u00e1lkod\u00e1si jogk\u00f6rrel rendelkez\u0151 k\u00f6zponti vertik\u00e1lis funkcion\u00e1lis szervezeti egys\u00e9g.<\/p>\n<\/div>\n<h4><strong>A Kontrolling Igazgat\u00f3s\u00e1g feladatai:<\/strong><\/h4>\n<ul>\n<li style=\"text-align: justify\">a k\u00f6lts\u00e9gvet\u00e9s tervez\u00e9se \u00e9s v\u00e9grehajt\u00e1s\u00e1nak nyomon k\u00f6vet\u00e9se, amelynek keret\u00e9ben gazd\u00e1lkod\u00e1ssal kapcsolatos inform\u00e1ci\u00f3k gy\u0171jt\u00e9se, feldolgoz\u00e1sa, vezet\u0151i d\u00f6nt\u00e9sek el\u0151k\u00e9sz\u00edt\u00e9se, t\u00e1mogat\u00e1sa, vezet\u0151i besz\u00e1mol\u00f3k k\u00e9sz\u00edt\u00e9se,<\/li>\n<li style=\"text-align: justify\">a keretgazd\u00e1lkod\u00e1ssal kapcsolatos tervek, \u00e9ves int\u00e9zm\u00e9nyi k\u00f6lts\u00e9gvet\u00e9si terv \u00e9s teljes\u00fcl\u00e9sek nyomon k\u00f6vet\u00e9se , a keretgazd\u00e1lkod\u00e1s felt\u00e9teleinek biztos\u00edt\u00e1sa \u00e9s ellen\u0151rz\u00e9se,<\/li>\n<li style=\"text-align: justify\">az Egyetem foglalkoztatottjaira vonatkoz\u00f3an a l\u00e9tsz\u00e1m- \u00e9s b\u00e9rtervez\u00e9ssel, a terv teljes\u00fcl\u00e9s\u00e9vel \u00f6sszef\u00fcgg\u0151 feladatok ell\u00e1t\u00e1sa, ehhez kapcsol\u00f3d\u00f3an a rendszeres \u00e9s nem rendszeres adatszolg\u00e1ltat\u00e1si feladatok elv\u00e9gz\u00e9se, az integr\u00e1lt v\u00e1llalatir\u00e1ny\u00edt\u00e1si rendszer l\u00e9tsz\u00e1m- \u00e9s b\u00e9rgazd\u00e1lkod\u00e1ssal kapcsolatos moduljai m\u0171k\u00f6d\u00e9s\u00e9nek szakmai t\u00e1mogat\u00e1sa,<\/li>\n<li style=\"text-align: justify\">kezeli az Adatt\u00e1r t\u00edpus\u00fa Vezet\u0151i Inform\u00e1ci\u00f3 Rendszert (AVIR),<\/li>\n<li style=\"text-align: justify\">Power BI rendszer fejleszt\u00e9se \u00e9s m\u0171k\u00f6dtet\u00e9se, jogosults\u00e1gok kezel\u00e9se,<\/li>\n<li style=\"text-align: justify\">gazd\u00e1lkod\u00e1ssal \u00f6sszef\u00fcgg\u0151 k\u00fcls\u0151 adatszolg\u00e1ltat\u00e1si ig\u00e9nyek kezel\u00e9se, kiszolg\u00e1l\u00e1sa.<\/li>\n<\/ul>\n<style>\n           #page-grid .card-body > .line-clamp-box.excerpt{\n        width: inherit;\n        max-width: inherit;\n        display:flex;\n        min-height: 2.4em;\n        flex-direction: column;\n        justify-content: space-around;\n        background-color: #D6E4EA;\n        min-height: 3.4rem;\n        font-family: \"Montserrat\", sans-serif;\n    }\n\n    #page-grid a:hover .card-body > .line-clamp-box.excerpt {\n        background-color: #fff;\n        color: #313B40;\n    }\n\n    #page-grid .card-body .line-clamp-box.excerpt section{\n        max-width: inherit;\n        display: -webkit-box;\n        -webkit-line-clamp: 2;\n        -webkit-box-orient: vertical;\n        overflow: hidden;\n        text-overflow: ellipsis;\n        hyphens: auto;\n        margin: auto;\n        \n    }\n    .line-clamp-box.excerpt section, .line-clamp-box.excerpt section p{\n        font-size:0.8em;\n    }\n    \n<\/style>\n    <section id=\"page-grid\">\n        <section class=\"d-block d-md-flex title-row my-3 ml-0 ml-md-1\">\n<div class=\"section-title  mb-1 \">\n<h2>\n    Egys\u00e9geink\n<\/h2>\n<\/div>\n<\/section>\n        <div class=\"row row-cols-1 row-cols-md-2 row-cols-lg-2 no-gutters mx-0 \">    <div class =\"col  mb-2 card-wrapper\">\n        <a class=\"d-flex flex-fill card-link-warapper m-md-1\" href=\"https:\/\/semmelweis.hu\/kontrolling\/szervezeti-egysegek\/kontrolling-igazgatosag\/avir\/\">\n            <div class=\"card border border-secondary se-border flex-fill\">\n                <div class=\"row no-gutters mx-0 d-flex flex-nowrap flex-md-wrap align-items-center\">\n                    <div class =\"  col-5 col-md-12  d-none  d-md-none d-md-none  bg-image  card-image justify-content-center\">\n                        <img class='wp-post-image img-fluid landscape' src='https:\/\/semmelweis.hu\/kontrolling\/wp-content\/themes\/se18\/dist\/images\/svg\/bg-image.svg' \/>\n                    <\/div>\n                    <div class=\"card-body  col flex-column  col-md-12 p-0\">\n                        <div class=\"line-clamp-box p-3\">\n                            <h5 class=\"ml-0 ml-sm-1 mt-2 align-items-center\"  >AVIR Inform\u00e1ci\u00f3s K\u00f6zpont<\/h5>\n                        <\/div>\n                        \n                    <\/div>\n                <\/div>\n\n            <\/div>\n        <\/a>\n    <\/div>    <div class =\"col  mb-2 card-wrapper\">\n        <a class=\"d-flex flex-fill card-link-warapper m-md-1\" href=\"https:\/\/semmelweis.hu\/kontrolling\/szervezeti-egysegek\/kontrolling-igazgatosag\/hr-kontrolling\/\">\n            <div class=\"card border border-secondary se-border flex-fill\">\n                <div class=\"row no-gutters mx-0 d-flex flex-nowrap flex-md-wrap align-items-center\">\n                    <div class =\"  col-5 col-md-12  d-none  d-md-none d-md-none  bg-image  card-image justify-content-center\">\n                        <img class='wp-post-image img-fluid landscape' src='https:\/\/semmelweis.hu\/kontrolling\/wp-content\/themes\/se18\/dist\/images\/svg\/bg-image.svg' \/>\n                    <\/div>\n                    <div class=\"card-body  col flex-column  col-md-12 p-0\">\n                        <div class=\"line-clamp-box p-3\">\n                            <h5 class=\"ml-0 ml-sm-1 mt-2 align-items-center\"  >HR-kontrolling Oszt\u00e1ly<\/h5>\n                        <\/div>\n                        \n                    <\/div>\n                <\/div>\n\n            <\/div>\n        <\/a>\n    <\/div>    <div class =\"col  mb-2 card-wrapper\">\n        <a class=\"d-flex flex-fill card-link-warapper m-md-1\" href=\"https:\/\/semmelweis.hu\/kontrolling\/szervezeti-egysegek\/kontrolling-igazgatosag\/keretgazdalkodasi-osztaly\/\">\n            <div class=\"card border border-secondary se-border flex-fill\">\n                <div class=\"row no-gutters mx-0 d-flex flex-nowrap flex-md-wrap align-items-center\">\n                    <div class =\"  col-5 col-md-12  d-none  d-md-none d-md-none  bg-image  card-image justify-content-center\">\n                        <img class='wp-post-image img-fluid landscape' src='https:\/\/semmelweis.hu\/kontrolling\/wp-content\/themes\/se18\/dist\/images\/svg\/bg-image.svg' \/>\n                    <\/div>\n                    <div class=\"card-body  col flex-column  col-md-12 p-0\">\n                        <div class=\"line-clamp-box p-3\">\n                            <h5 class=\"ml-0 ml-sm-1 mt-2 align-items-center\"  >Keretgazd\u00e1lkod\u00e1si Oszt\u00e1ly<\/h5>\n                        <\/div>\n                        \n                    <\/div>\n                <\/div>\n\n            <\/div>\n        <\/a>\n    <\/div>    <div class =\"col  mb-2 card-wrapper\">\n        <a class=\"d-flex flex-fill card-link-warapper m-md-1\" href=\"https:\/\/semmelweis.hu\/kontrolling\/szervezeti-egysegek\/kontrolling-igazgatosag\/tervezo-elemzo-osztaly\/\">\n            <div class=\"card border border-secondary se-border flex-fill\">\n                <div class=\"row no-gutters mx-0 d-flex flex-nowrap flex-md-wrap align-items-center\">\n                    <div class =\"  col-5 col-md-12  d-none  d-md-none d-md-none  bg-image  card-image justify-content-center\">\n                        <img class='wp-post-image img-fluid landscape' src='https:\/\/semmelweis.hu\/kontrolling\/wp-content\/themes\/se18\/dist\/images\/svg\/bg-image.svg' \/>\n                    <\/div>\n                    <div class=\"card-body  col flex-column  col-md-12 p-0\">\n                        <div class=\"line-clamp-box p-3\">\n                            <h5 class=\"ml-0 ml-sm-1 mt-2 align-items-center\"  >Tervez\u0151-elemz\u0151 Oszt\u00e1ly<\/h5>\n                        <\/div>\n                        \n                    <\/div>\n                <\/div>\n\n            <\/div>\n        <\/a>\n    <\/div>        <\/div>\n    <\/section>\n","protected":false},"excerpt":{"rendered":"<p>&nbsp; Kontrolling Igazgat\u00f3s\u00e1g a k\u00f6lts\u00e9gvet\u00e9s\u00e9rt \u00e9s a kontrolling\u00e9rt felel\u0151s f\u0151igazgat\u00f3 k\u00f6zvetlen ir\u00e1ny\u00edt\u00e1s\u00e1val m\u0171k\u00f6d\u0151, \u00f6n\u00e1ll\u00f3 keretgazd\u00e1lkod\u00e1si jogk\u00f6rrel rendelkez\u0151 k\u00f6zponti vertik\u00e1lis funkcion\u00e1lis szervezeti egys\u00e9g. A Kontrolling Igazgat\u00f3s\u00e1g feladatai: a k\u00f6lts\u00e9gvet\u00e9s tervez\u00e9se \u00e9s v\u00e9grehajt\u00e1s\u00e1nak nyomon k\u00f6vet\u00e9se, amelynek keret\u00e9ben gazd\u00e1lkod\u00e1ssal kapcsolatos inform\u00e1ci\u00f3k gy\u0171jt\u00e9se, feldolgoz\u00e1sa, vezet\u0151i d\u00f6nt\u00e9sek el\u0151k\u00e9sz\u00edt\u00e9se, t\u00e1mogat\u00e1sa, vezet\u0151i besz\u00e1mol\u00f3k k\u00e9sz\u00edt\u00e9se, a keretgazd\u00e1lkod\u00e1ssal kapcsolatos tervek, \u00e9ves int\u00e9zm\u00e9nyi k\u00f6lts\u00e9gvet\u00e9si terv &hellip;<\/p>\n","protected":false},"author":101027,"featured_media":0,"parent":93740,"menu_order":2,"comment_status":"open","ping_status":"closed","template":"template-fullwidth.php","meta":{"_acf_changed":false,"footnotes":""},"categories":[],"tags":[],"class_list":["post-326","page","type-page","status-publish","hentry"],"acf":[],"_links":{"self":[{"href":"https:\/\/semmelweis.hu\/kontrolling\/wp-json\/wp\/v2\/pages\/326","targetHints":{"allow":["GET"]}}],"collection":[{"href":"https:\/\/semmelweis.hu\/kontrolling\/wp-json\/wp\/v2\/pages"}],"about":[{"href":"https:\/\/semmelweis.hu\/kontrolling\/wp-json\/wp\/v2\/types\/page"}],"author":[{"embeddable":true,"href":"https:\/\/semmelweis.hu\/kontrolling\/wp-json\/wp\/v2\/users\/101027"}],"replies":[{"embeddable":true,"href":"https:\/\/semmelweis.hu\/kontrolling\/wp-json\/wp\/v2\/comments?post=326"}],"version-history":[{"count":10,"href":"https:\/\/semmelweis.hu\/kontrolling\/wp-json\/wp\/v2\/pages\/326\/revisions"}],"predecessor-version":[{"id":94112,"href":"https:\/\/semmelweis.hu\/kontrolling\/wp-json\/wp\/v2\/pages\/326\/revisions\/94112"}],"up":[{"embeddable":true,"href":"https:\/\/semmelweis.hu\/kontrolling\/wp-json\/wp\/v2\/pages\/93740"}],"wp:attachment":[{"href":"https:\/\/semmelweis.hu\/kontrolling\/wp-json\/wp\/v2\/media?parent=326"}],"wp:term":[{"taxonomy":"category","embeddable":true,"href":"https:\/\/semmelweis.hu\/kontrolling\/wp-json\/wp\/v2\/categories?post=326"},{"taxonomy":"post_tag","embeddable":true,"href":"https:\/\/semmelweis.hu\/kontrolling\/wp-json\/wp\/v2\/tags?post=326"}],"curies":[{"name":"wp","href":"https:\/\/api.w.org\/{rel}","templated":true}]}}