{"id":295,"date":"2023-08-23T14:52:47","date_gmt":"2023-08-23T12:52:47","guid":{"rendered":"https:\/\/semmelweis.hu\/kontrolling\/?page_id=295"},"modified":"2025-11-17T10:25:49","modified_gmt":"2025-11-17T09:25:49","slug":"linktar","status":"publish","type":"page","link":"https:\/\/semmelweis.hu\/kontrolling\/linktar\/","title":{"rendered":"Linkt\u00e1r"},"content":{"rendered":"<p>&nbsp;<\/p>\n<p><a href=\"http:\/\/avir.semmelweis.hu\/\" target=\"_blank\" rel=\"noopener\"><strong>Adatt\u00e1r Alap\u00fa Vezet\u0151i Inform\u00e1ci\u00f3s Rendszer<\/strong><\/a><\/p>\n<p><a href=\"http:\/\/semmelweis.hu\/informatika\/egyeb-szolgaltatasok\/atkonyveles-igenylo-rendszer-felhasznaloi-leiras\/\" target=\"_blank\" rel=\"noopener\"><strong>\u00c1tk\u00f6nyvel\u00e9s ig\u00e9nyl\u0151 rendszer<\/strong><\/a><\/p>\n<p><strong><a href=\"http:\/\/koltsegterv.semmelweis.hu\/main.php\">Tervez\u0151program<\/a><\/strong><\/p>\n<p>\nTov\u00e1bbi linkek felt\u00f6lt\u00e9se folyamatban.<\/p>\n<p><\/p>\n","protected":false},"excerpt":{"rendered":"<p>&nbsp;<br \/>\n<a href=\"http:\/\/avir.semmelweis.hu\/\" target=\"_blank\" rel=\"noopener\">Adatt\u00e1r Alap\u00fa Vezet\u0151i Inform\u00e1ci\u00f3s Rendszer<\/a><br \/>\n<a href=\"http:\/\/semmelweis.hu\/informatika\/egyeb-szolgaltatasok\/atkonyveles-igenylo-rendszer-felhasznaloi-leiras\/\" target=\"_blank\" rel=\"noopener\">\u00c1tk\u00f6nyvel\u00e9s ig\u00e9nyl\u0151 rendszer<\/a><br \/>\n<a href=\"http:\/\/koltsegterv.semmelweis.hu\/main.php\">Tervez\u0151program<\/a><\/p>\n<p>Tov\u00e1bbi linkek felt\u00f6lt\u00e9se folyamatban.<\/p>\n","protected":false},"author":102244,"featured_media":0,"parent":0,"menu_order":7,"comment_status":"closed","ping_status":"closed","template":"","meta":{"_acf_changed":false,"footnotes":""},"categories":[],"tags":[],"class_list":["post-295","page","type-page","status-publish","hentry"],"acf":[],"_links":{"self":[{"href":"https:\/\/semmelweis.hu\/kontrolling\/wp-json\/wp\/v2\/pages\/295","targetHints":{"allow":["GET"]}}],"collection":[{"href":"https:\/\/semmelweis.hu\/kontrolling\/wp-json\/wp\/v2\/pages"}],"about":[{"href":"https:\/\/semmelweis.hu\/kontrolling\/wp-json\/wp\/v2\/types\/page"}],"author":[{"embeddable":true,"href":"https:\/\/semmelweis.hu\/kontrolling\/wp-json\/wp\/v2\/users\/102244"}],"replies":[{"embeddable":true,"href":"https:\/\/semmelweis.hu\/kontrolling\/wp-json\/wp\/v2\/comments?post=295"}],"version-history":[{"count":7,"href":"https:\/\/semmelweis.hu\/kontrolling\/wp-json\/wp\/v2\/pages\/295\/revisions"}],"predecessor-version":[{"id":94013,"href":"https:\/\/semmelweis.hu\/kontrolling\/wp-json\/wp\/v2\/pages\/295\/revisions\/94013"}],"wp:attachment":[{"href":"https:\/\/semmelweis.hu\/kontrolling\/wp-json\/wp\/v2\/media?parent=295"}],"wp:term":[{"taxonomy":"category","embeddable":true,"href":"https:\/\/semmelweis.hu\/kontrolling\/wp-json\/wp\/v2\/categories?post=295"},{"taxonomy":"post_tag","embeddable":true,"href":"https:\/\/semmelweis.hu\/kontrolling\/wp-json\/wp\/v2\/tags?post=295"}],"curies":[{"name":"wp","href":"https:\/\/api.w.org\/{rel}","templated":true}]}}