{"id":490,"date":"2014-02-10T13:58:51","date_gmt":"2014-02-10T11:58:51","guid":{"rendered":"http:\/\/semmelweis.hu\/kollegiumok\/?page_id=490"},"modified":"2025-12-17T09:43:33","modified_gmt":"2025-12-17T08:43:33","slug":"noverszallo-dokumentumok","status":"publish","type":"page","link":"https:\/\/semmelweis.hu\/kollegiumok\/noverszallo\/noverszallo-dokumentumok\/","title":{"rendered":"A N\u0151v\u00e9rsz\u00e1ll\u00f3 dokumentumai"},"content":{"rendered":"<h5>Szolg\u00e1ltat\u00e1sok \u00e9s szab\u00e1lyzatok<\/h5>\n<ul>\n<li><a href=\"https:\/\/semmelweis.hu\/kollegiumok\/files\/2014\/02\/SE_Noverszallas_Alapszolgaltatasok.docx\">Alapszolg\u00e1ltat\u00e1sok<\/a> (docx)<\/li>\n<li><a href=\"https:\/\/semmelweis.hu\/kollegiumok\/files\/2024\/01\/elhelyezesi_szerzodes-1_2024..doc\">Elhelyez\u00e9si szerz\u0151d\u00e9s<\/a> (doc)<\/li>\n<li><a href=\"https:\/\/semmelweis.hu\/kollegiumok\/files\/2024\/01\/Egyeni-Felszerelesi-lap_2024...docx\">Felszerel\u00e9si lap <\/a>(docx)<\/li>\n<li><a href=\"https:\/\/semmelweis.hu\/kollegiumok\/files\/2024\/01\/Felveteli-kerelem-1-2024_vers.docx\">Felv\u00e9teli k\u00e9relem<\/a> (docx)<\/li>\n<li><a href=\"https:\/\/semmelweis.hu\/kollegiumok\/files\/2024\/01\/Tuzvedelmi-Szabalyzat_2023..pdf\">T\u0171zv\u00e9delmi Szab\u00e1lyzat<\/a> Hat\u00e1lyos: 2023 \u00e9vt\u0151l (pdf)<\/li>\n<\/ul>\n","protected":false},"excerpt":{"rendered":"<p>Szolg\u00e1ltat\u00e1sok \u00e9s szab\u00e1lyzatok<\/p>\n<p><a href=\"https:\/\/semmelweis.hu\/kollegiumok\/files\/2014\/02\/SE_Noverszallas_Alapszolgaltatasok.docx\">Alapszolg\u00e1ltat\u00e1sok<\/a> (docx)<br \/>\n<a href=\"https:\/\/semmelweis.hu\/kollegiumok\/files\/2024\/01\/elhelyezesi_szerzodes-1_2024..doc\">Elhelyez\u00e9si szerz\u0151d\u00e9s<\/a> (doc)<br \/>\n<a href=\"https:\/\/semmelweis.hu\/kollegiumok\/files\/2024\/01\/Egyeni-Felszerelesi-lap_2024...docx\">Felszerel\u00e9si lap <\/a>(docx)<br \/>\n<a href=\"https:\/\/semmelweis.hu\/kollegiumok\/files\/2024\/01\/Felveteli-kerelem-1-2024_vers.docx\">Felv\u00e9teli k\u00e9relem<\/a> (docx)<br \/>\n<a href=\"https:\/\/semmelweis.hu\/kollegiumok\/files\/2024\/01\/Tuzvedelmi-Szabalyzat_2023..pdf\">T\u0171zv\u00e9delmi Szab\u00e1lyzat<\/a> Hat\u00e1lyos: 2023 \u00e9vt\u0151l (pdf)<\/p>\n","protected":false},"author":201,"featured_media":0,"parent":486,"menu_order":2,"comment_status":"open","ping_status":"open","template":"","meta":{"_acf_changed":false,"footnotes":""},"categories":[],"tags":[],"class_list":["post-490","page","type-page","status-publish","hentry"],"acf":[],"_links":{"self":[{"href":"https:\/\/semmelweis.hu\/kollegiumok\/wp-json\/wp\/v2\/pages\/490","targetHints":{"allow":["GET"]}}],"collection":[{"href":"https:\/\/semmelweis.hu\/kollegiumok\/wp-json\/wp\/v2\/pages"}],"about":[{"href":"https:\/\/semmelweis.hu\/kollegiumok\/wp-json\/wp\/v2\/types\/page"}],"author":[{"embeddable":true,"href":"https:\/\/semmelweis.hu\/kollegiumok\/wp-json\/wp\/v2\/users\/201"}],"replies":[{"embeddable":true,"href":"https:\/\/semmelweis.hu\/kollegiumok\/wp-json\/wp\/v2\/comments?post=490"}],"version-history":[{"count":13,"href":"https:\/\/semmelweis.hu\/kollegiumok\/wp-json\/wp\/v2\/pages\/490\/revisions"}],"predecessor-version":[{"id":3576,"href":"https:\/\/semmelweis.hu\/kollegiumok\/wp-json\/wp\/v2\/pages\/490\/revisions\/3576"}],"up":[{"embeddable":true,"href":"https:\/\/semmelweis.hu\/kollegiumok\/wp-json\/wp\/v2\/pages\/486"}],"wp:attachment":[{"href":"https:\/\/semmelweis.hu\/kollegiumok\/wp-json\/wp\/v2\/media?parent=490"}],"wp:term":[{"taxonomy":"category","embeddable":true,"href":"https:\/\/semmelweis.hu\/kollegiumok\/wp-json\/wp\/v2\/categories?post=490"},{"taxonomy":"post_tag","embeddable":true,"href":"https:\/\/semmelweis.hu\/kollegiumok\/wp-json\/wp\/v2\/tags?post=490"}],"curies":[{"name":"wp","href":"https:\/\/api.w.org\/{rel}","templated":true}]}}