{"id":3448,"date":"2025-05-09T09:46:36","date_gmt":"2025-05-09T07:46:36","guid":{"rendered":"https:\/\/semmelweis.hu\/kollegiumok\/?p=3448"},"modified":"2025-12-17T10:49:42","modified_gmt":"2025-12-17T09:49:42","slug":"erasmus-jelentkezes","status":"publish","type":"page","link":"https:\/\/semmelweis.hu\/kollegiumok\/hallgatoi-elet\/erasmus-jelentkezes\/","title":{"rendered":"ERASMUS+ jelentkez\u00e9s"},"content":{"rendered":"<h1 style=\"text-align: center\">ERASMUS+ jelentkez\u00e9s <br \/>\n2025. j\u00falius 05-augusztus 31.<\/h1>\n<p><strong>K\u00e9rj\u00fck, hogy a megadott \u00fcgyint\u00e9z\u0151 e-mail c\u00edm\u00e9re k\u00fcldj\u00e9k meg a jelentkez\u00e9s\u00fcket.<\/strong><\/p>\n<p>A k\u00f6vetkez\u0151 adatok megad\u00e1s\u00e1val, el\u00e9rhet\u0151 <a href=\"https:\/\/semmelweis.hu\/kollegiumok\/files\/2025\/05\/2025.-nyar-ERASMUS-jelentkezes_.docx\">innen.<\/a><br \/>\nCsak a <a href=\"https:\/\/semmelweis.hu\/kollegiumok\/kollegiumok\/balassa-janos-kollegium\/\">Balassa J\u00e1nos Koll\u00e9gium<\/a>ba lehet jelentkezni.<\/p>\n<hr \/>\n<p><strong>Please send your application by e-mail to the administrator.<\/strong><\/p>\n<p>By entering the following details, you can reach us <a href=\"https:\/\/semmelweis.hu\/kollegiumok\/files\/2025\/05\/05.-July-\u2013-31.-August-2025.-ERASMUS_eng.docx\">here<\/a>.<br \/>\nYou can only apply to the <a href=\"https:\/\/semmelweis.hu\/kollegiumok\/kollegiumok\/balassa-janos-kollegium\/\">Balassa J\u00e1nos Dormitory<\/a>.<\/p>\n<p>&nbsp;<\/p>\n","protected":false},"excerpt":{"rendered":"<p>ERASMUS+ jelentkez\u00e9s 2025. j\u00falius 05-augusztus 31. K\u00e9rj\u00fck, hogy a megadott \u00fcgyint\u00e9z\u0151 e-mail c\u00edm\u00e9re k\u00fcldj\u00e9k meg a jelentkez\u00e9s\u00fcket. A k\u00f6vetkez\u0151 adatok megad\u00e1s\u00e1val, el\u00e9rhet\u0151 <a href=\"https:\/\/semmelweis.hu\/kollegiumok\/files\/2025\/05\/2025.-nyar-ERASMUS-jelentkezes_.docx\">innen.<\/a> Csak a <a href=\"https:\/\/semmelweis.hu\/kollegiumok\/kollegiumok\/balassa-janos-kollegium\/\">Balassa J\u00e1nos Koll\u00e9gium<\/a> ba lehet jelentkezni. Please send your application by e-mail to the administrator. By entering the following details, you can reach us <a href=\"https:\/\/semmelweis.hu\/kollegiumok\/files\/2025\/05\/05.-July-\u2013-31.-August-2025.-ERASMUS_eng.docx\">here<\/a> . You can only apply to the <a href=\"https:\/\/semmelweis.hu\/kollegiumok\/kollegiumok\/balassa-janos-kollegium\/\">Balassa J\u00e1nos Dormitory<\/a> . &hellip;<\/p>\n","protected":false},"author":102031,"featured_media":0,"parent":1646,"menu_order":7,"comment_status":"closed","ping_status":"closed","template":"","meta":{"_acf_changed":false,"footnotes":""},"categories":[],"tags":[],"class_list":["post-3448","page","type-page","status-publish","hentry"],"acf":[],"_links":{"self":[{"href":"https:\/\/semmelweis.hu\/kollegiumok\/wp-json\/wp\/v2\/pages\/3448","targetHints":{"allow":["GET"]}}],"collection":[{"href":"https:\/\/semmelweis.hu\/kollegiumok\/wp-json\/wp\/v2\/pages"}],"about":[{"href":"https:\/\/semmelweis.hu\/kollegiumok\/wp-json\/wp\/v2\/types\/page"}],"author":[{"embeddable":true,"href":"https:\/\/semmelweis.hu\/kollegiumok\/wp-json\/wp\/v2\/users\/102031"}],"replies":[{"embeddable":true,"href":"https:\/\/semmelweis.hu\/kollegiumok\/wp-json\/wp\/v2\/comments?post=3448"}],"version-history":[{"count":5,"href":"https:\/\/semmelweis.hu\/kollegiumok\/wp-json\/wp\/v2\/pages\/3448\/revisions"}],"predecessor-version":[{"id":3586,"href":"https:\/\/semmelweis.hu\/kollegiumok\/wp-json\/wp\/v2\/pages\/3448\/revisions\/3586"}],"up":[{"embeddable":true,"href":"https:\/\/semmelweis.hu\/kollegiumok\/wp-json\/wp\/v2\/pages\/1646"}],"wp:attachment":[{"href":"https:\/\/semmelweis.hu\/kollegiumok\/wp-json\/wp\/v2\/media?parent=3448"}],"wp:term":[{"taxonomy":"category","embeddable":true,"href":"https:\/\/semmelweis.hu\/kollegiumok\/wp-json\/wp\/v2\/categories?post=3448"},{"taxonomy":"post_tag","embeddable":true,"href":"https:\/\/semmelweis.hu\/kollegiumok\/wp-json\/wp\/v2\/tags?post=3448"}],"curies":[{"name":"wp","href":"https:\/\/api.w.org\/{rel}","templated":true}]}}