{"id":3036,"date":"2023-03-29T12:58:05","date_gmt":"2023-03-29T10:58:05","guid":{"rendered":"https:\/\/semmelweis.hu\/kollegiumok\/?page_id=3036"},"modified":"2025-09-22T11:06:35","modified_gmt":"2025-09-22T09:06:35","slug":"adatvedelem","status":"publish","type":"page","link":"https:\/\/semmelweis.hu\/kollegiumok\/rolunk\/adatvedelem\/","title":{"rendered":"Adatv\u00e9delem"},"content":{"rendered":"<p><b>A KOLL\u00c9GIUMOK IGAZGAT\u00d3S\u00c1GA <\/b><strong>\u00c1LTAL V\u00c9GZETT SZEM\u00c9LYES ADATKEZEL\u00c9SSEL KAPCSOLATOS INFORM\u00c1CI\u00d3K EL\u00c9RHET\u0150S\u00c9GE<\/strong><\/p>\n<p>&nbsp;<\/p>\n<p><strong>Koll\u00e9giumok Igazgat\u00f3s\u00e1ga<\/strong>\u00a0\u2013 adatkezel\u00e9si t\u00e1j\u00e9koztat\u00f3ja:<br \/>\n<a href=\"https:\/\/semmelweis.hu\/kollegiumok\/files\/2023\/03\/Adatvedelmi-tajekoztato.pdf\">Erre a linkre kattintva let\u00f6lthet\u0151<\/a><\/p>\n<p>1.1. Az adatkezel\u0151nek\u00a0<strong>alaptev\u00e9kenys\u00e9g\u00e9vel kapcsolatos\u00a0<\/strong>feladataival \u00f6sszef\u00fcgg\u0151 adatkezel\u00e9sekkel kapcsolatos inform\u00e1ci\u00f3k el\u00e9rhet\u0151s\u00e9ge:<br \/>\n<a href=\"https:\/\/semmelweis.hu\/kollegiumok\/files\/2023\/03\/Adatkezelesi-nyilvantartas-Altalanos.xlsx\">Erre a linkre kattintva let\u00f6lthet\u0151<\/a><\/p>\n<p>1.2. Az adatkezel\u0151\u00a0<strong>kieg\u00e9sz\u00edt\u0151 tev\u00e9kenys\u00e9g\u00e9vel kapcsolatos\u00a0<\/strong>feladataival \u00f6sszef\u00fcgg\u0151 adatkezel\u00e9sekkel kapcsolatos inform\u00e1ci\u00f3k el\u00e9rhet\u0151s\u00e9ge:<br \/>\n<a href=\"https:\/\/semmelweis.hu\/kollegiumok\/files\/2023\/03\/Adatkezelesi-nyilvantartas-Kiegeszito-tevekenyseg.xlsx\">Erre a linkre kattintva let\u00f6lthet\u0151<\/a><\/p>\n<p>1.3. Az adatkezel\u0151\u00a0<strong>munka\u00fcgyi\u00a0<\/strong>feladataival \u00f6sszef\u00fcgg\u0151 adatkezel\u00e9sekkel kapcsolatos inform\u00e1ci\u00f3k el\u00e9rhet\u0151s\u00e9ge:<br \/>\n<a href=\"https:\/\/semmelweis.hu\/kollegiumok\/files\/2023\/03\/Adatkezelesi-nyilvantartas-ADL-Munkaugyi.xlsx\">Erre a linkre kattintva let\u00f6lthet\u0151<\/a><\/p>\n<p>1.4. Az adatkezel\u0151\u00a0<strong>adminisztr\u00e1ci\u00f3s\u00a0<\/strong>feladataival \u00f6sszef\u00fcgg\u0151 adatkezel\u00e9sekkel kapcsolatos inform\u00e1ci\u00f3k el\u00e9rhet\u0151s\u00e9ge:<br \/>\n<a href=\"https:\/\/semmelweis.hu\/kollegiumok\/files\/2023\/03\/Adatkezelesi-nyilvantartas-Adminisztracio.xlsx\">Erre a linkre kattintva let\u00f6lthet\u0151<\/a><\/p>\n","protected":false},"excerpt":{"rendered":"<p>A KOLL\u00c9GIUMOK IGAZGAT\u00d3S\u00c1GA \u00c1LTAL V\u00c9GZETT SZEM\u00c9LYES ADATKEZEL\u00c9SSEL KAPCSOLATOS INFORM\u00c1CI\u00d3K EL\u00c9RHET\u0150S\u00c9GE<br \/>\n&nbsp;<br \/>\nKoll\u00e9giumok Igazgat\u00f3s\u00e1ga\u00a0\u2013 adatkezel\u00e9si t\u00e1j\u00e9koztat\u00f3ja:<br \/>\n<a href=\"https:\/\/semmelweis.hu\/kollegiumok\/files\/2023\/03\/Adatvedelmi-tajekoztato.pdf\">Erre a linkre kattintva let\u00f6lthet\u0151<\/a><br \/>\n1.1. Az adatkezel\u0151nek\u00a0alaptev\u00e9kenys\u00e9g\u00e9vel kapcsolatos\u00a0feladataival \u00f6sszef\u00fcgg\u0151 adatkezel\u00e9sekkel kapcsolatos inform\u00e1ci\u00f3k el\u00e9rhet\u0151s\u00e9ge:<br \/>\n<a href=\"https:\/\/semmelweis.hu\/kollegiumok\/files\/2023\/03\/Adatkezelesi-nyilvantartas-Altalanos.xlsx\">Erre a linkre kattintva let\u00f6lthet\u0151<\/a><br \/>\n1.2. Az adatkezel\u0151\u00a0kieg\u00e9sz\u00edt\u0151 tev\u00e9kenys\u00e9g\u00e9vel kapcsolatos\u00a0feladataival \u00f6sszef\u00fcgg\u0151 adatkezel\u00e9sekkel kapcsolatos inform\u00e1ci\u00f3k el\u00e9rhet\u0151s\u00e9ge:<br \/>\n<a href=\"https:\/\/semmelweis.hu\/kollegiumok\/files\/2023\/03\/Adatkezelesi-nyilvantartas-Kiegeszito-tevekenyseg.xlsx\">Erre a linkre kattintva let\u00f6lthet\u0151<\/a><br \/>\n1.3. Az adatkezel\u0151\u00a0munka\u00fcgyi\u00a0feladataival \u00f6sszef\u00fcgg\u0151 adatkezel\u00e9sekkel kapcsolatos inform\u00e1ci\u00f3k el\u00e9rhet\u0151s\u00e9ge:<br \/>\n<a href=\"https:\/\/semmelweis.hu\/kollegiumok\/files\/2023\/03\/Adatkezelesi-nyilvantartas-ADL-Munkaugyi.xlsx\">Erre a linkre kattintva let\u00f6lthet\u0151<\/a><br \/>\n1.4. Az adatkezel\u0151\u00a0adminisztr\u00e1ci\u00f3s\u00a0feladataival \u00f6sszef\u00fcgg\u0151 adatkezel\u00e9sekkel kapcsolatos inform\u00e1ci\u00f3k el\u00e9rhet\u0151s\u00e9ge:<br \/>\n<a href=\"https:\/\/semmelweis.hu\/kollegiumok\/files\/2023\/03\/Adatkezelesi-nyilvantartas-Adminisztracio.xlsx\">Erre a linkre kattintva let\u00f6lthet\u0151<\/a><\/p>\n","protected":false},"author":101141,"featured_media":0,"parent":5,"menu_order":8,"comment_status":"closed","ping_status":"closed","template":"","meta":{"_acf_changed":false,"footnotes":""},"categories":[],"tags":[],"class_list":["post-3036","page","type-page","status-publish","hentry"],"acf":[],"_links":{"self":[{"href":"https:\/\/semmelweis.hu\/kollegiumok\/wp-json\/wp\/v2\/pages\/3036","targetHints":{"allow":["GET"]}}],"collection":[{"href":"https:\/\/semmelweis.hu\/kollegiumok\/wp-json\/wp\/v2\/pages"}],"about":[{"href":"https:\/\/semmelweis.hu\/kollegiumok\/wp-json\/wp\/v2\/types\/page"}],"author":[{"embeddable":true,"href":"https:\/\/semmelweis.hu\/kollegiumok\/wp-json\/wp\/v2\/users\/101141"}],"replies":[{"embeddable":true,"href":"https:\/\/semmelweis.hu\/kollegiumok\/wp-json\/wp\/v2\/comments?post=3036"}],"version-history":[{"count":5,"href":"https:\/\/semmelweis.hu\/kollegiumok\/wp-json\/wp\/v2\/pages\/3036\/revisions"}],"predecessor-version":[{"id":3047,"href":"https:\/\/semmelweis.hu\/kollegiumok\/wp-json\/wp\/v2\/pages\/3036\/revisions\/3047"}],"up":[{"embeddable":true,"href":"https:\/\/semmelweis.hu\/kollegiumok\/wp-json\/wp\/v2\/pages\/5"}],"wp:attachment":[{"href":"https:\/\/semmelweis.hu\/kollegiumok\/wp-json\/wp\/v2\/media?parent=3036"}],"wp:term":[{"taxonomy":"category","embeddable":true,"href":"https:\/\/semmelweis.hu\/kollegiumok\/wp-json\/wp\/v2\/categories?post=3036"},{"taxonomy":"post_tag","embeddable":true,"href":"https:\/\/semmelweis.hu\/kollegiumok\/wp-json\/wp\/v2\/tags?post=3036"}],"curies":[{"name":"wp","href":"https:\/\/api.w.org\/{rel}","templated":true}]}}