{"id":2941,"date":"2022-07-15T08:57:43","date_gmt":"2022-07-15T06:57:43","guid":{"rendered":"https:\/\/semmelweis.hu\/kollegiumok\/?page_id=2941"},"modified":"2025-12-17T10:48:42","modified_gmt":"2025-12-17T09:48:42","slug":"bekoltozesi-informaciok","status":"publish","type":"page","link":"https:\/\/semmelweis.hu\/kollegiumok\/hallgatoi-elet\/bekoltozesi-informaciok\/","title":{"rendered":"Bek\u00f6lt\u00f6z\u00e9si inform\u00e1ci\u00f3k 2025\/2026. tan\u00e9v"},"content":{"rendered":"<h3>Balassa J\u00e1nos Koll\u00e9gium, Markusovszky Lajos Koll\u00e9gium, id. B\u00f3kay J\u00e1nos \u00e9s a K\u00e1tai G\u00e1bor Koll\u00e9gium<\/h3>\n<p>2025.08.29. (p\u00e9ntek) 10 \u00e9s 15 \u00f3ra k\u00f6z\u00f6tt<br \/>\n2025.08.30. (szombat) 8 \u00e9s 16 \u00f3ra k\u00f6z\u00f6tt<br \/>\n2025.08.31. (vas\u00e1rnap) 8 \u00e9s 16 \u00f3ra k\u00f6z\u00f6tt<br \/>\n2025.09.01. (h\u00e9tf\u0151) 10 \u00e9s 15 \u00f3ra k\u00f6z\u00f6tt<br \/>\n2025.09.02. (kedd) 10 \u00e9s 15 \u00f3ra k\u00f6z\u00f6tt<br \/>\n2025.09.03. (szerda) 10 \u00e9s 15 \u00f3ra k\u00f6z\u00f6tt<br \/>\n2025.09.04. (cs\u00fct\u00f6rt\u00f6k) 10 \u00e9s 15 \u00f3ra k\u00f6z\u00f6tt<br \/>\n2025.09.05. (p\u00e9ntek) 10 \u00e9s 15 \u00f3ra k\u00f6z\u00f6tt<\/p>\n<p><span style=\"color: #ff0000\"><strong>A fentiekt\u0151l elt\u00e9r\u0151 id\u0151pontban a bek\u00f6lt\u00f6z\u00e9s nem lehets\u00e9ges!<\/strong><\/span><\/p>\n<p>Bek\u00f6lt\u00f6z\u00e9skor (<strong>szerz\u0151d\u00e9s al\u00e1\u00edr\u00e1sa ut\u00e1n<\/strong>) az <strong><span style=\"color: #ff0000\">Egy\u00e9ni Felszerel\u00e9si Lapot (<a href=\"https:\/\/semmelweis.hu\/kollegiumok\/files\/2022\/08\/Egyeni-Felszerelesi-lap.doc\">let\u00f6lthet\u0151 innen<\/a>) <\/span><\/strong>e-mailben meg kell k\u00fcldeni az adott koll\u00e9gium \u00fcgyint\u00e9z\u0151j\u00e9nek. Az Egy\u00e9ni Felszerel\u00e9si Lapokat word form\u00e1tumban kell megk\u00fcldeni.\u00a0<\/p>\n<p><strong>\u00dcgyint\u00e9z\u0151k el\u00e9rhet\u0151s\u00e9ge: 8-17 \u00f3ra k\u00f6z\u00f6tt<\/p>\n<p><span style=\"font-size: 14pt\">Balassa J\u00e1nos Koll\u00e9gium<br \/>\n<\/span><\/strong><span style=\"font-size: 14pt\">Hidv\u00e9gi Ildik\u00f3<\/span><span style=\"font-size: 14pt\"><br \/>\nhidvegi.ildiko@semmelweis.hu\u00a0<br \/>\n<\/span><span style=\"font-size: 14pt\">06-20\/825-9933<\/span><strong><span style=\"font-size: 14pt\"><\/p>\n<p><\/span><\/strong><span style=\"font-size: 14pt\"><strong>Markusovszky Lajos Koll\u00e9gium<br \/>\n<\/strong>Szak\u00e1l D\u00f6niz <br \/>\nszakal.doniz@semmelweis.hu<br \/>\n\u00a006-20\/666-3981<strong><\/p>\n<p>K\u00e1tai G\u00e1bor Koll\u00e9gium, id. B\u00f3kay J\u00e1nos Koll\u00e9gium<br \/>\n<\/strong>Uri-Kov\u00e1cs Zsuzsanna<br \/>\nuri.kovacs.zsuzsanna@semmelweis.hu\u00a0<br \/>\n\u00a006-30\/016-4263<\/span><\/p>\n<p>&nbsp;<\/p>\n<p>&nbsp;<\/p>\n<p>&nbsp;<\/p>\n","protected":false},"excerpt":{"rendered":"<p>Balassa J\u00e1nos Koll\u00e9gium, Markusovszky Lajos Koll\u00e9gium, id. B\u00f3kay J\u00e1nos \u00e9s a K\u00e1tai G\u00e1bor Koll\u00e9gium 2025.08.29. (p\u00e9ntek) 10 \u00e9s 15 \u00f3ra k\u00f6z\u00f6tt 2025.08.30. (szombat) 8 \u00e9s 16 \u00f3ra k\u00f6z\u00f6tt 2025.08.31. (vas\u00e1rnap) 8 \u00e9s 16 \u00f3ra k\u00f6z\u00f6tt 2025.09.01. (h\u00e9tf\u0151) 10 \u00e9s 15 \u00f3ra k\u00f6z\u00f6tt 2025.09.02. (kedd) 10 \u00e9s 15 \u00f3ra k\u00f6z\u00f6tt 2025.09.03. (szerda) 10 \u00e9s 15 \u00f3ra &hellip;<\/p>\n","protected":false},"author":101141,"featured_media":0,"parent":1646,"menu_order":5,"comment_status":"closed","ping_status":"closed","template":"","meta":{"_acf_changed":false,"footnotes":""},"categories":[],"tags":[],"class_list":["post-2941","page","type-page","status-publish","hentry"],"acf":[],"_links":{"self":[{"href":"https:\/\/semmelweis.hu\/kollegiumok\/wp-json\/wp\/v2\/pages\/2941","targetHints":{"allow":["GET"]}}],"collection":[{"href":"https:\/\/semmelweis.hu\/kollegiumok\/wp-json\/wp\/v2\/pages"}],"about":[{"href":"https:\/\/semmelweis.hu\/kollegiumok\/wp-json\/wp\/v2\/types\/page"}],"author":[{"embeddable":true,"href":"https:\/\/semmelweis.hu\/kollegiumok\/wp-json\/wp\/v2\/users\/101141"}],"replies":[{"embeddable":true,"href":"https:\/\/semmelweis.hu\/kollegiumok\/wp-json\/wp\/v2\/comments?post=2941"}],"version-history":[{"count":11,"href":"https:\/\/semmelweis.hu\/kollegiumok\/wp-json\/wp\/v2\/pages\/2941\/revisions"}],"predecessor-version":[{"id":3335,"href":"https:\/\/semmelweis.hu\/kollegiumok\/wp-json\/wp\/v2\/pages\/2941\/revisions\/3335"}],"up":[{"embeddable":true,"href":"https:\/\/semmelweis.hu\/kollegiumok\/wp-json\/wp\/v2\/pages\/1646"}],"wp:attachment":[{"href":"https:\/\/semmelweis.hu\/kollegiumok\/wp-json\/wp\/v2\/media?parent=2941"}],"wp:term":[{"taxonomy":"category","embeddable":true,"href":"https:\/\/semmelweis.hu\/kollegiumok\/wp-json\/wp\/v2\/categories?post=2941"},{"taxonomy":"post_tag","embeddable":true,"href":"https:\/\/semmelweis.hu\/kollegiumok\/wp-json\/wp\/v2\/tags?post=2941"}],"curies":[{"name":"wp","href":"https:\/\/api.w.org\/{rel}","templated":true}]}}