{"id":207,"date":"2013-07-12T23:02:06","date_gmt":"2013-07-12T21:02:06","guid":{"rendered":"http:\/\/semmelweis-egyetem.hu\/kollegiumok\/?page_id=207"},"modified":"2025-12-17T10:44:40","modified_gmt":"2025-12-17T09:44:40","slug":"dijak","status":"publish","type":"page","link":"https:\/\/semmelweis.hu\/kollegiumok\/hallgatoi-elet\/dijak\/","title":{"rendered":"Koll\u00e9giumi d\u00edjak"},"content":{"rendered":"<p>A koll\u00e9gista a koll\u00e9giumi elhelyez\u00e9s\u00e9rt, a lakhat\u00e1si felt\u00e9telek biztos\u00edt\u00e1s\u00e1\u00e9rt \u00e9s az alapszolg\u00e1ltat\u00e1sok ig\u00e9nybev\u00e9tel\u00e9\u00e9rt t\u00e9r\u00edt\u00e9si d\u00edjat (koll\u00e9giumi d\u00edj) k\u00f6teles fizetni.<\/p>\n<p>A koll\u00e9giumi d\u00edj a koll\u00e9giumi f\u00e9r\u0151helyek besorol\u00e1s\u00e1hoz igazodik. A koll\u00e9giumi f\u00e9r\u0151helyek komfortfokozat szerinti oszt\u00e1lyba sorol\u00e1s\u00e1nak felt\u00e9teleit, tov\u00e1bb\u00e1 az alapszolg\u00e1ltat\u00e1sok k\u00f6r\u00e9t Korm\u00e1nyrendelet szab\u00e1lyozza.<\/p>\n<p>A t\u00e9r\u00edt\u00e9si d\u00edj m\u00e9rt\u00e9k\u00e9t a Szen\u00e1tus<em>\u00a0<\/em><em>a<\/em><em>\u00a0<\/em><a href=\"https:\/\/semmelweis.hu\/jogigfoig\/szervezeti-es-mukodesi-szabalyzat\/\" target=\"_blank\" rel=\"noopener noreferrer\"><strong><em>T\u00e9r\u00edt\u00e9si \u00e9s Juttat\u00e1si Szab\u00e1lyzat<\/em><\/strong><\/a><strong><em>\u00a013.\u00a7 (4a) pontja<\/em><\/strong>\u00a0alapj\u00e1n \u00e1llap\u00edtja meg. A t\u00e9r\u00edt\u00e9si d\u00edj fizet\u00e9se a t\u00e1rgyh\u00f3 15. napj\u00e1ig esed\u00e9kes. A befizet\u00e9st kiz\u00e1r\u00f3lag az Egys\u00e9ges Fels\u0151oktat\u00e1si Tanulm\u00e1nyi Rendszeren (Neptun) kereszt\u00fcl \u00e1tutal\u00e1ssal lehet teljes\u00edteni.<\/p>\n<p><strong>Azon hallgat\u00f3, aki \u00f6nk\u00f6lts\u00e9ges, illetve k\u00f6lts\u00e9gt\u00e9r\u00edt\u00e9ses k\u00e9pz\u00e9sben vesz r\u00e9szt \u00e9s koll\u00e9giumi elhelyez\u00e9sben r\u00e9szes\u00fcl &#8211; az 11.650,- Forinttal megemelt \u00f6sszeget fizeti havi t\u00e9r\u00edt\u00e9si d\u00edjk\u00e9nt.<\/strong><\/p>\n<table style=\"border-color: #ccc4c4;background-color: #ffffff;width: 100%\" border=\"1\" cellspacing=\"5\" cellpadding=\"5\">\n<tbody>\n<tr>\n<td style=\"width: 65.6942%\" width=\"463\">\n<p><strong>Koll\u00e9gium<\/strong><\/p>\n<\/td>\n<td style=\"width: 15.3923%\" width=\"151\">\n<p><strong>Komfortfokozat<\/strong><\/p>\n<\/td>\n<td style=\"width: 18.8129%\" width=\"278\">\n<p><strong>D\u00edjszab\u00e1s<\/strong><\/p>\n<\/td>\n<\/tr>\n<tr>\n<td style=\"width: 65.6942%\" width=\"463\">\n<p><strong>Balassa J\u00e1nos Koll\u00e9gium<\/strong><\/p>\n<\/td>\n<td style=\"width: 15.3923%\" width=\"151\">\n<p>&nbsp;<\/p>\n<\/td>\n<td style=\"width: 18.8129%\" width=\"278\">\n<p>&nbsp;<\/p>\n<\/td>\n<\/tr>\n<tr>\n<td style=\"width: 65.6942%\" width=\"463\">\n<p>3 \u00e1gyas szoba<\/p>\n<\/td>\n<td style=\"width: 15.3923%\" width=\"151\">\n<p>I.<\/p>\n<\/td>\n<td style=\"width: 18.8129%\" width=\"278\">\n<p>9 320,-Forint<\/p>\n<\/td>\n<\/tr>\n<tr>\n<td style=\"width: 65.6942%\" width=\"463\">\n<p>2 \u00e1gyas szoba<\/p>\n<\/td>\n<td style=\"width: 15.3923%\" width=\"151\">\n<p>II.<\/p>\n<\/td>\n<td style=\"width: 18.8129%\" width=\"278\">\n<p>11 650,-Forint<\/p>\n<\/td>\n<\/tr>\n<tr>\n<td style=\"width: 65.6942%\" width=\"463\">\n<p><strong>id. B\u00f3kay J\u00e1nos Koll\u00e9gium<\/strong><\/p>\n<\/td>\n<td style=\"width: 15.3923%\" width=\"151\">\n<p>II.<\/p>\n<\/td>\n<td style=\"width: 18.8129%\" width=\"278\">\n<p>11 650,-Forint<\/p>\n<\/td>\n<\/tr>\n<tr>\n<td style=\"width: 65.6942%\" width=\"463\">\n<p><strong>K\u00e1tai G\u00e1bor Koll\u00e9gium<\/strong><\/p>\n<\/td>\n<td style=\"width: 15.3923%\" width=\"151\">\n<p>IV.<\/p>\n<\/td>\n<td style=\"width: 18.8129%\" width=\"278\">\n<p>17 475,-Forint<\/p>\n<\/td>\n<\/tr>\n<tr>\n<td style=\"width: 65.6942%\" width=\"463\">\n<p><strong>Kor\u00e1nyi Frigyes Szakkoll\u00e9gium<\/strong><\/p>\n<\/td>\n<td style=\"width: 15.3923%\" width=\"151\">\n<p>IV.<\/p>\n<\/td>\n<td style=\"width: 18.8129%\" width=\"278\">\n<p>17 475,-Forint<\/p>\n<\/td>\n<\/tr>\n<tr>\n<td style=\"width: 65.6942%\" width=\"463\">\n<p><strong>Markusovszky Lajos Koll\u00e9gium<\/strong><\/p>\n<\/td>\n<td style=\"width: 15.3923%\" width=\"151\">\n<p>&nbsp;<\/p>\n<\/td>\n<td style=\"width: 18.8129%\" width=\"278\">\n<p>&nbsp;<\/p>\n<\/td>\n<\/tr>\n<tr>\n<td style=\"width: 65.6942%\" width=\"463\">\n<p>3 \u00e1gyas<\/p>\n<\/td>\n<td style=\"width: 15.3923%\" width=\"151\">\n<p>I.<\/p>\n<\/td>\n<td style=\"width: 18.8129%\" width=\"278\">\n<p>9 320,-Forint<\/p>\n<\/td>\n<\/tr>\n<tr>\n<td style=\"width: 65.6942%\" width=\"463\">\n<p>2 \u00e1gyas szob\u00e1ban, ha nem tartozik legal\u00e1bb k\u00e9tszob\u00e1nk\u00e9nt komplett vizesblokk a szob\u00e1hoz<\/p>\n<\/td>\n<td style=\"width: 15.3923%\" width=\"151\">\n<p>II.<\/p>\n<\/td>\n<td style=\"width: 18.8129%\" width=\"278\">\n<p>11 650,-Forint<\/p>\n<\/td>\n<\/tr>\n<tr>\n<td style=\"width: 65.6942%\" width=\"463\">\n<p>2 \u00e1gyas szob\u00e1ban, ha legal\u00e1bb k\u00e9tszob\u00e1nk\u00e9nt komplett vizesblokk tartozik a szob\u00e1hoz<\/p>\n<\/td>\n<td style=\"width: 15.3923%\" width=\"151\">\n<p>IV.<\/p>\n<\/td>\n<td style=\"width: 18.8129%\" width=\"278\">\n<p>17 475,-Forint<\/p>\n<\/td>\n<\/tr>\n<tr>\n<td style=\"width: 65.6942%\" width=\"463\">\n<p><strong>Semmelweis Ign\u00e1c Szakkoll\u00e9gium<\/strong><\/p>\n<\/td>\n<td style=\"width: 15.3923%\" width=\"151\">\u00a0<\/td>\n<td style=\"width: 18.8129%\" width=\"278\">\u00a0<\/td>\n<\/tr>\n<tr>\n<td style=\"width: 65.6942%\">3 \u00e1gyas<\/td>\n<td style=\"width: 15.3923%\" width=\"151\">\n<p>I.<\/p>\n<\/td>\n<td style=\"width: 18.8129%\" width=\"278\">\n<p>9 320,-Forint<\/p>\n<\/td>\n<\/tr>\n<tr>\n<td style=\"width: 65.6942%\">2 \u00e1gyas szob\u00e1ban, ha nem tartozik legal\u00e1bb k\u00e9tszob\u00e1nk\u00e9nt komplett vizesblokk a szob\u00e1hoz<\/td>\n<td style=\"width: 15.3923%\">II.<\/td>\n<td style=\"width: 18.8129%\">11 650,-Forint<\/td>\n<\/tr>\n<tr>\n<td style=\"width: 65.6942%\">\u00a0<\/td>\n<td style=\"width: 15.3923%\">\u00a0<\/td>\n<td style=\"width: 18.8129%\">\u00a0<\/td>\n<\/tr>\n<\/tbody>\n<\/table>\n<p>&nbsp;<\/p>\n","protected":false},"excerpt":{"rendered":"<p>A koll\u00e9gista a koll\u00e9giumi elhelyez\u00e9s\u00e9rt, a lakhat\u00e1si felt\u00e9telek biztos\u00edt\u00e1s\u00e1\u00e9rt \u00e9s az alapszolg\u00e1ltat\u00e1sok ig\u00e9nybev\u00e9tel\u00e9\u00e9rt t\u00e9r\u00edt\u00e9si d\u00edjat (koll\u00e9giumi d\u00edj) k\u00f6teles fizetni. A koll\u00e9giumi d\u00edj a koll\u00e9giumi f\u00e9r\u0151helyek besorol\u00e1s\u00e1hoz igazodik. A koll\u00e9giumi f\u00e9r\u0151helyek komfortfokozat szerinti oszt\u00e1lyba sorol\u00e1s\u00e1nak felt\u00e9teleit, tov\u00e1bb\u00e1 az alapszolg\u00e1ltat\u00e1sok k\u00f6r\u00e9t Korm\u00e1nyrendelet szab\u00e1lyozza. A t\u00e9r\u00edt\u00e9si d\u00edj m\u00e9rt\u00e9k\u00e9t a Szen\u00e1tus\u00a0a\u00a0 <a href=\"https:\/\/semmelweis.hu\/jogigfoig\/szervezeti-es-mukodesi-szabalyzat\/\" target=\"_blank\" rel=\"noopener noreferrer\">T\u00e9r\u00edt\u00e9si \u00e9s Juttat\u00e1si Szab\u00e1lyzat<\/a> \u00a013.\u00a7 (4a) pontja\u00a0alapj\u00e1n \u00e1llap\u00edtja meg. A t\u00e9r\u00edt\u00e9si d\u00edj &hellip;<\/p>\n","protected":false},"author":101163,"featured_media":0,"parent":1646,"menu_order":0,"comment_status":"closed","ping_status":"closed","template":"","meta":{"_acf_changed":false,"footnotes":""},"categories":[],"tags":[],"class_list":["post-207","page","type-page","status-publish","hentry"],"acf":[],"_links":{"self":[{"href":"https:\/\/semmelweis.hu\/kollegiumok\/wp-json\/wp\/v2\/pages\/207","targetHints":{"allow":["GET"]}}],"collection":[{"href":"https:\/\/semmelweis.hu\/kollegiumok\/wp-json\/wp\/v2\/pages"}],"about":[{"href":"https:\/\/semmelweis.hu\/kollegiumok\/wp-json\/wp\/v2\/types\/page"}],"author":[{"embeddable":true,"href":"https:\/\/semmelweis.hu\/kollegiumok\/wp-json\/wp\/v2\/users\/101163"}],"replies":[{"embeddable":true,"href":"https:\/\/semmelweis.hu\/kollegiumok\/wp-json\/wp\/v2\/comments?post=207"}],"version-history":[{"count":11,"href":"https:\/\/semmelweis.hu\/kollegiumok\/wp-json\/wp\/v2\/pages\/207\/revisions"}],"predecessor-version":[{"id":3556,"href":"https:\/\/semmelweis.hu\/kollegiumok\/wp-json\/wp\/v2\/pages\/207\/revisions\/3556"}],"up":[{"embeddable":true,"href":"https:\/\/semmelweis.hu\/kollegiumok\/wp-json\/wp\/v2\/pages\/1646"}],"wp:attachment":[{"href":"https:\/\/semmelweis.hu\/kollegiumok\/wp-json\/wp\/v2\/media?parent=207"}],"wp:term":[{"taxonomy":"category","embeddable":true,"href":"https:\/\/semmelweis.hu\/kollegiumok\/wp-json\/wp\/v2\/categories?post=207"},{"taxonomy":"post_tag","embeddable":true,"href":"https:\/\/semmelweis.hu\/kollegiumok\/wp-json\/wp\/v2\/tags?post=207"}],"curies":[{"name":"wp","href":"https:\/\/api.w.org\/{rel}","templated":true}]}}