{"id":1659,"date":"2017-02-21T13:48:49","date_gmt":"2017-02-21T12:48:49","guid":{"rendered":"http:\/\/semmelweis.hu\/kollegiumok\/?page_id=1659"},"modified":"2026-04-30T14:10:45","modified_gmt":"2026-04-30T12:10:45","slug":"jelentkezes-nyari-elhelyezesre","status":"publish","type":"page","link":"https:\/\/semmelweis.hu\/kollegiumok\/hallgatoi-elet\/jelentkezes-nyari-elhelyezesre\/","title":{"rendered":"Ny\u00e1ri koll\u00e9giumi jelentkez\u00e9s"},"content":{"rendered":"<h5 style=\"text-align: center\">Ny\u00e1ri koll\u00e9giumi jelentkez\u00e9s<br \/>\n2026. j\u00falius 01-t\u0151l 2026. augusztus 29-ig<\/h5>\n<h6 style=\"text-align: justify\"><span style=\"font-family: Montserrat;font-size: 14pt\">Ny\u00e1ri bentlak\u00e1s <strong>kiz\u00e1r\u00f3lag a Markusovszky Lajos \u00e9s a Balassa J\u00e1nos Koll\u00e9gium <\/strong>k\u00e9rhet\u0151, a<span style=\"color: #000000\">z id. B\u00f3kay J\u00e1nos, a Kor\u00e1nyi Frigyes, a K\u00e1tai G\u00e1bor \u00e9s a Selye J\u00e1nos Koll\u00e9giumokba nem lehet jelentkezni.<\/span><\/span><\/h6>\n<div class=\"keretes w-100\">\n<h5 style=\"text-align: justify\"><span style=\"font-size: 14pt\">A jelentkez\u00e9s menete:<\/span><\/h5>\n<p style=\"text-align: justify\"><span style=\"font-size: 14pt\">A ny\u00e1ri koll\u00e9giumi tart\u00f3zkod\u00e1s ir\u00e1nti jelentkez\u00e9st az adott koll\u00e9giumi \u00fcgyint\u00e9z\u0151 sz\u00e1m\u00e1ra e-mailben kell megk\u00fcldeni <span style=\"color: #000000\">az igazgat\u00f3i hat\u00e1rozatokban <em>(l\u00e1sd vonatkoz\u00f3 Neptun \u00fczenet)<\/em> megjel\u00f6lt hat\u00e1rid\u0151kig a k\u00f6vetkez\u0151 adatok megad\u00e1s\u00e1val:<\/span><\/span><\/p>\n<ul>\n<li><span style=\"font-size: 14pt\">n\u00e9v<\/span><\/li>\n<li><span style=\"font-size: 14pt\">Neptun k\u00f3d<\/span><\/li>\n<li><span style=\"font-size: 14pt\">elhelyez\u00e9s jellege (szakmai gyakorlat \u00e9s\/vagy vend\u00e9gelhelyez\u00e9s)<\/span><\/li>\n<li><span style=\"font-size: 14pt\">elhelyez\u00e9s id\u0151tartama (pontos d\u00e1tum megjel\u00f6l\u00e9ssel)<\/span><\/li>\n<\/ul>\n<p><span style=\"color: #000000;font-size: 14pt\"><strong>A jelentkez\u00e9s hat\u00e1rideje: 2026. j\u00fanius 10.\u00a0<\/strong><\/span><\/p>\n<\/div>\n<h5><span style=\"font-size: 14pt\">\u00dcgyint\u00e9z\u0151k el\u00e9rhet\u0151s\u00e9gei:<\/span><\/h5>\n<ul>\n<li style=\"text-align: justify\">\n<p><span style=\"color: #000000;font-size: 14pt\"><span style=\"font-family: Montserrat\">Markusovszky Lajos Koll\u00e9gium<\/span><br \/>\nSzak\u00e1l D\u00f6niz<br \/>\n<a href=\"mailto:szakal.doniz@semmelweis.hu\">szakal.doniz@semmelweis.hu<\/a><\/span><\/p>\n<\/li>\n<li style=\"text-align: justify\"><span style=\"font-family: Montserrat;font-size: 14pt\">Balassa J\u00e1nos Koll\u00e9gium <\/span><br \/>\n<span style=\"font-size: 14pt\">G\u00e1lik S\u00e1ra<\/span><br \/>\n<span style=\"font-size: 14pt\"><a href=\"mailto:galik.sara@semmelweis.hu\">galik.sara@semmelweis.hu<\/a><\/span><\/li>\n<\/ul>\n<p><span style=\"font-size: 14pt\">A v\u00e9gleges koll\u00e9giumi f\u00e9r\u0151hely\u00fckr\u0151l inform\u00e1ci\u00f3t Neptunon kereszt\u00fcl fognak kapni, 2026. j\u00fanius utols\u00f3 het\u00e9ben.<\/span><\/p>\n<h5><span style=\"font-size: 14pt\">Vonatkoz\u00f3 dokumentumok:<\/span><\/h5>\n<ul>\n<li><span style=\"font-size: 14pt\">A szakmai gyakorlat igazol\u00e1s\u00e1hoz sz\u00fcks\u00e9ges igazol\u00e1sminta el\u00e9rhet\u0151 <a href=\"https:\/\/semmelweis.hu\/kollegiumok\/files\/2025\/05\/Famulusi-igazolas-Intezmeny-reszerol_2025.pdf\"><strong>innen<\/strong><\/a>.<\/span><\/li>\n<li><span style=\"font-size: 14pt\">Egy\u00e9ni Felszerel\u00e9si Lap el\u00e9rhet\u0151 <strong><a href=\"https:\/\/semmelweis.hu\/kollegiumok\/files\/2022\/08\/Egyeni-Felszerelesi-lap.doc\">innen<\/a><\/strong>.<\/span><\/li>\n<\/ul>\n<p>&nbsp;<\/p>\n<p>&nbsp;<\/p>\n","protected":false},"excerpt":{"rendered":"<p>Ny\u00e1ri koll\u00e9giumi jelentkez\u00e9s 2026. j\u00falius 01-t\u0151l 2026. augusztus 29-ig Ny\u00e1ri bentlak\u00e1s kiz\u00e1r\u00f3lag a Markusovszky Lajos \u00e9s a Balassa J\u00e1nos Koll\u00e9gium k\u00e9rhet\u0151, az id. B\u00f3kay J\u00e1nos, a Kor\u00e1nyi Frigyes, a K\u00e1tai G\u00e1bor \u00e9s a Selye J\u00e1nos Koll\u00e9giumokba nem lehet jelentkezni. A jelentkez\u00e9s menete: A ny\u00e1ri koll\u00e9giumi tart\u00f3zkod\u00e1s ir\u00e1nti jelentkez\u00e9st az adott koll\u00e9giumi \u00fcgyint\u00e9z\u0151 sz\u00e1m\u00e1ra e-mailben kell &hellip;<\/p>\n","protected":false},"author":101141,"featured_media":0,"parent":1646,"menu_order":8,"comment_status":"closed","ping_status":"closed","template":"","meta":{"_acf_changed":false,"footnotes":""},"categories":[],"tags":[],"class_list":["post-1659","page","type-page","status-publish","hentry"],"acf":[],"_links":{"self":[{"href":"https:\/\/semmelweis.hu\/kollegiumok\/wp-json\/wp\/v2\/pages\/1659","targetHints":{"allow":["GET"]}}],"collection":[{"href":"https:\/\/semmelweis.hu\/kollegiumok\/wp-json\/wp\/v2\/pages"}],"about":[{"href":"https:\/\/semmelweis.hu\/kollegiumok\/wp-json\/wp\/v2\/types\/page"}],"author":[{"embeddable":true,"href":"https:\/\/semmelweis.hu\/kollegiumok\/wp-json\/wp\/v2\/users\/101141"}],"replies":[{"embeddable":true,"href":"https:\/\/semmelweis.hu\/kollegiumok\/wp-json\/wp\/v2\/comments?post=1659"}],"version-history":[{"count":12,"href":"https:\/\/semmelweis.hu\/kollegiumok\/wp-json\/wp\/v2\/pages\/1659\/revisions"}],"predecessor-version":[{"id":3745,"href":"https:\/\/semmelweis.hu\/kollegiumok\/wp-json\/wp\/v2\/pages\/1659\/revisions\/3745"}],"up":[{"embeddable":true,"href":"https:\/\/semmelweis.hu\/kollegiumok\/wp-json\/wp\/v2\/pages\/1646"}],"wp:attachment":[{"href":"https:\/\/semmelweis.hu\/kollegiumok\/wp-json\/wp\/v2\/media?parent=1659"}],"wp:term":[{"taxonomy":"category","embeddable":true,"href":"https:\/\/semmelweis.hu\/kollegiumok\/wp-json\/wp\/v2\/categories?post=1659"},{"taxonomy":"post_tag","embeddable":true,"href":"https:\/\/semmelweis.hu\/kollegiumok\/wp-json\/wp\/v2\/tags?post=1659"}],"curies":[{"name":"wp","href":"https:\/\/api.w.org\/{rel}","templated":true}]}}