{"id":1637,"date":"2017-02-21T13:21:45","date_gmt":"2017-02-21T12:21:45","guid":{"rendered":"http:\/\/semmelweis.hu\/kollegiumok\/?page_id=1637"},"modified":"2025-12-17T09:54:01","modified_gmt":"2025-12-17T08:54:01","slug":"nyomtatvanyok","status":"publish","type":"page","link":"https:\/\/semmelweis.hu\/kollegiumok\/hallgatoi-elet\/nyomtatvanyok\/","title":{"rendered":"Nyomtatv\u00e1nyok"},"content":{"rendered":"<p><span style=\"font-size: 14pt\"><a href=\"https:\/\/semmelweis.hu\/kollegiumok\/files\/2025\/04\/Kerelem-kollegiumi-rendezveny-megtartasahoz_2025.pdf\" target=\"_blank\" rel=\"noopener\">K\u00e9relem koll\u00e9giumi rendezv\u00e9ny megtart\u00e1s\u00e1hoz_2025.<\/a><br \/>\n<\/span><\/p>\n<p><a href=\"https:\/\/semmelweis.hu\/kollegiumok\/files\/2025\/04\/Famulusi-igazolas-Intezmeny-reszerol_2025.pdf\" target=\"_blank\" rel=\"noopener\"><span style=\"font-size: 14pt\">Szakmai (famulusi)\u00a0<\/span><span style=\"font-size: 18.6667px\">\u00a0<\/span><span style=\"font-size: 14pt\">igazol\u00e1s a befogad\u00f3 int\u00e9zm\u00e9ny r\u00e9sz\u00e9r\u0151l_2025.<\/span><\/a><\/p>\n<p><a href=\"https:\/\/semmelweis.hu\/kollegiumok\/files\/2025\/10\/Kerelem-elhelyezesi-megallapodas-felbontasara_melleklet_2025.docx\" target=\"_blank\" rel=\"noopener\"><span style=\"font-size: 14pt\">K\u00e9relem elhelyez\u00e9si meg\u00e1llapod\u00e1s felbont\u00e1s\u00e1ra_2025.<\/span><\/a><\/p>\n<p><a href=\"https:\/\/semmelweis.hu\/kollegiumok\/files\/2025\/08\/Kollegiumok-kozotti-cserekerelem.pdf\" target=\"_blank\" rel=\"noopener\">Koll\u00e9giumok k\u00f6z\u00f6tti cserek\u00e9relem_2025.<\/a><\/p>\n","protected":false},"excerpt":{"rendered":"<p><a href=\"https:\/\/semmelweis.hu\/kollegiumok\/files\/2025\/04\/Kerelem-kollegiumi-rendezveny-megtartasahoz_2025.pdf\" target=\"_blank\" rel=\"noopener\">K\u00e9relem koll\u00e9giumi rendezv\u00e9ny megtart\u00e1s\u00e1hoz_2025.<\/a><\/p>\n<p><a href=\"https:\/\/semmelweis.hu\/kollegiumok\/files\/2025\/04\/Famulusi-igazolas-Intezmeny-reszerol_2025.pdf\" target=\"_blank\" rel=\"noopener\">Szakmai (famulusi)\u00a0\u00a0igazol\u00e1s a befogad\u00f3 int\u00e9zm\u00e9ny r\u00e9sz\u00e9r\u0151l_2025.<\/a><br \/>\n<a href=\"https:\/\/semmelweis.hu\/kollegiumok\/files\/2025\/10\/Kerelem-elhelyezesi-megallapodas-felbontasara_melleklet_2025.docx\" target=\"_blank\" rel=\"noopener\">K\u00e9relem elhelyez\u00e9si meg\u00e1llapod\u00e1s felbont\u00e1s\u00e1ra_2025.<\/a><br \/>\n<a href=\"https:\/\/semmelweis.hu\/kollegiumok\/files\/2025\/08\/Kollegiumok-kozotti-cserekerelem.pdf\" target=\"_blank\" rel=\"noopener\">Koll\u00e9giumok k\u00f6z\u00f6tti cserek\u00e9relem_2025.<\/a><\/p>\n","protected":false},"author":101141,"featured_media":0,"parent":1646,"menu_order":9,"comment_status":"closed","ping_status":"closed","template":"","meta":{"_acf_changed":false,"footnotes":""},"categories":[],"tags":[],"class_list":["post-1637","page","type-page","status-publish","hentry"],"acf":[],"_links":{"self":[{"href":"https:\/\/semmelweis.hu\/kollegiumok\/wp-json\/wp\/v2\/pages\/1637","targetHints":{"allow":["GET"]}}],"collection":[{"href":"https:\/\/semmelweis.hu\/kollegiumok\/wp-json\/wp\/v2\/pages"}],"about":[{"href":"https:\/\/semmelweis.hu\/kollegiumok\/wp-json\/wp\/v2\/types\/page"}],"author":[{"embeddable":true,"href":"https:\/\/semmelweis.hu\/kollegiumok\/wp-json\/wp\/v2\/users\/101141"}],"replies":[{"embeddable":true,"href":"https:\/\/semmelweis.hu\/kollegiumok\/wp-json\/wp\/v2\/comments?post=1637"}],"version-history":[{"count":11,"href":"https:\/\/semmelweis.hu\/kollegiumok\/wp-json\/wp\/v2\/pages\/1637\/revisions"}],"predecessor-version":[{"id":3577,"href":"https:\/\/semmelweis.hu\/kollegiumok\/wp-json\/wp\/v2\/pages\/1637\/revisions\/3577"}],"up":[{"embeddable":true,"href":"https:\/\/semmelweis.hu\/kollegiumok\/wp-json\/wp\/v2\/pages\/1646"}],"wp:attachment":[{"href":"https:\/\/semmelweis.hu\/kollegiumok\/wp-json\/wp\/v2\/media?parent=1637"}],"wp:term":[{"taxonomy":"category","embeddable":true,"href":"https:\/\/semmelweis.hu\/kollegiumok\/wp-json\/wp\/v2\/categories?post=1637"},{"taxonomy":"post_tag","embeddable":true,"href":"https:\/\/semmelweis.hu\/kollegiumok\/wp-json\/wp\/v2\/tags?post=1637"}],"curies":[{"name":"wp","href":"https:\/\/api.w.org\/{rel}","templated":true}]}}