{"id":98,"date":"2023-12-11T18:57:26","date_gmt":"2023-12-11T17:57:26","guid":{"rendered":"https:\/\/semmelweis.hu\/kmmcs\/?page_id=98"},"modified":"2025-05-28T09:56:41","modified_gmt":"2025-05-28T07:56:41","slug":"prof-dr-varbiro-szabolcs","status":"publish","type":"page","link":"https:\/\/semmelweis.hu\/kmmcs\/munkatarsaink\/prof-dr-varbiro-szabolcs\/","title":{"rendered":"Prof. Dr. V\u00e1rb\u00edr\u00f3 Szabolcs"},"content":{"rendered":"<h4><a href=\"https:\/\/semmelweis.hu\/kmmcs\/files\/2023\/06\/Varbiro_Szabolcs.jpg\"><img loading=\"lazy\" decoding=\"async\" class=\"alignright wp-image-67 \" src=\"https:\/\/semmelweis.hu\/kmmcs\/files\/2023\/06\/Varbiro_Szabolcs-400x400.jpg\" alt=\"\" width=\"323\" height=\"323\" srcset=\"https:\/\/semmelweis.hu\/kmmcs\/files\/2023\/06\/Varbiro_Szabolcs-400x400.jpg 400w, https:\/\/semmelweis.hu\/kmmcs\/files\/2023\/06\/Varbiro_Szabolcs-1024x1024.jpg 1024w, https:\/\/semmelweis.hu\/kmmcs\/files\/2023\/06\/Varbiro_Szabolcs-150x150.jpg 150w, https:\/\/semmelweis.hu\/kmmcs\/files\/2023\/06\/Varbiro_Szabolcs-768x768.jpg 768w, https:\/\/semmelweis.hu\/kmmcs\/files\/2023\/06\/Varbiro_Szabolcs-753x753.jpg 753w, https:\/\/semmelweis.hu\/kmmcs\/files\/2023\/06\/Varbiro_Szabolcs.jpg 1416w\" sizes=\"auto, (max-width: 323px) 100vw, 323px\" \/><\/a><strong>AMiben seg\u00edthetek:<\/strong><\/h4>\n<ul>\n<li>megakadt PhD disszert\u00e1ci\u00f3s folyamat eset\u00e9n konzult\u00e1ci\u00f3, probl\u00e9ma azonos\u00edt\u00e1s, ir\u00e1nymutat\u00e1s, akci\u00f3terv kidolgoz\u00e1sa<\/li>\n<li>Tudom\u00e1nyos cikk\/PhD folyamat projektmenedzsmentje<\/li>\n<li>Tudom\u00e1nyos cikk\/PhD disszert\u00e1ci\u00f3 lektor\u00e1l\u00e1sa<\/li>\n<li>Kutat\u00e1si terv elk\u00e9sz\u00edt\u00e9se<\/li>\n<li>Cikktervezet elk\u00e9sz\u00edt\u00e9se<\/li>\n<li>Tan\u00e1csad\u00e1s PhD dolgozat \u00f6ssze\u00e1ll\u00edt\u00e1s\u00e1hoz<\/li>\n<li>Fiatal t\u00e9mavezet\u0151k mentor\u00e1l\u00e1sa<\/li>\n<\/ul>\n<p><strong>E-mail:<\/strong>\u00a0<a href=\"mailto:titkarsag.kmmcs@semmelweis.hu\">titkarsag.kmmcs@semmelweis.hu<\/a><\/p>\n","protected":false},"excerpt":{"rendered":"<p><a href=\"https:\/\/semmelweis.hu\/kmmcs\/files\/2023\/06\/Varbiro_Szabolcs.jpg\"><\/a>AMiben seg\u00edthetek:<\/p>\n<p>megakadt PhD disszert\u00e1ci\u00f3s folyamat eset\u00e9n konzult\u00e1ci\u00f3, probl\u00e9ma azonos\u00edt\u00e1s, ir\u00e1nymutat\u00e1s, akci\u00f3terv kidolgoz\u00e1sa<br \/>\nTudom\u00e1nyos cikk\/PhD folyamat projektmenedzsmentje<br \/>\nTudom\u00e1nyos cikk\/PhD disszert\u00e1ci\u00f3 lektor\u00e1l\u00e1sa<br \/>\nKutat\u00e1si terv elk\u00e9sz\u00edt\u00e9se<br \/>\nCikktervezet elk\u00e9sz\u00edt\u00e9se<br \/>\nTan\u00e1csad\u00e1s PhD dolgozat \u00f6ssze\u00e1ll\u00edt\u00e1s\u00e1hoz<br \/>\nFiatal t\u00e9mavezet\u0151k mentor\u00e1l\u00e1sa<\/p>\n<p>E-mail:\u00a0<a href=\"mailto:titkarsag.kmmcs@semmelweis.hu\">titkarsag.kmmcs@semmelweis.hu<\/a><\/p>\n","protected":false},"author":102197,"featured_media":125,"parent":152,"menu_order":1,"comment_status":"closed","ping_status":"closed","template":"template-szervezet.php","meta":{"_acf_changed":false,"footnotes":""},"categories":[3],"tags":[],"class_list":["post-98","page","type-page","status-publish","has-post-thumbnail","hentry","category-munkatarsaink"],"acf":[],"_links":{"self":[{"href":"https:\/\/semmelweis.hu\/kmmcs\/wp-json\/wp\/v2\/pages\/98","targetHints":{"allow":["GET"]}}],"collection":[{"href":"https:\/\/semmelweis.hu\/kmmcs\/wp-json\/wp\/v2\/pages"}],"about":[{"href":"https:\/\/semmelweis.hu\/kmmcs\/wp-json\/wp\/v2\/types\/page"}],"author":[{"embeddable":true,"href":"https:\/\/semmelweis.hu\/kmmcs\/wp-json\/wp\/v2\/users\/102197"}],"replies":[{"embeddable":true,"href":"https:\/\/semmelweis.hu\/kmmcs\/wp-json\/wp\/v2\/comments?post=98"}],"version-history":[{"count":9,"href":"https:\/\/semmelweis.hu\/kmmcs\/wp-json\/wp\/v2\/pages\/98\/revisions"}],"predecessor-version":[{"id":777,"href":"https:\/\/semmelweis.hu\/kmmcs\/wp-json\/wp\/v2\/pages\/98\/revisions\/777"}],"up":[{"embeddable":true,"href":"https:\/\/semmelweis.hu\/kmmcs\/wp-json\/wp\/v2\/pages\/152"}],"wp:featuredmedia":[{"embeddable":true,"href":"https:\/\/semmelweis.hu\/kmmcs\/wp-json\/wp\/v2\/media\/125"}],"wp:attachment":[{"href":"https:\/\/semmelweis.hu\/kmmcs\/wp-json\/wp\/v2\/media?parent=98"}],"wp:term":[{"taxonomy":"category","embeddable":true,"href":"https:\/\/semmelweis.hu\/kmmcs\/wp-json\/wp\/v2\/categories?post=98"},{"taxonomy":"post_tag","embeddable":true,"href":"https:\/\/semmelweis.hu\/kmmcs\/wp-json\/wp\/v2\/tags?post=98"}],"curies":[{"name":"wp","href":"https:\/\/api.w.org\/{rel}","templated":true}]}}