{"id":483,"date":"2023-08-20T10:00:29","date_gmt":"2023-08-20T08:00:29","guid":{"rendered":"https:\/\/semmelweis.hu\/kmmcs\/?page_id=483"},"modified":"2025-07-17T11:44:14","modified_gmt":"2025-07-17T09:44:14","slug":"achievements","status":"publish","type":"page","link":"https:\/\/semmelweis.hu\/kmmcs\/en\/achievements\/","title":{"rendered":"Achievements"},"content":{"rendered":"<h1 style=\"text-align: center\"><a href=\"https:\/\/semmelweis.hu\/kmmcs\/files\/2023\/06\/IMG20230524130522-scaled.jpg\"><img loading=\"lazy\" decoding=\"async\" class=\"wp-image-272 alignright\" src=\"https:\/\/semmelweis.hu\/kmmcs\/files\/2023\/06\/IMG20230524130522-400x283.jpg\" alt=\"\" width=\"353\" height=\"250\" srcset=\"https:\/\/semmelweis.hu\/kmmcs\/files\/2023\/06\/IMG20230524130522-400x283.jpg 400w, https:\/\/semmelweis.hu\/kmmcs\/files\/2023\/06\/IMG20230524130522-1024x724.jpg 1024w, https:\/\/semmelweis.hu\/kmmcs\/files\/2023\/06\/IMG20230524130522-768x543.jpg 768w, https:\/\/semmelweis.hu\/kmmcs\/files\/2023\/06\/IMG20230524130522-1536x1086.jpg 1536w, https:\/\/semmelweis.hu\/kmmcs\/files\/2023\/06\/IMG20230524130522-2048x1447.jpg 2048w, https:\/\/semmelweis.hu\/kmmcs\/files\/2023\/06\/IMG20230524130522-753x532.jpg 753w\" sizes=\"auto, (max-width: 353px) 100vw, 353px\" \/><\/a>Those we have helped so far:<\/h1>\n<ul style=\"list-style-type: disc\">\n<li>\n<h5>Number of students who have obtained a PhD: 34<\/h5>\n<\/li>\n<li>\n<h5>Number of students who have received help from us so far:<\/h5>\n<ul>\n<li>\n<h5>Individual consultations: 116 students (over 120 sessions)<\/h5>\n<\/li>\n<li>\n<h5>Coaching: 58 students (over 160 sessions)<\/h5>\n<\/li>\n<\/ul>\n<\/li>\n<li style=\"list-style-type: none\">\u00a0<\/li>\n<\/ul>\n<style>\n           #page-grid .card-body > .line-clamp-box.excerpt{\n        width: inherit;\n        max-width: inherit;\n        display:flex;\n        min-height: 2.4em;\n        flex-direction: column;\n        justify-content: space-around;\n        background-color: #D6E4EA;\n        min-height: 3.4rem;\n        font-family: \"Montserrat\", sans-serif;\n    }\n\n    #page-grid a:hover .card-body > .line-clamp-box.excerpt {\n        background-color: #fff;\n        color: #313B40;\n    }\n\n    #page-grid .card-body .line-clamp-box.excerpt section{\n        max-width: inherit;\n        display: -webkit-box;\n        -webkit-line-clamp: 2;\n        -webkit-box-orient: vertical;\n        overflow: hidden;\n        text-overflow: ellipsis;\n        hyphens: auto;\n        margin: auto;\n        \n    }\n    .line-clamp-box.excerpt section, .line-clamp-box.excerpt section p{\n        font-size:0.8em;\n    }\n    \n<\/style>\n    <section id=\"page-grid\">\n        \n        <div class=\"row row-cols-1 row-cols-md-2 row-cols-lg-2 no-gutters mx-0 \">    <div class =\"col  mb-2 card-wrapper\">\n        <a class=\"d-flex flex-fill card-link-warapper m-md-1\" href=\"https:\/\/semmelweis.hu\/kmmcs\/en\/achievements\/basic-supervisor-training-2022\/\">\n            <div class=\"card border border-secondary se-border flex-fill\">\n                <div class=\"row no-gutters mx-0 d-flex flex-nowrap flex-md-wrap align-items-center\">\n                    <div class =\"  col-5 col-md-12  d-none  d-md-none d-md-none  bg-image  card-image justify-content-center\">\n                        <img class='wp-post-image img-fluid landscape' src='https:\/\/semmelweis.hu\/kmmcs\/wp-content\/themes\/se18\/dist\/images\/svg\/bg-image.svg' \/>\n                    <\/div>\n                    <div class=\"card-body  col flex-column  col-md-12 p-0\">\n                        <div class=\"line-clamp-box p-3\">\n                            <h5 class=\"ml-0 ml-sm-1 mt-2 align-items-center\"  >Course review - Basic Supervisor Training 2022 - 2023<\/h5>\n                        <\/div>\n                        \n                    <\/div>\n                <\/div>\n\n            <\/div>\n        <\/a>\n    <\/div>    <div class =\"col  mb-2 card-wrapper\">\n        <a class=\"d-flex flex-fill card-link-warapper m-md-1\" href=\"https:\/\/semmelweis.hu\/kmmcs\/en\/achievements\/prof-dr-szabolcs-varbiro-merit-award-2023\/\">\n            <div class=\"card border border-secondary se-border flex-fill\">\n                <div class=\"row no-gutters mx-0 d-flex flex-nowrap flex-md-wrap align-items-center\">\n                    <div class =\"  col-5 col-md-12  d-none  d-md-none d-md-none  bg-image  card-image justify-content-center\">\n                        <img class='wp-post-image img-fluid landscape' src='https:\/\/semmelweis.hu\/kmmcs\/wp-content\/themes\/se18\/dist\/images\/svg\/bg-image.svg' \/>\n                    <\/div>\n                    <div class=\"card-body  col flex-column  col-md-12 p-0\">\n                        <div class=\"line-clamp-box p-3\">\n                            <h5 class=\"ml-0 ml-sm-1 mt-2 align-items-center\"  >Prof. Dr.  Szabolcs V\u00e1rb\u00edr\u00f3: Merit Award, 2023<\/h5>\n                        <\/div>\n                        \n                    <\/div>\n                <\/div>\n\n            <\/div>\n        <\/a>\n    <\/div>        <\/div>\n    <\/section>\n","protected":false},"excerpt":{"rendered":"<p><a href=\"https:\/\/semmelweis.hu\/kmmcs\/files\/2023\/06\/IMG20230524130522-scaled.jpg\"><\/a>Those we have helped so far:<\/p>\n<p>Number of students who have obtained a PhD: 34<\/p>\n<p>Number of students who have received help from us so far:<\/p>\n<p>Individual consultations: 116 students (over 120 sessions)<\/p>\n<p>Coaching: 58 students (over 160 sessions)<\/p>\n<p>\u00a0<\/p>\n","protected":false},"author":102197,"featured_media":0,"parent":0,"menu_order":4,"comment_status":"closed","ping_status":"closed","template":"template-fullwidth.php","meta":{"_acf_changed":false,"footnotes":""},"categories":[48],"tags":[],"class_list":["post-483","page","type-page","status-publish","hentry","category-achievements"],"acf":[],"_links":{"self":[{"href":"https:\/\/semmelweis.hu\/kmmcs\/wp-json\/wp\/v2\/pages\/483","targetHints":{"allow":["GET"]}}],"collection":[{"href":"https:\/\/semmelweis.hu\/kmmcs\/wp-json\/wp\/v2\/pages"}],"about":[{"href":"https:\/\/semmelweis.hu\/kmmcs\/wp-json\/wp\/v2\/types\/page"}],"author":[{"embeddable":true,"href":"https:\/\/semmelweis.hu\/kmmcs\/wp-json\/wp\/v2\/users\/102197"}],"replies":[{"embeddable":true,"href":"https:\/\/semmelweis.hu\/kmmcs\/wp-json\/wp\/v2\/comments?post=483"}],"version-history":[{"count":10,"href":"https:\/\/semmelweis.hu\/kmmcs\/wp-json\/wp\/v2\/pages\/483\/revisions"}],"predecessor-version":[{"id":863,"href":"https:\/\/semmelweis.hu\/kmmcs\/wp-json\/wp\/v2\/pages\/483\/revisions\/863"}],"wp:attachment":[{"href":"https:\/\/semmelweis.hu\/kmmcs\/wp-json\/wp\/v2\/media?parent=483"}],"wp:term":[{"taxonomy":"category","embeddable":true,"href":"https:\/\/semmelweis.hu\/kmmcs\/wp-json\/wp\/v2\/categories?post=483"},{"taxonomy":"post_tag","embeddable":true,"href":"https:\/\/semmelweis.hu\/kmmcs\/wp-json\/wp\/v2\/tags?post=483"}],"curies":[{"name":"wp","href":"https:\/\/api.w.org\/{rel}","templated":true}]}}