{"id":104,"date":"2023-07-09T19:06:18","date_gmt":"2023-07-09T17:06:18","guid":{"rendered":"https:\/\/semmelweis.hu\/kmmcs\/?page_id=104"},"modified":"2025-05-28T09:57:02","modified_gmt":"2025-05-28T07:57:02","slug":"kondorosine-dr-torok-marianna-phd","status":"publish","type":"page","link":"https:\/\/semmelweis.hu\/kmmcs\/munkatarsaink\/kondorosine-dr-torok-marianna-phd\/","title":{"rendered":"Dr. T\u00f6r\u00f6k Marianna PhD"},"content":{"rendered":"<h4><a href=\"https:\/\/semmelweis.hu\/kmmcs\/files\/2023\/06\/Torok_Marianna-scaled.jpg\"><img loading=\"lazy\" decoding=\"async\" class=\"alignright wp-image-74 size-medium\" src=\"https:\/\/semmelweis.hu\/kmmcs\/files\/2023\/06\/Torok_Marianna-267x400.jpg\" alt=\"\" width=\"267\" height=\"400\" srcset=\"https:\/\/semmelweis.hu\/kmmcs\/files\/2023\/06\/Torok_Marianna-267x400.jpg 267w, https:\/\/semmelweis.hu\/kmmcs\/files\/2023\/06\/Torok_Marianna-683x1024.jpg 683w, https:\/\/semmelweis.hu\/kmmcs\/files\/2023\/06\/Torok_Marianna-768x1152.jpg 768w, https:\/\/semmelweis.hu\/kmmcs\/files\/2023\/06\/Torok_Marianna-1024x1536.jpg 1024w, https:\/\/semmelweis.hu\/kmmcs\/files\/2023\/06\/Torok_Marianna-1366x2048.jpg 1366w, https:\/\/semmelweis.hu\/kmmcs\/files\/2023\/06\/Torok_Marianna-753x1129.jpg 753w, https:\/\/semmelweis.hu\/kmmcs\/files\/2023\/06\/Torok_Marianna-scaled.jpg 1707w\" sizes=\"auto, (max-width: 267px) 100vw, 267px\" \/><\/a><strong>AMiben seg\u00edthetek:<\/strong><\/h4>\n<ul>\n<li>megakadt PhD disszert\u00e1ci\u00f3s folyamat eset\u00e9n konzult\u00e1ci\u00f3, probl\u00e9ma azonos\u00edt\u00e1s, ir\u00e1nymutat\u00e1s, akci\u00f3terv kidolgoz\u00e1sa<\/li>\n<li>Tudom\u00e1nyos cikk\/PhD folyamat projektmenedzsmentje<\/li>\n<li>Statisztika<\/li>\n<li>Endnote<\/li>\n<li>Pl\u00e1giumkeres\u00e9s<\/li>\n<li>Tudom\u00e1nyos cikk\/PhD disszert\u00e1ci\u00f3 lektor\u00e1l\u00e1sa<\/li>\n<li>Fiatal t\u00e9mavezet\u0151k mentor\u00e1l\u00e1sa<\/li>\n<li>Kutat\u00e1si terv elk\u00e9sz\u00edt\u00e9se<\/li>\n<li>Cikktervezet elk\u00e9sz\u00edt\u00e9se<\/li>\n<li>Tan\u00e1csad\u00e1s PhD dolgozat \u00f6ssze\u00e1ll\u00edt\u00e1s\u00e1hoz<\/li>\n<\/ul>\n<p><strong>E-mail:<\/strong>\u00a0<a href=\"mailto:titkarsag.kmmcs@semmelweis.hu\">titkarsag.kmmcs@semmelweis.hu<\/a><\/p>\n","protected":false},"excerpt":{"rendered":"<p><a href=\"https:\/\/semmelweis.hu\/kmmcs\/files\/2023\/06\/Torok_Marianna-scaled.jpg\"><\/a>AMiben seg\u00edthetek:<\/p>\n<p>megakadt PhD disszert\u00e1ci\u00f3s folyamat eset\u00e9n konzult\u00e1ci\u00f3, probl\u00e9ma azonos\u00edt\u00e1s, ir\u00e1nymutat\u00e1s, akci\u00f3terv kidolgoz\u00e1sa<br \/>\nTudom\u00e1nyos cikk\/PhD folyamat projektmenedzsmentje<br \/>\nStatisztika<br \/>\nEndnote<br \/>\nPl\u00e1giumkeres\u00e9s<br \/>\nTudom\u00e1nyos cikk\/PhD disszert\u00e1ci\u00f3 lektor\u00e1l\u00e1sa<br \/>\nFiatal t\u00e9mavezet\u0151k mentor\u00e1l\u00e1sa<br \/>\nKutat\u00e1si terv elk\u00e9sz\u00edt\u00e9se<br \/>\nCikktervezet elk\u00e9sz\u00edt\u00e9se<br \/>\nTan\u00e1csad\u00e1s PhD dolgozat \u00f6ssze\u00e1ll\u00edt\u00e1s\u00e1hoz<\/p>\n<p>E-mail:\u00a0<a href=\"mailto:titkarsag.kmmcs@semmelweis.hu\">titkarsag.kmmcs@semmelweis.hu<\/a><\/p>\n","protected":false},"author":102197,"featured_media":126,"parent":152,"menu_order":3,"comment_status":"closed","ping_status":"closed","template":"template-szervezet.php","meta":{"_acf_changed":false,"footnotes":""},"categories":[3],"tags":[],"class_list":["post-104","page","type-page","status-publish","has-post-thumbnail","hentry","category-munkatarsaink"],"acf":[],"_links":{"self":[{"href":"https:\/\/semmelweis.hu\/kmmcs\/wp-json\/wp\/v2\/pages\/104","targetHints":{"allow":["GET"]}}],"collection":[{"href":"https:\/\/semmelweis.hu\/kmmcs\/wp-json\/wp\/v2\/pages"}],"about":[{"href":"https:\/\/semmelweis.hu\/kmmcs\/wp-json\/wp\/v2\/types\/page"}],"author":[{"embeddable":true,"href":"https:\/\/semmelweis.hu\/kmmcs\/wp-json\/wp\/v2\/users\/102197"}],"replies":[{"embeddable":true,"href":"https:\/\/semmelweis.hu\/kmmcs\/wp-json\/wp\/v2\/comments?post=104"}],"version-history":[{"count":8,"href":"https:\/\/semmelweis.hu\/kmmcs\/wp-json\/wp\/v2\/pages\/104\/revisions"}],"predecessor-version":[{"id":779,"href":"https:\/\/semmelweis.hu\/kmmcs\/wp-json\/wp\/v2\/pages\/104\/revisions\/779"}],"up":[{"embeddable":true,"href":"https:\/\/semmelweis.hu\/kmmcs\/wp-json\/wp\/v2\/pages\/152"}],"wp:featuredmedia":[{"embeddable":true,"href":"https:\/\/semmelweis.hu\/kmmcs\/wp-json\/wp\/v2\/media\/126"}],"wp:attachment":[{"href":"https:\/\/semmelweis.hu\/kmmcs\/wp-json\/wp\/v2\/media?parent=104"}],"wp:term":[{"taxonomy":"category","embeddable":true,"href":"https:\/\/semmelweis.hu\/kmmcs\/wp-json\/wp\/v2\/categories?post=104"},{"taxonomy":"post_tag","embeddable":true,"href":"https:\/\/semmelweis.hu\/kmmcs\/wp-json\/wp\/v2\/tags?post=104"}],"curies":[{"name":"wp","href":"https:\/\/api.w.org\/{rel}","templated":true}]}}