{"id":387,"date":"2021-11-24T10:35:02","date_gmt":"2021-11-24T09:35:02","guid":{"rendered":"https:\/\/semmelweis.hu\/klinikai-vizsgalatok\/?page_id=387"},"modified":"2026-01-05T09:42:25","modified_gmt":"2026-01-05T08:42:25","slug":"elerhetosegeink","status":"publish","type":"page","link":"https:\/\/semmelweis.hu\/klinikai-vizsgalatok\/elerhetosegeink\/","title":{"rendered":"El\u00e9rhet\u0151s\u00e9geink"},"content":{"rendered":"<div class=\"keretes w-100\">\n<h4><strong>Klinikai Kutat\u00e1sok K\u00f6zponti Koordin\u00e1ci\u00f3s iroda<\/strong><\/h4>\n<p>1085 Budapest, \u00dcll\u0151i \u00fat 26.<br \/>\n+36 1 459 15 00\u00a0 (55301-es mell\u00e9k)<br \/>\n<a href=\"mailto:klinikaikutatas@semmelweis.hu\">klinikaikutatas@semmelweis.hu<\/a><\/p>\n<\/div>\n<h4><strong>Munkat\u00e1rsak<\/strong><\/h4>\n<p><strong>Prof. Dr. Szathm\u00e1ri Mikl\u00f3s<br \/>\n<\/strong>igazgat\u00f3<br \/>\n4K@semmelweis.hu<\/p>\n<p><strong>Nagy Gy\u00f6rgy P\u00e1l<br \/>\n<\/strong>vezet\u0151 vizsg\u00e1lati koordin\u00e1tor<br \/>\nnagy.gyorgy1@semmelweis.hu<br \/>\n+36 20 825 0750<\/p>\n<p><strong>Schliszka Tam\u00e1s<br \/>\n<\/strong>k\u00f6zponti vizsg\u00e1lati koordin\u00e1tor<br \/>\nschliszka.tamas@semmelweis.hu<br \/>\n+36 20 6632456<\/p>\n<p><strong>Kar\u00e1csony Nikolett<br \/>\n<\/strong>k\u00f6zponti vizsg\u00e1lati adminisztr\u00e1tor<br \/>\nkaracsony.nikolett@semmelweis.hu<br \/>\n+36 30 016 4510<\/p>\n<p><strong>T\u00f3th Orsolya Zsuzsanna<br \/>\n<\/strong>adminisztrat\u00edv asszisztens<br \/>\ntoth.orsolya.zsuzsanna@semmelweis.hu<br \/>\n+36 30 877 6510<\/p>\n<hr \/>\n<h4><strong><a href=\"https:\/\/semmelweis.hu\/jogigfoig\/\">Jogi igazgat\u00f3s\u00e1g<\/a><br \/>\n<\/strong><\/h4>\n<p><strong>Dr. T\u00f6r\u00f6k Levente<br \/>\n<\/strong>eg\u00e9szs\u00e9g\u00fcgyi \u00e9s oktat\u00e1si jogi igazgat\u00f3<br \/>\ntorok.levente@semmelweis.hu<br \/>\n+36 20 828 0316<\/p>\n<p><strong>Dr. Barta Zs\u00f3fia Edit<br \/>\n<\/strong>jogi szak\u00e9rt\u0151<br \/>\nbarta.zsofia.edit@semmelweis.hu<br \/>\n+36 30 877 2491<\/p>\n<hr \/>\n<h4><strong><a href=\"https:\/\/semmelweis.hu\/penzugy\">P\u00e9nz\u00fcgyi igazgat\u00f3s\u00e1g<\/a><\/strong><\/h4>\n<p><strong>N\u00e1ndori Szilvia<br \/>\n<\/strong>gazdas\u00e1gi igazgat\u00f3<br \/>\nnandori.szilvia@semmelweis.hu<br \/>\n+36 20 825 9669<\/p>\n<p><strong>Antaln\u00e9 Kop\u00e1n Erika<br \/>\n<\/strong>gazdas\u00e1gi munkat\u00e1rs<br \/>\nkopan.erika@semmelweis.hu<br \/>\n+36 20 663 2937<\/p>\n","protected":false},"excerpt":{"rendered":"<p>Klinikai Kutat\u00e1sok K\u00f6zponti Koordin\u00e1ci\u00f3s iroda 1085 Budapest, \u00dcll\u0151i \u00fat 26. +36 1 459 15 00\u00a0 (55301-es mell\u00e9k) <a href=\"mailto:klinikaikutatas@semmelweis.hu\">klinikaikutatas@semmelweis.hu<\/a> Munkat\u00e1rsak Prof. Dr. Szathm\u00e1ri Mikl\u00f3s igazgat\u00f3 4K@semmelweis.hu Nagy Gy\u00f6rgy P\u00e1l vezet\u0151 vizsg\u00e1lati koordin\u00e1tor nagy.gyorgy1@semmelweis.hu +36 20 825 0750 Schliszka Tam\u00e1s k\u00f6zponti vizsg\u00e1lati koordin\u00e1tor schliszka.tamas@semmelweis.hu +36 20 6632456 Kar\u00e1csony Nikolett k\u00f6zponti vizsg\u00e1lati adminisztr\u00e1tor karacsony.nikolett@semmelweis.hu +36 30 016 4510 T\u00f3th &hellip;<\/p>\n","protected":false},"author":101961,"featured_media":0,"parent":0,"menu_order":8,"comment_status":"closed","ping_status":"closed","template":"","meta":{"_acf_changed":false,"footnotes":""},"categories":[],"tags":[],"class_list":["post-387","page","type-page","status-publish","hentry"],"acf":[],"_links":{"self":[{"href":"https:\/\/semmelweis.hu\/klinikai-vizsgalatok\/wp-json\/wp\/v2\/pages\/387","targetHints":{"allow":["GET"]}}],"collection":[{"href":"https:\/\/semmelweis.hu\/klinikai-vizsgalatok\/wp-json\/wp\/v2\/pages"}],"about":[{"href":"https:\/\/semmelweis.hu\/klinikai-vizsgalatok\/wp-json\/wp\/v2\/types\/page"}],"author":[{"embeddable":true,"href":"https:\/\/semmelweis.hu\/klinikai-vizsgalatok\/wp-json\/wp\/v2\/users\/101961"}],"replies":[{"embeddable":true,"href":"https:\/\/semmelweis.hu\/klinikai-vizsgalatok\/wp-json\/wp\/v2\/comments?post=387"}],"version-history":[{"count":12,"href":"https:\/\/semmelweis.hu\/klinikai-vizsgalatok\/wp-json\/wp\/v2\/pages\/387\/revisions"}],"predecessor-version":[{"id":994,"href":"https:\/\/semmelweis.hu\/klinikai-vizsgalatok\/wp-json\/wp\/v2\/pages\/387\/revisions\/994"}],"wp:attachment":[{"href":"https:\/\/semmelweis.hu\/klinikai-vizsgalatok\/wp-json\/wp\/v2\/media?parent=387"}],"wp:term":[{"taxonomy":"category","embeddable":true,"href":"https:\/\/semmelweis.hu\/klinikai-vizsgalatok\/wp-json\/wp\/v2\/categories?post=387"},{"taxonomy":"post_tag","embeddable":true,"href":"https:\/\/semmelweis.hu\/klinikai-vizsgalatok\/wp-json\/wp\/v2\/tags?post=387"}],"curies":[{"name":"wp","href":"https:\/\/api.w.org\/{rel}","templated":true}]}}

Elérhetőségeink

<div class="keretes w-100">
<h4><strong>Klinikai Kutatások Központi Koordinációs iroda</strong></h4>
<p>1085 Budapest, Üllői út 26.<br />
+36 1 459 15 00  (55301-es mellék)<br />
<a href="mailto:klinikaikutatas@semmelweis.hu">klinikaikutatas@semmelweis.hu</a></p>
</div>
<h4><strong>Munkatársak</strong></h4>
<p><strong>Prof. Dr. Szathmári Miklós<br />
</strong>igazgató<br />
4K@semmelweis.hu</p>
<p><strong>Nagy György Pál<br />
</strong>vezető vizsgálati koordinátor<br />
nagy.gyorgy1@semmelweis.hu<br />
+36 20 825 0750</p>
<p><strong>Schliszka Tamás<br />
</strong>központi vizsgálati koordinátor<br />
schliszka.tamas@semmelweis.hu<br />
+36 20 6632456</p>
<p><strong>Karácsony Nikolett<br />
</strong>központi vizsgálati adminisztrátor<br />
karacsony.nikolett@semmelweis.hu<br />
+36 30 016 4510</p>
<p><strong>Tóth Orsolya Zsuzsanna<br />
</strong>adminisztratív asszisztens<br />
toth.orsolya.zsuzsanna@semmelweis.hu<br />
+36 30 877 6510</p>
<hr />
<h4><strong><a href="https://semmelweis.hu/jogigfoig/">Jogi igazgatóság</a><br />
</strong></h4>
<p><strong>Dr. Török Levente<br />
</strong>egészségügyi és oktatási jogi igazgató<br />
torok.levente@semmelweis.hu<br />
+36 20 828 0316</p>
<p><strong>Dr. Barta Zsófia Edit<br />
</strong>jogi szakértő<br />
barta.zsofia.edit@semmelweis.hu<br />
+36 30 877 2491</p>
<hr />
<h4><strong><a href="https://semmelweis.hu/penzugy">Pénzügyi igazgatóság</a></strong></h4>
<p><strong>Nándori Szilvia<br />
</strong>gazdasági igazgató<br />
nandori.szilvia@semmelweis.hu<br />
+36 20 825 9669</p>
<p><strong>Antalné Kopán Erika<br />
</strong>gazdasági munkatárs<br />
kopan.erika@semmelweis.hu<br />
+36 20 663 2937</p>

<p>Klinikai Kutatások Központi Koordinációs iroda 1085 Budapest, Üllői út 26. +36 1 459 15 00  (55301-es mellék) <a href="mailto:klinikaikutatas@semmelweis.hu">klinikaikutatas@semmelweis.hu</a> Munkatársak Prof. Dr. Szathmári Miklós igazgató 4K@semmelweis.hu Nagy György Pál vezető vizsgálati koordinátor nagy.gyorgy1@semmelweis.hu +36 20 825 0750 Schliszka Tamás központi vizsgálati koordinátor schliszka.tamas@semmelweis.hu +36 20 6632456 Karácsony Nikolett központi vizsgálati adminisztrátor karacsony.nikolett@semmelweis.hu +36 30 016 4510 Tóth &hellip;</p>
