{"id":359,"date":"2021-05-18T13:46:56","date_gmt":"2021-05-18T11:46:56","guid":{"rendered":"https:\/\/semmelweis.hu\/klinikai-vizsgalatok\/?page_id=359"},"modified":"2023-09-01T11:09:17","modified_gmt":"2023-09-01T09:09:17","slug":"bemutatkozas","status":"publish","type":"page","link":"https:\/\/semmelweis.hu\/klinikai-vizsgalatok\/bemutatkozas\/","title":{"rendered":"Bemutatkoz\u00e1s"},"content":{"rendered":"<p>A Klinikai Kutat\u00e1sok K\u00f6zponti Koordin\u00e1ci\u00f3s Iroda (r\u00f6vid\u00edtve: 4K) az Egyetem \u00e1ltal az erre ir\u00e1nyul\u00f3 megb\u00edz\u00e1s, vagy kutat\u00f3i kezdem\u00e9nyez\u00e9s alapj\u00e1n megszervezett klinikai vizsg\u00e1latok el\u0151k\u00e9sz\u00edt\u00e9s\u00e9hez, megszervez\u00e9s\u00e9hez, lefolytat\u00e1s\u00e1hoz \u00e9s a kapcsol\u00f3d\u00f3 bels\u0151 monitoringhoz sz\u00fcks\u00e9ges tev\u00e9kenys\u00e9geket t\u00e1mogat\u00f3 \u00e9s koordin\u00e1l\u00f3 k\u00f6zponti szervezeti egys\u00e9g.<\/p>\n<p><a href=\"https:\/\/semmelweis.hu\/klinikai-vizsgalatok\/files\/2023\/08\/pexels-lukas-669621-scaled.jpg\"><img loading=\"lazy\" decoding=\"async\" class=\"alignright wp-image-578 size-medium\" src=\"https:\/\/semmelweis.hu\/klinikai-vizsgalatok\/files\/2023\/08\/pexels-lukas-669621-400x265.jpg\" alt=\"\" width=\"400\" height=\"265\" srcset=\"https:\/\/semmelweis.hu\/klinikai-vizsgalatok\/files\/2023\/08\/pexels-lukas-669621-400x265.jpg 400w, https:\/\/semmelweis.hu\/klinikai-vizsgalatok\/files\/2023\/08\/pexels-lukas-669621-1024x678.jpg 1024w, https:\/\/semmelweis.hu\/klinikai-vizsgalatok\/files\/2023\/08\/pexels-lukas-669621-768x509.jpg 768w, https:\/\/semmelweis.hu\/klinikai-vizsgalatok\/files\/2023\/08\/pexels-lukas-669621-1536x1017.jpg 1536w, https:\/\/semmelweis.hu\/klinikai-vizsgalatok\/files\/2023\/08\/pexels-lukas-669621-2048x1356.jpg 2048w, https:\/\/semmelweis.hu\/klinikai-vizsgalatok\/files\/2023\/08\/pexels-lukas-669621-753x499.jpg 753w, https:\/\/semmelweis.hu\/klinikai-vizsgalatok\/files\/2023\/08\/pexels-lukas-669621-203x135.jpg 203w\" sizes=\"auto, (max-width: 400px) 100vw, 400px\" \/><\/a>A K\u00f6zpont a hat\u00e1sk\u00f6r\u00e9be tartoz\u00f3 kutat\u00e1sok eset\u00e9ben a feladatell\u00e1t\u00e1s szempontj\u00e1b\u00f3l teljesk\u00f6r\u0171en koordin\u00e1lja a kapcsol\u00f3d\u00f3 szakmai, gazdas\u00e1gi, jogi, adminisztrat\u00edv \u00e9s m\u0171szaki feladatokat, m\u00edg az egyes feladatokhoz kapcsol\u00f3d\u00f3 ir\u00e1ny\u00edt\u00e1si jogk\u00f6r\u00f6kre az \u00e1ltal\u00e1nos ir\u00e1ny\u00edt\u00e1si szab\u00e1lyok az ir\u00e1nyad\u00f3k. E mellett nyilv\u00e1ntartja a Klinik\u00e1kon jelenleg fut\u00f3 \u00f6sszes vizsg\u00e1latot, valamint az akt\u00edv betegbev\u00e1logat\u00e1s\u00fa kutat\u00e1sokat. Kapcsolatot tart a magyarorsz\u00e1gi \u00e9s a k\u00fclf\u00f6ldi gy\u00f3gyszergy\u00e1rt\u00f3 c\u00e9gekkel, azok megkeres\u00e9s\u00e9nek eleget t\u00e9ve t\u00e1j\u00e9koztatja az \u00e9rintett feleket egy adott vizsg\u00e1latr\u00f3l. A folyamatosan b\u0151v\u00fcl\u0151, bels\u0151 nyilv\u00e1ntart\u00f3 rendszer seg\u00edts\u00e9g\u00e9vel kimutat\u00e1sokat k\u00e9sz\u00edt a k\u00fcl\u00f6nb\u00f6z\u0151 t\u00edpus\u00fa betegs\u00e9gek kutat\u00e1s\u00e1r\u00f3l, valamint negyed-\/f\u00e9l-\/egy\u00e9ves adatelemz\u00e9sekkel hozz\u00e1j\u00e1rul a Klinik\u00e1kon foly\u00f3 vizsg\u00e1latok fejleszt\u00e9s\u00e9hez.<\/p>\n<p>A 4K c\u00e9lja az adminisztrat\u00edv \u00e9s adatelemz\u0151i feladatokon t\u00fal, hogy a Klinik\u00e1kat, a gy\u00f3gyszergy\u00e1rt\u00f3 c\u00e9geket \u00e9s a betegeket \u00f6sszekapcsolja. Ezzel hozz\u00e1j\u00e1rulva az egyes betegs\u00e9gek kutat\u00e1s\u00e1nak eredm\u00e9nyess\u00e9g\u00e9hez. A honlapon r\u00e9szletesen olvashatnak a <a href=\"https:\/\/semmelweis.hu\/klinikai-vizsgalatok\/oktatas\/\">klinikai vizsg\u00e1latok<\/a>r\u00f3l, azok <a href=\"https:\/\/semmelweis.hu\/klinikai-vizsgalatok\/oktatas\/a-klinikai-vizsgalatok-fazisai\/\">f\u00e1zis<\/a>air\u00f3l, valamint arr\u00f3l, hogy mi\u00e9rt \u00e9rdemes <a href=\"https:\/\/semmelweis.hu\/klinikai-vizsgalatok\/miert-vegyek-reszt\/\">r\u00e9szt venni<\/a> klinikai kutat\u00e1sokban.<\/p>\n<p>K\u00e9rd\u00e9s eset\u00e9n, koll\u00e9g\u00e1ink e-mail c\u00edm\u00e9t \u00e9s telefonsz\u00e1m\u00e1t megtal\u00e1lja az <a href=\"https:\/\/semmelweis.hu\/klinikai-vizsgalatok\/elerhetosegeink\/\">El\u00e9rhet\u0151s\u00e9geink<\/a> men\u00fcpont alatt.<\/p>\n","protected":false},"excerpt":{"rendered":"<p>A Klinikai Kutat\u00e1sok K\u00f6zponti Koordin\u00e1ci\u00f3s Iroda (r\u00f6vid\u00edtve: 4K) az Egyetem \u00e1ltal az erre ir\u00e1nyul\u00f3 megb\u00edz\u00e1s, vagy kutat\u00f3i kezdem\u00e9nyez\u00e9s alapj\u00e1n megszervezett klinikai vizsg\u00e1latok el\u0151k\u00e9sz\u00edt\u00e9s\u00e9hez, megszervez\u00e9s\u00e9hez, lefolytat\u00e1s\u00e1hoz \u00e9s a kapcsol\u00f3d\u00f3 bels\u0151 monitoringhoz sz\u00fcks\u00e9ges tev\u00e9kenys\u00e9geket t\u00e1mogat\u00f3 \u00e9s koordin\u00e1l\u00f3 k\u00f6zponti szervezeti egys\u00e9g. <a href=\"https:\/\/semmelweis.hu\/klinikai-vizsgalatok\/files\/2023\/08\/pexels-lukas-669621-scaled.jpg\"><\/a> A K\u00f6zpont a hat\u00e1sk\u00f6r\u00e9be tartoz\u00f3 kutat\u00e1sok eset\u00e9ben a feladatell\u00e1t\u00e1s szempontj\u00e1b\u00f3l teljesk\u00f6r\u0171en koordin\u00e1lja a kapcsol\u00f3d\u00f3 szakmai, gazdas\u00e1gi, jogi, &hellip;<\/p>\n","protected":false},"author":12,"featured_media":570,"parent":0,"menu_order":0,"comment_status":"closed","ping_status":"closed","template":"","meta":{"_acf_changed":false,"footnotes":""},"categories":[],"tags":[],"class_list":["post-359","page","type-page","status-publish","has-post-thumbnail","hentry"],"acf":[],"_links":{"self":[{"href":"https:\/\/semmelweis.hu\/klinikai-vizsgalatok\/wp-json\/wp\/v2\/pages\/359","targetHints":{"allow":["GET"]}}],"collection":[{"href":"https:\/\/semmelweis.hu\/klinikai-vizsgalatok\/wp-json\/wp\/v2\/pages"}],"about":[{"href":"https:\/\/semmelweis.hu\/klinikai-vizsgalatok\/wp-json\/wp\/v2\/types\/page"}],"author":[{"embeddable":true,"href":"https:\/\/semmelweis.hu\/klinikai-vizsgalatok\/wp-json\/wp\/v2\/users\/12"}],"replies":[{"embeddable":true,"href":"https:\/\/semmelweis.hu\/klinikai-vizsgalatok\/wp-json\/wp\/v2\/comments?post=359"}],"version-history":[{"count":11,"href":"https:\/\/semmelweis.hu\/klinikai-vizsgalatok\/wp-json\/wp\/v2\/pages\/359\/revisions"}],"predecessor-version":[{"id":592,"href":"https:\/\/semmelweis.hu\/klinikai-vizsgalatok\/wp-json\/wp\/v2\/pages\/359\/revisions\/592"}],"wp:featuredmedia":[{"embeddable":true,"href":"https:\/\/semmelweis.hu\/klinikai-vizsgalatok\/wp-json\/wp\/v2\/media\/570"}],"wp:attachment":[{"href":"https:\/\/semmelweis.hu\/klinikai-vizsgalatok\/wp-json\/wp\/v2\/media?parent=359"}],"wp:term":[{"taxonomy":"category","embeddable":true,"href":"https:\/\/semmelweis.hu\/klinikai-vizsgalatok\/wp-json\/wp\/v2\/categories?post=359"},{"taxonomy":"post_tag","embeddable":true,"href":"https:\/\/semmelweis.hu\/klinikai-vizsgalatok\/wp-json\/wp\/v2\/tags?post=359"}],"curies":[{"name":"wp","href":"https:\/\/api.w.org\/{rel}","templated":true}]}}