{"id":91,"date":"2012-06-06T08:35:42","date_gmt":"2012-06-06T08:35:42","guid":{"rendered":"http:\/\/semmelweis-egyetem.hu\/klinikai-pszichologia\/?page_id=91"},"modified":"2025-02-28T10:09:44","modified_gmt":"2025-02-28T09:09:44","slug":"felnott-es-gyermek-klinikai-es-mentalhigieniai-szakpszichologus-szakkepzes","status":"publish","type":"page","link":"https:\/\/semmelweis.hu\/klinikai-pszichologia\/oktatas\/felnott-es-gyermek-klinikai-es-mentalhigieniai-szakpszichologus-szakkepzes\/","title":{"rendered":"Klinikai \u00e9s ment\u00e1lhigi\u00e9niai szakpszichol\u00f3gus szakk\u00e9pz\u00e9s"},"content":{"rendered":"<p style=\"text-align: justify\">Az al\u00e1bbi linkre kattintva \u00e9rhet\u0151 el r\u00e9szletes t\u00e1j\u00e9koztat\u00e1s a\u00a0<strong><a href=\"https:\/\/semmelweis.hu\/klinikai-pszichologia\/files\/2017\/05\/Pszichol\u00f3gus-szakk\u00e9pz\u00e9sek-rendszere.pdf\">pszichol\u00f3gus szakk\u00e9pz\u00e9sek rendszer\u00e9vel<\/a><\/strong>\u00a0kapcsolatban.<\/p>\n<p style=\"text-align: justify\"><span style=\"text-decoration: underline\"><strong>A k\u00e9pz\u00e9si koncepci\u00f3<\/strong><\/span><\/p>\n<p style=\"text-align: justify\">A k\u00e9pz\u00e9s form\u00e1ja: Alapszakvizsg\u00e1ra felk\u00e9sz\u00edt\u0151 szakir\u00e1ny\u00fa szakk\u00e9pz\u00e9s, elm\u00e9leti blokkokban \u00e9s gyakorlati keretben t\u00f6rt\u00e9n\u0151, folyamatos munkav\u00e9gz\u00e9s melletti k\u00e9pz\u00e9s.<\/p>\n<p style=\"text-align: justify\"><strong>K\u00e9pz\u00e9si id\u0151<\/strong>: <span style=\"text-decoration: underline\">48 h\u00f3nap<\/span> (4 tan\u00e9v, 8 szemeszter)<\/p>\n<p style=\"text-align: justify\"><strong>A k\u00e9pz\u00e9s tartalmi vonatkoz\u00e1sai<\/strong>: A Tansz\u00e9k legfontosabb oktat\u00e1si feladata <strong>a posztgradu\u00e1lis <\/strong>klinikai \u00e9s ment\u00e1lhigi\u00e9niai feln\u0151tt \u00e9s gyermek szakpszichol\u00f3gus <strong>szakk\u00e9pz\u00e9s<\/strong>. A k\u00e9pz\u00e9s integrat\u00edv szeml\u00e9let\u0171, kognit\u00edv hangs\u00faly\u00fa, a klinikai pszichol\u00f3gia mai fejletts\u00e9g\u00e9\u00adnek megfelel\u0151en olyan korszer\u0171 tud\u00e1st k\u00edn\u00e1l, amely mag\u00e1ba foglalja a kognit\u00edv \u2013 viselked\u00e9ster\u00e1pi\u00e1s, pszicho\u00addina\u00admikus \u00e9s rendszerszeml\u00e9let\u0171 pszichoter\u00e1pi\u00e1s szeml\u00e9letet. A jel\u00f6ltek elm\u00e9leti, gyakorlati \u00e9s szuperv\u00edzi\u00f3s k\u00e9pz\u00e9sben r\u00e9szes\u00fclnek, megismerkednek a klinikai pszichol\u00f3gia alkalmaz\u00e1si lehet\u0151s\u00e9geivel a medicina k\u00fcl\u00f6nb\u00f6z\u0151 ter\u00fcletein.<span style=\"font-size: 1rem\"> A k\u00e9pz\u00e9s i<\/span><span style=\"font-size: 1rem\">d\u0151tartama: 4 \u00e9v.<\/span><\/p>\n<p style=\"text-align: justify\"><strong>A k\u00e9pz\u00e9s szerkezete<\/strong>: A k\u00e9pz\u00e9s elm\u00e9leti \u00e9s gyakorlati r\u00e9szb\u0151l \u00e1ll. Az elm\u00e9leti k\u00e9pz\u00e9s tanulm\u00e1nyi egys\u00e9gekben, modulos szerkezet\u0171 t\u00e9mablokkokban val\u00f3sul meg a k\u00e9pz\u0151helyek szervez\u00e9s\u00e9ben, minden szemeszter elej\u00e9n 1 hetes t\u00f6mb\u00f6s\u00edt\u00e9sben. A gyakorlati k\u00e9pz\u00e9s r\u00e9szint akkredit\u00e1lt klinikai gyakorl\u00f3helyeken elt\u00f6lt\u00f6tt, meghat\u00e1rozott tanulm\u00e1nyi id\u0151t, valamint tutori\u00e1lis konzult\u00e1ci\u00f3kkal, gyakorlatvezet\u0151i seg\u00edts\u00e9ggel v\u00e9gzett tanulm\u00e1nyokat (ez az \u00fan. b\u00e1zisint\u00e9zet vagy b\u00e1zisgyakorlat), r\u00e9szint adott klinikai feladatok ellen\u0151rz\u00f6tt megval\u00f3s\u00edt\u00e1s\u00e1t jelenti. A jel\u00f6lt saj\u00e1t munkahelye folyamatos gyakorlati h\u00e1tteret k\u00e9pez, amelyben szakfeladatait ell\u00e1tja. Tev\u00e9kenys\u00e9g\u00e9t tutora k\u00eds\u00e9ri, vezeti \u00e9s ellen\u0151rzi. A k\u00e9pz\u00e9s r\u00e9sz\u00e9t k\u00e9pezi a pszichoterapeuta k\u00e9pz\u00e9s propedeutika f\u00e1zis\u00e1nak elm\u00e9lete \u00e9s gyakorlata. Ez ut\u00f3bbi alappszichoter\u00e1pi\u00e1s gyakorlat (pszichoter\u00e1pi\u00e1s alapk\u00e9szs\u00e9gek, kommunik\u00e1ci\u00f3s- \u00e9s szem\u00e9lyes hat\u00e1konys\u00e1g fejleszt\u0151 tr\u00e9ningek) form\u00e1j\u00e1ban val\u00f3sul meg. Ezt eg\u00e9sz\u00edti ki az \u00f6nismereti k\u00e9pz\u00e9s, melyet a jel\u00f6ltnek \u00f6n\u00e1ll\u00f3an kell megszereznie. Az eddigi 250 \u00f3ra helyett <em>150 \u00f3ra \u00f6nismeret<\/em>i c\u00e9l\u00fa saj\u00e1t\u00e9lm\u00e9ny\u0171 pszichoter\u00e1pi\u00e1ban val\u00f3 r\u00e9szv\u00e9tel sz\u00fcks\u00e9ges. Fontos, hogy a jel\u00f6lt ezt valamelyik akkredit\u00e1lt <em>pszichoter\u00e1pi\u00e1s egyes\u00fclet kik\u00e9pz\u0151 pszichoterapeut\u00e1j\u00e1t\u00f3l<\/em> szerezze meg.<\/p>\n<p style=\"text-align: justify\">A k\u00e9pz\u00e9si strukt\u00far\u00e1t a tanulm\u00e1nyi id\u0151 eg\u00e9sz\u00e9re, szemeszterenk\u00e9nti bont\u00e1sban az al\u00e1bbiakban ismertetj\u00fck: <a href=\"https:\/\/semmelweis.hu\/klinikai-pszichologia\/files\/2022\/05\/Szakkepzes-felepitese.pdf\">Szakk\u00e9pz\u00e9s fel\u00e9p\u00edt\u00e9se<\/a><\/p>\n<p style=\"text-align: justify\"><span style=\"font-size: 1rem\">A szakk\u00e9pz\u00e9s els\u0151<\/span><span style=\"font-size: 1rem\">\u00a0k\u00e9t f\u00e9l\u00e9v\u00e9ben tartott alappszichoter\u00e1pi\u00e1s k\u00e9szs\u00e9gfejleszt\u0151 gyakorlatot a <\/span><a href=\"http:\/\/www.szemelykozpontu.hu\/vezetoseg.html\" target=\"_blank\" rel=\"noopener noreferrer\">Szem\u00e9lyk\u00f6zpont\u00fa Egyes\u00fclet<\/a><span style=\"font-size: 1rem\"> vezet\u0151s\u00e9gi tagjai, Ajtay Gy\u00f6ngyi \u00e9s R\u00f3zsa Ildik\u00f3 tartj\u00e1k.<\/span><\/p>\n<p>&nbsp;<\/p>\n<p style=\"text-align: justify\"><img decoding=\"async\" src=\"https:\/\/semmelweis.hu\/klinikai-pszichologia\/files\/2013\/03\/613872.jpg\" alt=\"\" \/><\/p>\n","protected":false},"excerpt":{"rendered":"<p>Az al\u00e1bbi linkre kattintva \u00e9rhet\u0151 el r\u00e9szletes t\u00e1j\u00e9koztat\u00e1s a\u00a0 <a href=\"https:\/\/semmelweis.hu\/klinikai-pszichologia\/files\/2017\/05\/Pszichol\u00f3gus-szakk\u00e9pz\u00e9sek-rendszere.pdf\">pszichol\u00f3gus szakk\u00e9pz\u00e9sek rendszer\u00e9vel<\/a> \u00a0kapcsolatban. A k\u00e9pz\u00e9si koncepci\u00f3 A k\u00e9pz\u00e9s form\u00e1ja: Alapszakvizsg\u00e1ra felk\u00e9sz\u00edt\u0151 szakir\u00e1ny\u00fa szakk\u00e9pz\u00e9s, elm\u00e9leti blokkokban \u00e9s gyakorlati keretben t\u00f6rt\u00e9n\u0151, folyamatos munkav\u00e9gz\u00e9s melletti k\u00e9pz\u00e9s. K\u00e9pz\u00e9si id\u0151: 48 h\u00f3nap (4 tan\u00e9v, 8 szemeszter) A k\u00e9pz\u00e9s tartalmi vonatkoz\u00e1sai: A Tansz\u00e9k legfontosabb oktat\u00e1si feladata a posztgradu\u00e1lis klinikai \u00e9s ment\u00e1lhigi\u00e9niai feln\u0151tt \u00e9s gyermek &hellip;<\/p>\n","protected":false},"author":336,"featured_media":0,"parent":8,"menu_order":3,"comment_status":"open","ping_status":"open","template":"","meta":{"_acf_changed":false,"footnotes":""},"categories":[],"tags":[],"class_list":["post-91","page","type-page","status-publish","hentry"],"acf":[],"_links":{"self":[{"href":"https:\/\/semmelweis.hu\/klinikai-pszichologia\/wp-json\/wp\/v2\/pages\/91","targetHints":{"allow":["GET"]}}],"collection":[{"href":"https:\/\/semmelweis.hu\/klinikai-pszichologia\/wp-json\/wp\/v2\/pages"}],"about":[{"href":"https:\/\/semmelweis.hu\/klinikai-pszichologia\/wp-json\/wp\/v2\/types\/page"}],"author":[{"embeddable":true,"href":"https:\/\/semmelweis.hu\/klinikai-pszichologia\/wp-json\/wp\/v2\/users\/336"}],"replies":[{"embeddable":true,"href":"https:\/\/semmelweis.hu\/klinikai-pszichologia\/wp-json\/wp\/v2\/comments?post=91"}],"version-history":[{"count":10,"href":"https:\/\/semmelweis.hu\/klinikai-pszichologia\/wp-json\/wp\/v2\/pages\/91\/revisions"}],"predecessor-version":[{"id":7565,"href":"https:\/\/semmelweis.hu\/klinikai-pszichologia\/wp-json\/wp\/v2\/pages\/91\/revisions\/7565"}],"up":[{"embeddable":true,"href":"https:\/\/semmelweis.hu\/klinikai-pszichologia\/wp-json\/wp\/v2\/pages\/8"}],"wp:attachment":[{"href":"https:\/\/semmelweis.hu\/klinikai-pszichologia\/wp-json\/wp\/v2\/media?parent=91"}],"wp:term":[{"taxonomy":"category","embeddable":true,"href":"https:\/\/semmelweis.hu\/klinikai-pszichologia\/wp-json\/wp\/v2\/categories?post=91"},{"taxonomy":"post_tag","embeddable":true,"href":"https:\/\/semmelweis.hu\/klinikai-pszichologia\/wp-json\/wp\/v2\/tags?post=91"}],"curies":[{"name":"wp","href":"https:\/\/api.w.org\/{rel}","templated":true}]}}