{"id":7831,"date":"2025-09-18T09:09:32","date_gmt":"2025-09-18T07:09:32","guid":{"rendered":"https:\/\/semmelweis.hu\/klinikai-pszichologia\/?page_id=7831"},"modified":"2025-09-18T09:09:32","modified_gmt":"2025-09-18T07:09:32","slug":"metakognitiv-modszerek-egynapos-kepzes_2025-november-8-szombat","status":"publish","type":"page","link":"https:\/\/semmelweis.hu\/klinikai-pszichologia\/metakognitiv-modszerek-egynapos-kepzes_2025-november-8-szombat\/","title":{"rendered":"Metakognit\u00edv m\u00f3dszerek egynapos k\u00e9pz\u00e9s_2025. november 8. szombat"},"content":{"rendered":"<h1 style=\"text-align: center\"><span style=\"font-size: 24pt\"><strong>Metakognit\u00edv m\u00f3dszerek<\/strong><\/span><br \/>\n<span style=\"font-size: 24pt\"><strong>2025. november 8.<\/strong><\/span><\/h1>\n<p><strong>\u00a0<\/strong><\/p>\n<p>A Semmelweis Egyetem Pszichi\u00e1triai \u00e9s Pszichoter\u00e1pi\u00e1s Klinika, Klinikai Pszichol\u00f3gia Tansz\u00e9k egynapos tov\u00e1bbk\u00e9pz\u00e9st szervez klinikai szakpszichol\u00f3gusok \u00e9s klinikai szakpszichol\u00f3gus jel\u00f6ltek sz\u00e1m\u00e1ra Metakognit\u00edv m\u00f3dszerek t\u00e9m\u00e1ban.<\/p>\n<p>A klinikai kutat\u00e1sok egy\u00e9rtelm\u0171en al\u00e1t\u00e1masztj\u00e1k a metakognit\u00edv ter\u00e1pia hat\u00e9konys\u00e1g\u00e1t a ter\u00e1pia-rezisztens depresszi\u00f3s \u00e9s szorong\u00e1sos zavarok, a makacs hipochondriasis, a kr\u00f3nikus k\u00e9nyszerbetegs\u00e9g kezel\u00e9s\u00e9ben, de a szomatiz\u00e1ci\u00f3s k\u00f3rk\u00e9pek kezel\u00e9s\u00e9ben is j\u00f3 eredm\u00e9nyek sz\u00fcletnek.<\/p>\n<p>A metakognit\u00edv \u00e9s a mindfulness m\u00f3dszerek a kr\u00f3nikus \u00e9s rekurrens \u00e1llapotok kezel\u00e9s\u00e9re f\u00f3kusz\u00e1lnak, sok j\u00f3 tapasztalat van a klinikai gyakorlatban val\u00f3 alkalmaz\u00e1suk tekintet\u00e9ben.\u00a0\u00a0\u00a0<\/p>\n<p>Az ut\u00f3bbi \u00e9vekben a szkizofr\u00e9ni\u00e1val kapcsolatos klinikai pszichol\u00f3giai kutat\u00e1sok megalapozt\u00e1k a metakognit\u00edv tr\u00e9ning bevezet\u00e9s\u00e9t a szkizofr\u00e9nia kieg\u00e9sz\u00edt\u0151 ter\u00e1pi\u00e1jak\u00e9nt. \u00dajabban a metakognit\u00edv tr\u00e9ninget a borderline szem\u00e9lyis\u00e9gzavar kezel\u00e9s\u00e9ben, a depresszi\u00f3 \u00e9s a k\u00e9nyszerbetegs\u00e9g kezel\u00e9s\u00e9ben is eredm\u00e9nyesen alkalmazz\u00e1k.\u00a0<\/p>\n<p>A tov\u00e1bbk\u00e9pz\u00e9sen betekint\u00e9st ny\u00fajtunk a metakognit\u00edv szeml\u00e9letbe, a rekurrens depresszi\u00f3, a szorong\u00e1sos zavarok \u00e9s k\u00e9nyszerbetegs\u00e9g metakognit\u00edv ter\u00e1pi\u00e1j\u00e1ba, valamint \u00e1ttekintj\u00fck a metakognit\u00edv tr\u00e9ning fel\u00e9p\u00edt\u00e9s\u00e9t \u00e9s klinikai alkalmazhat\u00f3s\u00e1g\u00e1t.<\/p>\n<p>A tov\u00e1bbk\u00e9pz\u00e9st tartja: Ajtay Gy\u00f6ngyi klinikai szakpszichol\u00f3gus, pszichoterapeuta<br \/>\nId\u0151pont: 2025. november 8. (szombat), 9:00-16:00<br \/>\nHelysz\u00edn: SE PPK Klinikai Pszichol\u00f3gia Tansz\u00e9k (1091 Budapest, \u00dcll\u0151i \u00fat 25. I. em., City Corner Irodah\u00e1z)<br \/>\nR\u00e9szv\u00e9teli d\u00edj: 25.000,- Ft<\/p>\n<p>Jelentkez\u00e9s: a <a href=\"mailto:klinpszicho@semmelweis.hu\">klinpszicho@semmelweis.hu<\/a> email c\u00edmen<\/p>\n","protected":false},"excerpt":{"rendered":"<p>Metakognit\u00edv m\u00f3dszerek 2025. november 8. \u00a0 A Semmelweis Egyetem Pszichi\u00e1triai \u00e9s Pszichoter\u00e1pi\u00e1s Klinika, Klinikai Pszichol\u00f3gia Tansz\u00e9k egynapos tov\u00e1bbk\u00e9pz\u00e9st szervez klinikai szakpszichol\u00f3gusok \u00e9s klinikai szakpszichol\u00f3gus jel\u00f6ltek sz\u00e1m\u00e1ra Metakognit\u00edv m\u00f3dszerek t\u00e9m\u00e1ban. A klinikai kutat\u00e1sok egy\u00e9rtelm\u0171en al\u00e1t\u00e1masztj\u00e1k a metakognit\u00edv ter\u00e1pia hat\u00e9konys\u00e1g\u00e1t a ter\u00e1pia-rezisztens depresszi\u00f3s \u00e9s szorong\u00e1sos zavarok, a makacs hipochondriasis, a kr\u00f3nikus k\u00e9nyszerbetegs\u00e9g kezel\u00e9s\u00e9ben, de a szomatiz\u00e1ci\u00f3s k\u00f3rk\u00e9pek &hellip;<\/p>\n","protected":false},"author":336,"featured_media":0,"parent":0,"menu_order":0,"comment_status":"closed","ping_status":"closed","template":"","meta":{"_acf_changed":false,"footnotes":""},"categories":[6,7],"tags":[],"class_list":["post-7831","page","type-page","status-publish","hentry","category-hirek","category-kepzesek"],"acf":[],"_links":{"self":[{"href":"https:\/\/semmelweis.hu\/klinikai-pszichologia\/wp-json\/wp\/v2\/pages\/7831","targetHints":{"allow":["GET"]}}],"collection":[{"href":"https:\/\/semmelweis.hu\/klinikai-pszichologia\/wp-json\/wp\/v2\/pages"}],"about":[{"href":"https:\/\/semmelweis.hu\/klinikai-pszichologia\/wp-json\/wp\/v2\/types\/page"}],"author":[{"embeddable":true,"href":"https:\/\/semmelweis.hu\/klinikai-pszichologia\/wp-json\/wp\/v2\/users\/336"}],"replies":[{"embeddable":true,"href":"https:\/\/semmelweis.hu\/klinikai-pszichologia\/wp-json\/wp\/v2\/comments?post=7831"}],"version-history":[{"count":2,"href":"https:\/\/semmelweis.hu\/klinikai-pszichologia\/wp-json\/wp\/v2\/pages\/7831\/revisions"}],"predecessor-version":[{"id":7833,"href":"https:\/\/semmelweis.hu\/klinikai-pszichologia\/wp-json\/wp\/v2\/pages\/7831\/revisions\/7833"}],"wp:attachment":[{"href":"https:\/\/semmelweis.hu\/klinikai-pszichologia\/wp-json\/wp\/v2\/media?parent=7831"}],"wp:term":[{"taxonomy":"category","embeddable":true,"href":"https:\/\/semmelweis.hu\/klinikai-pszichologia\/wp-json\/wp\/v2\/categories?post=7831"},{"taxonomy":"post_tag","embeddable":true,"href":"https:\/\/semmelweis.hu\/klinikai-pszichologia\/wp-json\/wp\/v2\/tags?post=7831"}],"curies":[{"name":"wp","href":"https:\/\/api.w.org\/{rel}","templated":true}]}}