{"id":7101,"date":"2024-05-09T08:47:36","date_gmt":"2024-05-09T06:47:36","guid":{"rendered":"https:\/\/semmelweis.hu\/klinikai-pszichologia\/?page_id=7101"},"modified":"2026-03-23T19:37:37","modified_gmt":"2026-03-23T18:37:37","slug":"cbt-konzulens-cbt-terapeuta-szakiranyu-tovabbkepzesi-szakok","status":"publish","type":"page","link":"https:\/\/semmelweis.hu\/klinikai-pszichologia\/oktatas\/cbt-konzulens-cbt-terapeuta-szakiranyu-tovabbkepzesi-szakok\/","title":{"rendered":"CBT konzulens; CBT terapeuta szakir\u00e1ny\u00fa tov\u00e1bbk\u00e9pz\u00e9si szakok"},"content":{"rendered":"<h2 style=\"text-align: center\">KOGNIT\u00cdV VISELKED\u00c9STER\u00c1PI\u00c1S KONZULENS \u00e9s KOGNIT\u00cdV VISELKED\u00c9STERAPEUTA<br \/>\nSZAKIR\u00c1NY\u00da TOV\u00c1BBK\u00c9PZ\u00c9SI SZAKOK<\/h2>\n<p style=\"text-align: left\">\nJelen k\u00e9pz\u00e9s c\u00e9lja, hogy a XXI. sz\u00e1zadi k\u00edv\u00e1nalmaknak megfelel\u0151, korszer\u0171, bizony\u00edt\u00e9kokon alapul\u00f3 tud\u00e1st adjon pszichol\u00f3gusok \u00e9s pszichoterapeut\u00e1k sz\u00e1m\u00e1ra, hogy elsaj\u00e1t\u00edts\u00e1k a vil\u00e1gszerte sz\u00e9les k\u00f6rben elterjedt, bizony\u00edtottan hat\u00e9kony pszichoter\u00e1pi\u00e1s m\u00f3dszert, \u00e9s ez\u00e1ltal haz\u00e1nkban is sz\u00e9lesebb k\u00f6rben el\u00e9rhet\u0151v\u00e9 v\u00e1ljon a pszich\u00e9s probl\u00e9m\u00e1kkal k\u00fczd\u0151 egyre nagyobb popul\u00e1ci\u00f3 sz\u00e1m\u00e1ra a korszer\u0171 pszichol\u00f3giai ell\u00e1t\u00e1s.\u00a0<\/p>\n<p>A n\u00e9gy f\u00e9l\u00e9ves CBT konzulens \u00e9s CBT terapeuta szakir\u00e1ny\u00fa tov\u00e1bbk\u00e9pz\u00e9si szak a legfontosabb pszich\u00e9s zavarok (depresszi\u00f3, p\u00e1nik, szorong\u00e1sos zavarok, alacsony \u00f6n\u00e9rt\u00e9kel\u00e9s, alv\u00e1szavar, stb) kognit\u00edv viselked\u00e9ster\u00e1pi\u00e1s kezel\u00e9s\u00e9t tartalmazza. A k\u00e9pz\u00e9s elemei k\u00f6z\u00f6tt szerepel a kognit\u00edv viselked\u00e9ster\u00e1pia elm\u00e9lete \u00e9s m\u00f3dszertana, k\u00e9szs\u00e9gfejleszt\u0151 gyakorlatok, valamint esetmegbesz\u00e9l\u00e9sek.<\/p>\n<table style=\"width: 95.3762%;height: 846px\" width=\"681\">\n<tbody>\n<tr style=\"height: 103px\">\n<td style=\"width: 33.1326%;text-align: left;height: 103px\">\n<p><strong>Szakir\u00e1ny\u00fa tov\u00e1bbk\u00e9pz\u00e9si szak neve<\/strong><\/p>\n<\/td>\n<td style=\"width: 33.0916%;text-align: center;height: 103px\">\n<p><strong>Kognit\u00edv viselked\u00e9ster\u00e1pi\u00e1s konzulens<\/strong><\/p>\n<p><strong>(CBT konzulens)<\/strong><\/p>\n<\/td>\n<td style=\"width: 122.002%;text-align: center;height: 103px\">\n<p><strong>Kognit\u00edv viselked\u00e9sterapeuta<\/strong><\/p>\n<p><strong>(CBT terapeuta)<\/strong><\/p>\n<\/td>\n<\/tr>\n<tr style=\"height: 83px\">\n<td style=\"width: 33.1326%;text-align: left;height: 83px\">\n<p><strong>A szakon szerezhet\u0151 szakk\u00e9pzetts\u00e9g oklevel\u00e9ben szerepl\u0151 megnevez\u00e9se<\/strong><\/p>\n<\/td>\n<td style=\"width: 33.0916%;text-align: center;height: 83px\">\n<p>CBT konzulens (CBT consultant)<\/p>\n<\/td>\n<td style=\"width: 122.002%;text-align: center;height: 83px\">\n<p>CBT terapeuta (CBT therapist)<\/p>\n<\/td>\n<\/tr>\n<tr style=\"height: 373px\">\n<td style=\"width: 33.1326%;text-align: left;height: 373px\">\n<p><strong>Bemeneti felt\u00e9tel<\/strong><\/p>\n<p>&nbsp;<\/p>\n<p>&nbsp;<\/p>\n<\/td>\n<td style=\"width: 33.0916%;text-align: center;height: 373px\">\n<p style=\"text-align: left\">Az al\u00e1bbi mesterk\u00e9pz\u00e9si szakok valamelyik\u00e9n szerzett v\u00e9gzetts\u00e9g \u00e9s szakk\u00e9pzetts\u00e9g:<\/p>\n<ul>\n<li style=\"text-align: left\">Pszichol\u00f3gia mesterk\u00e9pz\u00e9si szak\/osztatlan k\u00e9pz\u00e9s\u00a0<\/li>\n<li style=\"text-align: left\">Eg\u00e9szs\u00e9gpszichol\u00f3gia mesterk\u00e9pz\u00e9si szak<\/li>\n<\/ul>\n<p style=\"text-align: left\">\u00a0<\/p>\n<\/td>\n<td style=\"width: 122.002%;text-align: center;height: 373px\">\n<p style=\"text-align: left\">Az al\u00e1bbi mesterk\u00e9pz\u00e9si szakok valamelyik\u00e9n szerzett v\u00e9gzetts\u00e9g \u00e9s szakk\u00e9pzetts\u00e9g:<\/p>\n<p style=\"text-align: left\">Pszichol\u00f3gia mesterk\u00e9pz\u00e9si szakon \/ osztatlan k\u00e9pz\u00e9sben szerzett \u00e9s \/ vagy eg\u00e9szs\u00e9gpszichol\u00f3gia mesterk\u00e9pz\u00e9si szakon szerezett oklev\u00e9l<\/p>\n<p style=\"text-align: left\"><strong>\u00c9S<\/strong><\/p>\n<p style=\"text-align: left\">Szakpszichol\u00f3gus szakvizsga eg\u00e9szs\u00e9g\u00fcgyi fels\u0151fok\u00fa szakk\u00e9pzetts\u00e9ggel:<\/p>\n<ul>\n<li style=\"text-align: left\">klinikai- \u00e9s ment\u00e1lhigi\u00e9niai szakpszichol\u00f3gia vagy<\/li>\n<li style=\"text-align: left\">alkalmazott eg\u00e9szs\u00e9gpszichol\u00f3giai szakpszichol\u00f3gia vagy<\/li>\n<li style=\"text-align: left\">neuropszichol\u00f3giai szakpszichol\u00f3gia<\/li>\n<\/ul>\n<p style=\"text-align: left\">vagy<\/p>\n<p style=\"text-align: left\">\u00c1ltal\u00e1nos orvos osztatlan k\u00e9pz\u00e9sben szerzett oklev\u00e9l \u00c9S pszichi\u00e1ter szakorvosi v\u00e9gzetts\u00e9g \/ pszichoterapeuta szakvizsga<\/p>\n<\/td>\n<\/tr>\n<tr>\n<td style=\"width: 33.1326%;text-align: left\">\n<p><strong>Tov\u00e1bbi bemeneti felt\u00e9telek<\/strong><\/p>\n<\/td>\n<td style=\"width: 155.094%;text-align: center\" colspan=\"2\">\n<p>Az elm\u00e9leti oktat\u00e1st \u00e9s a demonstr\u00e1ci\u00f3kat esetmegbesz\u00e9l\u0151 csoportok eg\u00e9sz\u00edtik ki a gyakorlatok sor\u00e1n, illetve a gyakorlati vizsg\u00e1k teljes\u00edt\u00e9s\u00e9hez esettanulm\u00e1nyt kell leadni. \u00cdgy a k\u00e9pz\u00e9s elv\u00e9gz\u00e9s\u00e9hez mindenk\u00e9pp sz\u00fcks\u00e9ges, hogy a jelentkez\u0151k v\u00e9gezzenek tan\u00e1csad\u00f3i, ment\u00e1lhigi\u00e9n\u00e9s vagy pszichoter\u00e1pi\u00e1s munk\u00e1t a k\u00e9pz\u00e9s teljes ideje alatt, heti minimum 20 \u00f3r\u00e1ban.\u00a0<\/p>\n<\/td>\n<\/tr>\n<tr>\n<td style=\"width: 33.1326%;text-align: left\">\n<p><strong>K\u00e9pz\u00e9si kimeneti k\u00f6vetelm\u00e9ny<\/strong><\/p>\n<\/td>\n<td style=\"width: 33.0916%;text-align: center\">\n<p><a href=\"https:\/\/semmelweis.hu\/klinikai-pszichologia\/files\/2025\/03\/KKK_CBT_konzulens-_vegleges_OH_2024.01.01-jevel-ervenyes.pdf\" target=\"_blank\" rel=\"noopener\">CBT konzulens<\/a><\/p>\n<\/td>\n<td style=\"width: 122.002%;text-align: center\">\n<p><a href=\"https:\/\/semmelweis.hu\/klinikai-pszichologia\/files\/2025\/03\/KKK_CBT-terapeuta_vegleges_-OH_2024.01.01-jevel-ervenyes.pdf\">CBT terapeuta<\/a><\/p>\n<\/td>\n<\/tr>\n<tr style=\"height: 53px\">\n<td style=\"width: 33.1326%;text-align: left;height: 53px\">\n<p><strong>K\u00e9pz\u00e9si id\u0151, kredit\u00e9rt\u00e9k<\/strong><\/p>\n<\/td>\n<td style=\"width: 33.0916%;text-align: center;height: 53px\">\n<p>4 f\u00e9l\u00e9v, 120 kredit<\/p>\n<\/td>\n<td style=\"width: 122.002%;text-align: center;height: 53px\">\n<p>4 f\u00e9l\u00e9v, 120 kredit<\/p>\n<\/td>\n<\/tr>\n<tr style=\"height: 53px\">\n<td style=\"width: 33.1326%;text-align: left;height: 53px\">\n<p><strong>K\u00e9pz\u00e9si ter\u00fclet<\/strong><\/p>\n<\/td>\n<td style=\"width: 33.0916%;text-align: center;height: 53px\">\n<p>B\u00f6lcs\u00e9szettudom\u00e1ny<\/p>\n<\/td>\n<td style=\"width: 122.002%;text-align: center;height: 53px\">\n<p>Orvos- \u00e9s eg\u00e9szs\u00e9gtudom\u00e1ny<\/p>\n<\/td>\n<\/tr>\n<tr style=\"height: 53px\">\n<td style=\"width: 33.1326%;text-align: left;height: 53px\">\n<p><strong>K\u00e9pz\u00e9s tand\u00edja<\/strong><\/p>\n<\/td>\n<td style=\"width: 155.094%;text-align: center;height: 53px\" colspan=\"2\">\n<p>k\u00e9pz\u00e9s 1. \u00e9v\u00e9ben: 300.000 Ft\/f\u00e9l\u00e9v<br \/>\nk\u00e9pz\u00e9s 2. \u00e9v\u00e9ben: 200 000 Ft\/f\u00e9l\u00e9v<\/p>\n<\/td>\n<\/tr>\n<tr style=\"height: 45px\">\n<td style=\"width: 33.1326%;text-align: left;height: 45px\">\n<p><strong>Ir\u00e1nysz\u00e1m<\/strong><\/p>\n<\/td>\n<td style=\"width: 155.094%;text-align: center;height: 45px\" colspan=\"2\">\n<p>25 f\u0151<\/p>\n<\/td>\n<\/tr>\n<\/tbody>\n<\/table>\n<p>&nbsp;<\/p>\n<p><strong>A k\u00e9pz\u00e9s szakmai vezet\u0151je: <\/strong>Dr. Perczel-Forintos D\u00f3ra, egyetemi tan\u00e1r<\/p>\n<p><strong>K\u00e9pz\u00e9si napok: <\/strong>k\u00e9thetente, szerdai napokon, 9:00-17:00.<\/p>\n<p><strong>K\u00e9pz\u00e9s helysz\u00edne: <\/strong>Klinikai Pszichol\u00f3gia Tansz\u00e9k (1092 Bp, \u00dcll\u0151i \u00fat 25. I. emelet)\u00a0\u00a0\u00a0\u00a0\u00a0\u00a0\u00a0\u00a0\u00a0\u00a0\u00a0\u00a0\u00a0\u00a0\u00a0\u00a0\u00a0\u00a0\u00a0\u00a0\u00a0\u00a0\u00a0\u00a0\u00a0\u00a0\u00a0\u00a0\u00a0\u00a0\u00a0\u00a0\u00a0\u00a0\u00a0\u00a0\u00a0\u00a0\u00a0\u00a0\u00a0\u00a0\u00a0\u00a0\u00a0\u00a0\u00a0\u00a0\u00a0\u00a0\u00a0\u00a0\u00a0\u00a0\u00a0\u00a0\u00a0\u00a0\u00a0\u00a0\u00a0\u00a0\u00a0\u00a0\u00a0\u00a0\u00a0\u00a0<\/p>\n<p><b><a href=\"https:\/\/semmelweis.hu\/klinikai-pszichologia\/files\/2026\/03\/Legyel-CBT-konzulens-terapeuta_2026.pdf\" target=\"_blank\" rel=\"noopener\">T\u00e1j\u00e9koztat\u00f3\u00a0<\/a><\/b><\/p>\n<p><a href=\"https:\/\/semmelweis.hu\/klinikai-pszichologia\/oktatas\/cbt-konzulens-cbt-terapeuta-szakiranyu-tovabbkepzesi-szakok\/jelentkezes\/\">JELENTKEZ\u00c9SI INFORM\u00c1CI\u00d3K<\/a><\/p>\n<p>&nbsp;<\/p>\n<p>&nbsp;<\/p>\n<p>&nbsp;<\/p>\n<p>&nbsp;<\/p>\n","protected":false},"excerpt":{"rendered":"<p>KOGNIT\u00cdV VISELKED\u00c9STER\u00c1PI\u00c1S KONZULENS \u00e9s KOGNIT\u00cdV VISELKED\u00c9STERAPEUTA SZAKIR\u00c1NY\u00da TOV\u00c1BBK\u00c9PZ\u00c9SI SZAKOK Jelen k\u00e9pz\u00e9s c\u00e9lja, hogy a XXI. sz\u00e1zadi k\u00edv\u00e1nalmaknak megfelel\u0151, korszer\u0171, bizony\u00edt\u00e9kokon alapul\u00f3 tud\u00e1st adjon pszichol\u00f3gusok \u00e9s pszichoterapeut\u00e1k sz\u00e1m\u00e1ra, hogy elsaj\u00e1t\u00edts\u00e1k a vil\u00e1gszerte sz\u00e9les k\u00f6rben elterjedt, bizony\u00edtottan hat\u00e9kony pszichoter\u00e1pi\u00e1s m\u00f3dszert, \u00e9s ez\u00e1ltal haz\u00e1nkban is sz\u00e9lesebb k\u00f6rben el\u00e9rhet\u0151v\u00e9 v\u00e1ljon a pszich\u00e9s probl\u00e9m\u00e1kkal k\u00fczd\u0151 egyre nagyobb popul\u00e1ci\u00f3 sz\u00e1m\u00e1ra a &hellip;<\/p>\n","protected":false},"author":336,"featured_media":0,"parent":8,"menu_order":4,"comment_status":"closed","ping_status":"closed","template":"","meta":{"_acf_changed":false,"footnotes":""},"categories":[],"tags":[],"class_list":["post-7101","page","type-page","status-publish","hentry"],"acf":[],"_links":{"self":[{"href":"https:\/\/semmelweis.hu\/klinikai-pszichologia\/wp-json\/wp\/v2\/pages\/7101","targetHints":{"allow":["GET"]}}],"collection":[{"href":"https:\/\/semmelweis.hu\/klinikai-pszichologia\/wp-json\/wp\/v2\/pages"}],"about":[{"href":"https:\/\/semmelweis.hu\/klinikai-pszichologia\/wp-json\/wp\/v2\/types\/page"}],"author":[{"embeddable":true,"href":"https:\/\/semmelweis.hu\/klinikai-pszichologia\/wp-json\/wp\/v2\/users\/336"}],"replies":[{"embeddable":true,"href":"https:\/\/semmelweis.hu\/klinikai-pszichologia\/wp-json\/wp\/v2\/comments?post=7101"}],"version-history":[{"count":11,"href":"https:\/\/semmelweis.hu\/klinikai-pszichologia\/wp-json\/wp\/v2\/pages\/7101\/revisions"}],"predecessor-version":[{"id":8030,"href":"https:\/\/semmelweis.hu\/klinikai-pszichologia\/wp-json\/wp\/v2\/pages\/7101\/revisions\/8030"}],"up":[{"embeddable":true,"href":"https:\/\/semmelweis.hu\/klinikai-pszichologia\/wp-json\/wp\/v2\/pages\/8"}],"wp:attachment":[{"href":"https:\/\/semmelweis.hu\/klinikai-pszichologia\/wp-json\/wp\/v2\/media?parent=7101"}],"wp:term":[{"taxonomy":"category","embeddable":true,"href":"https:\/\/semmelweis.hu\/klinikai-pszichologia\/wp-json\/wp\/v2\/categories?post=7101"},{"taxonomy":"post_tag","embeddable":true,"href":"https:\/\/semmelweis.hu\/klinikai-pszichologia\/wp-json\/wp\/v2\/tags?post=7101"}],"curies":[{"name":"wp","href":"https:\/\/api.w.org\/{rel}","templated":true}]}}