{"id":7075,"date":"2024-04-16T11:52:03","date_gmt":"2024-04-16T09:52:03","guid":{"rendered":"https:\/\/semmelweis.hu\/klinikai-pszichologia\/?page_id=7075"},"modified":"2024-04-30T10:43:04","modified_gmt":"2024-04-30T08:43:04","slug":"mindfulness-media-megjelenesek","status":"publish","type":"page","link":"https:\/\/semmelweis.hu\/klinikai-pszichologia\/mindfulness-media-megjelenesek\/","title":{"rendered":"Mindfulness m\u00e9dia megjelen\u00e9sek"},"content":{"rendered":"<p><strong>hatoscsatorna &#8211; Feket\u00e9n-feh\u00e9ren, 2024.02.23.<\/strong><br \/>\nT\u00e9ma: MIT \u00dcZEN AZ ELH\u00cdZ\u00c1S VIL\u00c1GNAPJA 2024-BEN?<br \/>\nM\u0171sorvezet\u0151: B. Kir\u00e1ly Gy\u00f6rgyi, Vend\u00e9gek: Dr. Halmy Eszter &#8211; eln\u00f6k, Magyar Elh\u00edz\u00e1studom\u00e1nyi T\u00e1rsas\u00e1g; Petk\u00f3 Judit &#8211; eln\u00f6k, T\u00fals\u00fallyal \u00c9l\u0151k T\u00e1rsas\u00e1ga; Prof. Dr. Perczel-Forintos D\u00f3ra \u2013 klinikai szakpszichol\u00f3gus, tansz\u00e9kvezet\u0151, egyetemi tan\u00e1r<br \/>\n<a href=\"https:\/\/www.youtube.com\/watch?v=oTu9kr9Qwpo&amp;feature=youtu.be\">https:\/\/www.youtube.com\/watch?v=oTu9kr9Qwpo&amp;feature=youtu.be<\/a><\/p>\n<p><strong>Magyar Katolikus R\u00e1di\u00f3- Kereng\u0151, 2023.12.12.<\/strong><br \/>\nDr. Top\u00e1l J\u00f3zsef \u00e9s Prof. Dr.\u00a0 Perczel-Forintos D\u00f3ra besz\u00e9lget\u00e9se a k\u00e9perny\u0151f\u00fcgg\u0151s\u00e9gr\u0151l <br \/>\n<a href=\"https:\/\/semmelweis.hu\/klinikai-pszichologia\/files\/2024\/04\/2023.12.12.-DU-I.-PERCZEL-FORINTOS-Dora-TOPAL-Jozsef-ADAS-.mp3\">I. r\u00e9sz<\/a><br \/>\n<a href=\"https:\/\/semmelweis.hu\/klinikai-pszichologia\/files\/2024\/04\/2023.12.12.-DU-I.-PERCZEL-FORINTOS-Dora-TOPAL-Jozsef-ADAS-1-1.mp3\">II. r\u00e9sz<\/a><\/p>\n<p><strong>Kossuth R\u00e1di\u00f3 \u2013 FELFEDEZ\u0150 \u2013 A TUDOM\u00c1NYR\u00d3L, 2023.11.09.<\/strong><br \/>\nT\u00e9ma: Konferencia a Magyar Tudom\u00e1ny \u00dcnnepe alkalm\u00e1b\u00f3l \u201eKomprehenz\u00edv gy\u00f3gy\u00edt\u00e1s: a modern klinikai pszichol\u00f3giai ell\u00e1t\u00e1s sz\u00ednterei\u201d c\u00edmmel<br \/>\nM\u0171sorvezet\u0151: Gimes J\u00falia, Vend\u00e9g: Prof. Dr. Perczel-Forintos D\u00f3ra \u2013 klinikai szakpszichol\u00f3gus, tansz\u00e9kvezet\u0151, egyetemi tan\u00e1r<br \/>\n<a href=\"https:\/\/semmelweis.hu\/klinikai-pszichologia\/files\/2024\/04\/231109-FELFEDEZO-A-TUDOMANYROL_Konferencia-a-Magyar-Tudomany-Unnepen.mp3\" target=\"_blank\" rel=\"noopener\">Hangf\u00e1lj<\/a><\/p>\n<p><strong>Kossuth R\u00e1di\u00f3 \u2013 FELFEDEZ\u0150 \u2013 AZ EG\u00c9SZS\u00c9GR\u0150L, 2023.05.09.<\/strong><br \/>\nT\u00e9ma: Mindfulness<br \/>\nM\u0171sorvezet\u0151: Gimes J\u00falia, Vend\u00e9g: Prof. Dr. Perczel-Forintos D\u00f3ra \u2013 klinikai szakpszichol\u00f3gus, tansz\u00e9kvezet\u0151, egyetemi tan\u00e1r<br \/>\n<a href=\"https:\/\/semmelweis.hu\/klinikai-pszichologia\/files\/2024\/04\/230509-FELFEDEZO-AZ-EGESZSEGROL_Mindfulness.mp3\" target=\"_blank\" rel=\"noopener\">Hangf\u00e1lj<\/a><\/p>\n<p><strong>Kossuth R\u00e1di\u00f3 \u2013 FELFEDEZ\u0150 \u2013 AZ EG\u00c9SZS\u00c9GR\u0150L, 2023.04.20.<\/strong><br \/>\nT\u00e9ma: Fejf\u00e1j\u00e1s \u00e9s mindfulness<br \/>\nM\u0171sorvezet\u0151: Gimes J\u00falia, Vend\u00e9g: Prof. Dr. Perczel-Forintos D\u00f3ra \u2013 klinikai szakpszichol\u00f3gus, tansz\u00e9kvezet\u0151, egyetemi tan\u00e1r<br \/>\n<a href=\"https:\/\/semmelweis.hu\/klinikai-pszichologia\/files\/2024\/04\/230420-FELFEDEZO-AZ-EGESZSEGROL_Fejfajas-es-mindfulness.mp3\" target=\"_blank\" rel=\"noopener\">Hangf\u00e1lj<\/a><\/p>\n","protected":false},"excerpt":{"rendered":"<p>hatoscsatorna &#8211; Feket\u00e9n-feh\u00e9ren, 2024.02.23. T\u00e9ma: MIT \u00dcZEN AZ ELH\u00cdZ\u00c1S VIL\u00c1GNAPJA 2024-BEN? M\u0171sorvezet\u0151: B. Kir\u00e1ly Gy\u00f6rgyi, Vend\u00e9gek: Dr. Halmy Eszter &#8211; eln\u00f6k, Magyar Elh\u00edz\u00e1studom\u00e1nyi T\u00e1rsas\u00e1g; Petk\u00f3 Judit &#8211; eln\u00f6k, T\u00fals\u00fallyal \u00c9l\u0151k T\u00e1rsas\u00e1ga; Prof. Dr. Perczel-Forintos D\u00f3ra \u2013 klinikai szakpszichol\u00f3gus, tansz\u00e9kvezet\u0151, egyetemi tan\u00e1r <a href=\"https:\/\/www.youtube.com\/watch?v=oTu9kr9Qwpo&amp;feature=youtu.be\">https:\/\/www.youtube.com\/watch?v=oTu9kr9Qwpo&amp;feature=youtu.be<\/a> Magyar Katolikus R\u00e1di\u00f3- Kereng\u0151, 2023.12.12. Dr. Top\u00e1l J\u00f3zsef \u00e9s Prof. Dr.\u00a0 Perczel-Forintos D\u00f3ra besz\u00e9lget\u00e9se &hellip;<\/p>\n","protected":false},"author":336,"featured_media":0,"parent":0,"menu_order":0,"comment_status":"closed","ping_status":"closed","template":"","meta":{"_acf_changed":false,"footnotes":""},"categories":[],"tags":[],"class_list":["post-7075","page","type-page","status-publish","hentry"],"acf":[],"_links":{"self":[{"href":"https:\/\/semmelweis.hu\/klinikai-pszichologia\/wp-json\/wp\/v2\/pages\/7075","targetHints":{"allow":["GET"]}}],"collection":[{"href":"https:\/\/semmelweis.hu\/klinikai-pszichologia\/wp-json\/wp\/v2\/pages"}],"about":[{"href":"https:\/\/semmelweis.hu\/klinikai-pszichologia\/wp-json\/wp\/v2\/types\/page"}],"author":[{"embeddable":true,"href":"https:\/\/semmelweis.hu\/klinikai-pszichologia\/wp-json\/wp\/v2\/users\/336"}],"replies":[{"embeddable":true,"href":"https:\/\/semmelweis.hu\/klinikai-pszichologia\/wp-json\/wp\/v2\/comments?post=7075"}],"version-history":[{"count":3,"href":"https:\/\/semmelweis.hu\/klinikai-pszichologia\/wp-json\/wp\/v2\/pages\/7075\/revisions"}],"predecessor-version":[{"id":7099,"href":"https:\/\/semmelweis.hu\/klinikai-pszichologia\/wp-json\/wp\/v2\/pages\/7075\/revisions\/7099"}],"wp:attachment":[{"href":"https:\/\/semmelweis.hu\/klinikai-pszichologia\/wp-json\/wp\/v2\/media?parent=7075"}],"wp:term":[{"taxonomy":"category","embeddable":true,"href":"https:\/\/semmelweis.hu\/klinikai-pszichologia\/wp-json\/wp\/v2\/categories?post=7075"},{"taxonomy":"post_tag","embeddable":true,"href":"https:\/\/semmelweis.hu\/klinikai-pszichologia\/wp-json\/wp\/v2\/tags?post=7075"}],"curies":[{"name":"wp","href":"https:\/\/api.w.org\/{rel}","templated":true}]}}