{"id":6865,"date":"2023-08-31T11:17:53","date_gmt":"2023-08-31T09:17:53","guid":{"rendered":"https:\/\/semmelweis.hu\/klinikai-pszichologia\/?page_id=6865"},"modified":"2024-03-03T22:05:00","modified_gmt":"2024-03-03T21:05:00","slug":"mindfulness-videok","status":"publish","type":"page","link":"https:\/\/semmelweis.hu\/klinikai-pszichologia\/mindfulness-videok\/","title":{"rendered":"Mindfulness vide\u00f3k"},"content":{"rendered":"<p>1. Mazsolamedit\u00e1ci\u00f3<br \/>\n<iframe loading=\"lazy\" src=\"https:\/\/drive.google.com\/file\/d\/1DWScid_Vh7KI0Yob--t53b6Ag6x61XoB\/preview\" width=\"640\" height=\"480\"><\/iframe><\/p>\n<p>2. Testp\u00e1szt\u00e1z\u00e1s<br \/>\n<iframe loading=\"lazy\" src=\"https:\/\/drive.google.com\/file\/d\/1-4ct7ivMbGUDTM9D_0C4AVIkkuPyeA9C\/preview\" width=\"640\" height=\"480\"><\/iframe><\/p>\n<p>3. Tudatos l\u00e9gz\u00e9s<br \/>\n<iframe loading=\"lazy\" src=\"https:\/\/drive.google.com\/file\/d\/154zd9LY_uvFdNA__lFqG5e09CPV_erWK\/preview\" width=\"640\" height=\"480\"><\/iframe><\/p>\n<p>4. K\u00e9tf\u00e9le megismer\u00e9s<br \/>\n<iframe loading=\"lazy\" src=\"https:\/\/drive.google.com\/file\/d\/16phnHwIXjSo1yKKJfM7epGtvZgzhdYfA\/preview\" width=\"640\" height=\"480\"><\/iframe><\/p>\n<p>5. Tudatos ny\u00fajt\u00f3zkod\u00e1s<br \/>\n<iframe loading=\"lazy\" src=\"https:\/\/drive.google.com\/file\/d\/1POqrUYSmHgefDp5FrpZqmz3EyMKEdf9x\/preview\" width=\"640\" height=\"480\"><\/iframe><\/p>\n<p>6. S\u00e9t\u00e1l\u00f3medit\u00e1ci\u00f3<br \/>\n<iframe loading=\"lazy\" src=\"https:\/\/drive.google.com\/file\/d\/11XDe-uDWdfxLywqsYESY7fxNpGQ0KN75\/preview\" width=\"640\" height=\"480\"><\/iframe><\/p>\n<p>7. Gondolatok<br \/>\n<iframe loading=\"lazy\" src=\"https:\/\/drive.google.com\/file\/d\/1DQKTS6-kCTY3HVeTxRr8pHtxacN8Ggtt\/preview\" width=\"640\" height=\"480\"><\/iframe><\/p>\n<p>8. L\u00e9legzetv\u00e9telnyi sz\u00fcnet<br \/>\n<iframe loading=\"lazy\" src=\"https:\/\/drive.google.com\/file\/d\/10lGNx1rYUhijbHkK9633RSHbqnx2Pyuh\/preview\" width=\"640\" height=\"480\"><\/iframe><\/p>\n<p>9. L\u00e1ss, ne csak n\u00e9zz!<br \/>\n<iframe loading=\"lazy\" src=\"https:\/\/drive.google.com\/file\/d\/1NQipuokw6M78DlK3SFoJPAFfNDv7D3SH\/preview\" width=\"640\" height=\"480\"><\/iframe><\/p>\n<p>10. F\u00f3kusz\u00e1lt \u00e9s t\u00e1gas figyelem<br \/>\n<iframe loading=\"lazy\" src=\"https:\/\/drive.google.com\/file\/d\/1XAHKbmBcuiEcgRwf_EHnHcEnTJf6d05N\/preview\" width=\"640\" height=\"480\"><\/iframe><\/p>\n<p>11. Egy\u00fctt lenni a neh\u00e9zs\u00e9gekkel<br \/>\n<iframe loading=\"lazy\" src=\"https:\/\/drive.google.com\/file\/d\/1RFY0cISiFLjCsp_IhCgjVcSxuYaFvzO6\/preview\" width=\"640\" height=\"480\"><\/iframe><\/p>\n<p>12. Szeret\u0151 medit\u00e1ci\u00f3<br \/>\n<iframe loading=\"lazy\" src=\"https:\/\/drive.google.com\/file\/d\/1YrEsjsyqHvYmXE_ON8MK5wfE-Mc2Rg0K\/preview\" width=\"640\" height=\"480\"><\/iframe><\/p>\n","protected":false},"excerpt":{"rendered":"<p>1. Mazsolamedit\u00e1ci\u00f3<\/p>\n<p>2. Testp\u00e1szt\u00e1z\u00e1s<\/p>\n<p>3. Tudatos l\u00e9gz\u00e9s<\/p>\n<p>4. K\u00e9tf\u00e9le megismer\u00e9s<\/p>\n<p>5. Tudatos ny\u00fajt\u00f3zkod\u00e1s<\/p>\n<p>6. S\u00e9t\u00e1l\u00f3medit\u00e1ci\u00f3<\/p>\n<p>7. Gondolatok<\/p>\n<p>8. L\u00e9legzetv\u00e9telnyi sz\u00fcnet<\/p>\n<p>9. L\u00e1ss, ne csak n\u00e9zz!<\/p>\n<p>10. F\u00f3kusz\u00e1lt \u00e9s t\u00e1gas figyelem<\/p>\n<p>11. Egy\u00fctt lenni a neh\u00e9zs\u00e9gekkel<\/p>\n<p>12. Szeret\u0151 medit\u00e1ci\u00f3<\/p>\n","protected":false},"author":336,"featured_media":0,"parent":0,"menu_order":0,"comment_status":"closed","ping_status":"closed","template":"","meta":{"_acf_changed":false,"footnotes":""},"categories":[],"tags":[],"class_list":["post-6865","page","type-page","status-publish","hentry"],"acf":[],"_links":{"self":[{"href":"https:\/\/semmelweis.hu\/klinikai-pszichologia\/wp-json\/wp\/v2\/pages\/6865","targetHints":{"allow":["GET"]}}],"collection":[{"href":"https:\/\/semmelweis.hu\/klinikai-pszichologia\/wp-json\/wp\/v2\/pages"}],"about":[{"href":"https:\/\/semmelweis.hu\/klinikai-pszichologia\/wp-json\/wp\/v2\/types\/page"}],"author":[{"embeddable":true,"href":"https:\/\/semmelweis.hu\/klinikai-pszichologia\/wp-json\/wp\/v2\/users\/336"}],"replies":[{"embeddable":true,"href":"https:\/\/semmelweis.hu\/klinikai-pszichologia\/wp-json\/wp\/v2\/comments?post=6865"}],"version-history":[{"count":3,"href":"https:\/\/semmelweis.hu\/klinikai-pszichologia\/wp-json\/wp\/v2\/pages\/6865\/revisions"}],"predecessor-version":[{"id":7049,"href":"https:\/\/semmelweis.hu\/klinikai-pszichologia\/wp-json\/wp\/v2\/pages\/6865\/revisions\/7049"}],"wp:attachment":[{"href":"https:\/\/semmelweis.hu\/klinikai-pszichologia\/wp-json\/wp\/v2\/media?parent=6865"}],"wp:term":[{"taxonomy":"category","embeddable":true,"href":"https:\/\/semmelweis.hu\/klinikai-pszichologia\/wp-json\/wp\/v2\/categories?post=6865"},{"taxonomy":"post_tag","embeddable":true,"href":"https:\/\/semmelweis.hu\/klinikai-pszichologia\/wp-json\/wp\/v2\/tags?post=6865"}],"curies":[{"name":"wp","href":"https:\/\/api.w.org\/{rel}","templated":true}]}}