{"id":295,"date":"2012-06-12T09:36:26","date_gmt":"2012-06-12T09:36:26","guid":{"rendered":"http:\/\/semmelweis-egyetem.hu\/klinikai-pszichologia\/?page_id=295"},"modified":"2025-02-17T10:59:07","modified_gmt":"2025-02-17T09:59:07","slug":"tudomanyos-diakkor-tdk","status":"publish","type":"page","link":"https:\/\/semmelweis.hu\/klinikai-pszichologia\/tudomanyos-kutatomunka\/tudomanyos-diakkor-tdk\/","title":{"rendered":"Tudom\u00e1nyos di\u00e1kk\u00f6r (TDK)"},"content":{"rendered":"<h4>Tudom\u00e1nyos di\u00e1kk\u00f6ri t\u00e9m\u00e1k:<\/h4>\n<p>Szem\u00e9lyis\u00e9gzavarok dimenzion\u00e1lis megk\u00f6zel\u00edt\u00e9s\u00e9nek vizsg\u00e1lata:\u00a0<\/p>\n<ul>\n<li>T\u00e9mafelel\u0151s: Dr. Gonda X\u00e9nia klinikai szakpszichol\u00f3gus, pszichoterapeuta gonda.xenia@semmelweis.hu\u00a0<\/li>\n<\/ul>\n<p>Szuicid kock\u00e1zat vizsg\u00e1lata a klinikumban<\/p>\n<ul>\n<li>T\u00e9mafelel\u0151s: Dr. Gonda X\u00e9nia klinikai szakpszichol\u00f3gus, pszichoterapeuta gonda.xenia@semmelweis.hu\u00a0<\/li>\n<\/ul>\n<p>\u00c9letmin\u0151s\u00e9g vizsg\u00e1lat a pszichi\u00e1triai betegs\u00e9ggel \u00e9l\u0151kben<\/p>\n<ul>\n<li>T\u00e9mafelel\u0151s: Dr. Gonda X\u00e9nia klinikai szakpszichol\u00f3gus, pszichoterapeuta gonda.xenia@semmelweis.hu\u00a0\u00a0<\/li>\n<\/ul>\n<p>Mindfulness a klinikumban: a tudatos jelenl\u00e9t alap\u00fa ter\u00e1pi\u00e1k szerepe az \u00f6ngyilkoss\u00e1g megel\u0151z\u00e9sben<\/p>\n<ul>\n<li>T\u00e9mafelel\u0151s: Kresznerits Szilvia (klinikai szakpszichol\u00f3gus, tan\u00e1rseg\u00e9d) <a href=\"mailto:kresznerits.szilvia@semmelweis.hu\">kresznerits.szilvia@semmelweis.hu<\/a>, Prof. Dr. Perczel-Forintos D\u00f3ra (klinikai szakpszichol\u00f3gus, pszichoterapeuta) <a href=\"mailto:perczel-forintos.dora@semmelweis.hu\">perczel-forintos.dora@semmelweis.hu<\/a><\/li>\n<\/ul>\n<p><span style=\"font-size: 1rem\">\u00c9letmin\u0151s\u00e9g kr\u00f3nikus myeloid leuk\u00e9mi\u00e1ban<\/span><\/p>\n<ul>\n<li>T\u00e9mafelel\u0151s: Losonczi Ant\u00f3nia (klinikai szakpszichol\u00f3gus jel\u00f6lt) <a href=\"mailto:losonczi.antonia@semmelweis.hu\">losonczi.antonia@semmelweis.hu<\/a>, Prof. Dr. Perczel-Forintos D\u00f3ra (klinikai szakpszichol\u00f3gus, pszichoterapeuta) <a href=\"mailto:perczel-forintos.dora@semmelweis.hu\">perczel-forintos.dora@semmelweis.hu<\/a><\/li>\n<\/ul>\n<p>A tudatos jelenl\u00e9t alap\u00fa kognit\u00edv ter\u00e1pia (MBCT) alkalmaz\u00e1sa kr\u00f3nikus fejf\u00e1j\u00e1ssal \u00e9l\u0151kn\u00e9l<\/p>\n<ul>\n<li>T\u00e9mafelel\u0151s: Sal Dorottya (klinikai szakpszichol\u00f3gus jel\u00f6lt) <a href=\"mailto:sal.dorottya@semmelweis.hu\">sal.dorottya@semmelweis.hu<\/a>, Prof. Dr. Perczel-Forintos D\u00f3ra (klinikai szakpszichol\u00f3gus, pszichoterapeuta) <a href=\"mailto:perczel-forintos.dora@semmelweis.hu\">perczel-forintos.dora@semmelweis.hu<\/a><\/li>\n<\/ul>\n","protected":false},"excerpt":{"rendered":"<p>Tudom\u00e1nyos di\u00e1kk\u00f6ri t\u00e9m\u00e1k: Szem\u00e9lyis\u00e9gzavarok dimenzion\u00e1lis megk\u00f6zel\u00edt\u00e9s\u00e9nek vizsg\u00e1lata:\u00a0 T\u00e9mafelel\u0151s: Dr. Gonda X\u00e9nia klinikai szakpszichol\u00f3gus, pszichoterapeuta gonda.xenia@semmelweis.hu\u00a0 Szuicid kock\u00e1zat vizsg\u00e1lata a klinikumban T\u00e9mafelel\u0151s: Dr. Gonda X\u00e9nia klinikai szakpszichol\u00f3gus, pszichoterapeuta gonda.xenia@semmelweis.hu\u00a0 \u00c9letmin\u0151s\u00e9g vizsg\u00e1lat a pszichi\u00e1triai betegs\u00e9ggel \u00e9l\u0151kben T\u00e9mafelel\u0151s: Dr. Gonda X\u00e9nia klinikai szakpszichol\u00f3gus, pszichoterapeuta gonda.xenia@semmelweis.hu\u00a0\u00a0 Mindfulness a klinikumban: a tudatos jelenl\u00e9t alap\u00fa ter\u00e1pi\u00e1k szerepe az \u00f6ngyilkoss\u00e1g megel\u0151z\u00e9sben T\u00e9mafelel\u0151s: &hellip;<\/p>\n","protected":false},"author":336,"featured_media":0,"parent":9,"menu_order":6,"comment_status":"open","ping_status":"open","template":"","meta":{"_acf_changed":false,"footnotes":""},"categories":[],"tags":[],"class_list":["post-295","page","type-page","status-publish","hentry"],"acf":[],"_links":{"self":[{"href":"https:\/\/semmelweis.hu\/klinikai-pszichologia\/wp-json\/wp\/v2\/pages\/295","targetHints":{"allow":["GET"]}}],"collection":[{"href":"https:\/\/semmelweis.hu\/klinikai-pszichologia\/wp-json\/wp\/v2\/pages"}],"about":[{"href":"https:\/\/semmelweis.hu\/klinikai-pszichologia\/wp-json\/wp\/v2\/types\/page"}],"author":[{"embeddable":true,"href":"https:\/\/semmelweis.hu\/klinikai-pszichologia\/wp-json\/wp\/v2\/users\/336"}],"replies":[{"embeddable":true,"href":"https:\/\/semmelweis.hu\/klinikai-pszichologia\/wp-json\/wp\/v2\/comments?post=295"}],"version-history":[{"count":9,"href":"https:\/\/semmelweis.hu\/klinikai-pszichologia\/wp-json\/wp\/v2\/pages\/295\/revisions"}],"predecessor-version":[{"id":1761,"href":"https:\/\/semmelweis.hu\/klinikai-pszichologia\/wp-json\/wp\/v2\/pages\/295\/revisions\/1761"}],"up":[{"embeddable":true,"href":"https:\/\/semmelweis.hu\/klinikai-pszichologia\/wp-json\/wp\/v2\/pages\/9"}],"wp:attachment":[{"href":"https:\/\/semmelweis.hu\/klinikai-pszichologia\/wp-json\/wp\/v2\/media?parent=295"}],"wp:term":[{"taxonomy":"category","embeddable":true,"href":"https:\/\/semmelweis.hu\/klinikai-pszichologia\/wp-json\/wp\/v2\/categories?post=295"},{"taxonomy":"post_tag","embeddable":true,"href":"https:\/\/semmelweis.hu\/klinikai-pszichologia\/wp-json\/wp\/v2\/tags?post=295"}],"curies":[{"name":"wp","href":"https:\/\/api.w.org\/{rel}","templated":true}]}}