{"id":2634,"date":"2016-11-08T12:38:54","date_gmt":"2016-11-08T11:38:54","guid":{"rendered":"http:\/\/semmelweis.hu\/klinikai-pszichologia\/?page_id=2634"},"modified":"2020-03-03T16:35:25","modified_gmt":"2020-03-03T15:35:25","slug":"szuicid-prevencio","status":"publish","type":"page","link":"https:\/\/semmelweis.hu\/klinikai-pszichologia\/tudomanyos-kutatomunka\/korabbi-kutatasi-teruletek\/szuicid-prevencio\/","title":{"rendered":"Szuicid prevenci\u00f3"},"content":{"rendered":"<p style=\"text-align: justify\">E t\u00e9m\u00e1n bel\u00fcl kiemelten az \u00f6ngyilkoss\u00e1g-megel\u0151z\u00e9s lehet\u0151s\u00e9geinek kutat\u00e1s\u00e1val foglalkozunk. Magyarorsz\u00e1gon az \u00f6ngyilkoss\u00e1gi hal\u00e1loz\u00e1s m\u00e9g mindig igen magas \u00e9rt\u00e9keket mutat, ez\u00e9rt az \u00f6ngyilkoss\u00e1g megel\u0151z\u00e9s\u00e9t c\u00e9lz\u00f3 kutat\u00e1soknak kiemelked\u0151 jelent\u0151s\u00e9g\u00fck van haz\u00e1nkban. Statisztikai adatok bizony\u00edtj\u00e1k, hogy az \u00f6ngyilkoss\u00e1gi k\u00eds\u00e9rletre k\u00e9sz\u00fcl\u0151 szem\u00e9lyek 45-75 %-a j\u00e1r a hal\u00e1l\u00e1t megel\u0151z\u0151 1 h\u00f3napban h\u00e1ziorvos\u00e1n\u00e1l ki nem mondott seg\u00edts\u00e9gk\u00e9r\u0151 sz\u00e1nd\u00e9kkal, a vesz\u00e9lyeztetett \u00e1llapot azonban sajnos a legt\u00f6bb esetben nem ker\u00fcl felismer\u00e9sre. Ez felh\u00edvja a figyelmet arra, hogy az \u00f6ngyilkoss\u00e1gi vesz\u00e9lyeztetetts\u00e9g diagnosztiz\u00e1l\u00e1sa nem kiel\u00e9g\u00edt\u0151 haz\u00e1nkban, a megfelel\u0151 sz\u0171r\u0151vizsg\u00e1latok hi\u00e1nyoznak, bevezet\u00e9s\u00fck a vesz\u00e9lyeztetettek korai sz\u0171r\u00e9se szempontj\u00e1b\u00f3l s\u00fcrget\u0151.<\/p>\n<p style=\"text-align: justify\">2001-ben indult el Dr. Perczel-Forintos D\u00f3ra ir\u00e1ny\u00edt\u00e1s\u00e1val egy retrospekt\u00edv vizsg\u00e1lat, mely egy \u00f6ngyilkoss\u00e1gi vesz\u00e9lyt felm\u00e9r\u0151 \u00e9s jelz\u0151 prevenci\u00f3s eszk\u00f6z hazai adapt\u00e1l\u00e1s\u00e1t c\u00e9lozta.<\/p>\n<p style=\"text-align: justify\">A Rem\u00e9nytelens\u00e9g Sk\u00e1l\u00e1t Aaron Beck vezet\u00e9s\u00e9vel egy amerikai kutat\u00f3csoport fejlesztette ki, kifejezetten az \u00f6ngyilkoss\u00e1gi vesz\u00e9lyeztetetts\u00e9g felm\u00e9r\u00e9s\u00e9re \u00e9s el\u0151rejelz\u00e9s\u00e9re. Kutat\u00e1saik sor\u00e1n azt tal\u00e1lt\u00e1k, hogy a rem\u00e9nytelens\u00e9g az \u00f6ngyilkoss\u00e1gi vesz\u00e9lyeztetetts\u00e9g megb\u00edzhat\u00f3bb el\u0151rejelz\u0151j\u00e9nek bizonyult, mint maga a depresszi\u00f3. A korai beavatkoz\u00e1s \u00e9s az id\u0151ben t\u00f6rt\u00e9n\u0151 seg\u00edts\u00e9gny\u00fajt\u00e1s szempontj\u00e1b\u00f3l a rem\u00e9nytelens\u00e9g m\u00e9rt\u00e9k\u00e9nek felm\u00e9r\u00e9se teh\u00e1t kiemelked\u0151 jelent\u0151s\u00e9g\u0171.<\/p>\n<p style=\"text-align: justify\">Kutat\u00e1sunk els\u0151 f\u00e1zis\u00e1ban \u00f6ngyilkoss\u00e1gi k\u00eds\u00e9reltet elk\u00f6vet\u0151 illetve nem elk\u00f6vet\u0151 depresszi\u00f3s betegek csoportj\u00e1ban valamint kontroll popul\u00e1ci\u00f3n felm\u00e9rt\u00fck \u00e9s \u00f6sszehasonl\u00edtottuk a rem\u00e9nytelens\u00e9g m\u00e9rt\u00e9k\u00e9t \u00e9s m\u00e1s kognit\u00edv valamint emocion\u00e1lis jellemz\u0151ket, tov\u00e1bb\u00e1 a Rem\u00e9nytelens\u00e9g Sk\u00e1la pszichometriai vizsg\u00e1lat\u00e1t v\u00e9gezt\u00fck el a k\u00e9rd\u0151\u00edv megb\u00edzhat\u00f3s\u00e1g\u00e1nak \u00e9s validit\u00e1s\u00e1nak vizsg\u00e1lat\u00e1ra. A nemzetk\u00f6zi haszn\u00e1latban l\u00e9v\u0151 teszt pszichometriai jellemz\u0151inek a meg\u00e1llap\u00edt\u00e1sa a teszt magyar popul\u00e1ci\u00f3n val\u00f3 alkalmazhat\u00f3s\u00e1g\u00e1t \u00e9s hasznoss\u00e1g\u00e1t t\u00e1masztj\u00e1k al\u00e1 az \u00f6ngyilkoss\u00e1g megel\u0151z\u00e9s\u00e9ben. Emiatt a Rem\u00e9nytelens\u00e9g Sk\u00e1la r\u00f6vid\u00edtett v\u00e1ltozat\u00e1t is megalkottuk, ami ak\u00e1r a k\u00f6rzeti orvosi rendel\u0151kben is alkalmazhat\u00f3 sz\u0171r\u0151tesztk\u00e9nt.<\/p>\n<p style=\"text-align: justify\">A kutat\u00e1s els\u0151 szakasz\u00e1ban magas rizik\u00f3faktor\u00fa norm\u00e1l popul\u00e1ci\u00f3s minta, h\u00e1ziorvosn\u00e1l megjelent szem\u00e9lyek depresszi\u00f3 \u00e9s rem\u00e9nytelens\u00e9g vizsg\u00e1lata t\u00f6rt\u00e9nt. A kutat\u00e1s k\u00e9s\u0151bbi\u00a0 f\u00e1zisaiban tov\u00e1bbi kutat\u00e1sok folytak ill. folynak az egy\u00e9b pszich\u00e9s zavarokban (pl. depresszi\u00f3, pszich\u00f3zis, szem\u00e9lyis\u00e9gzavar) szenved\u0151 betegek szuicid prevenci\u00f3j\u00e1val ill. megk\u00fczd\u00e9si strat\u00e9gi\u00e1ival kapcsolatban.<\/p>\n<p style=\"text-align: justify\">A magas rizik\u00f3faktor\u00fa klinikai minta, depresszi\u00f3s \u00e9s \u00f6ngyilkoss\u00e1gi k\u00eds\u00e9rletet m\u00e1r elk\u00f6vetett p\u00e1ciensek sz\u00e1m\u00e1ra folyamatosan ind\u00edtunk probl\u00e9mamegold\u00f3 tr\u00e9ninget, amelynek c\u00e9lkit\u0171z\u00e9se a probl\u00e9mamegold\u00f3 k\u00e9pess\u00e9gek fejleszt\u00e9se \u00e9s a pozit\u00edv probl\u00e9maorient\u00e1ci\u00f3 kialak\u00edt\u00e1sa. A probl\u00e9mamegold\u00f3 tr\u00e9ning eredm\u00e9nyek\u00e9nt bizony\u00edthat\u00f3an javulnak a r\u00e9sztvev\u0151k megk\u00fczd\u00e9si k\u00e9pess\u00e9gei. Egy\u00fcttm\u0171k\u00f6d\u0151 partner\u00fcnk a P\u00e9terffy S\u00e1ndor utcai k\u00f3rh\u00e1z Kr\u00edzisintervenci\u00f3s Oszt\u00e1lya.\u00a0<\/p>\n<p style=\"text-align: justify\">Tudom\u00e1nyos munk\u00e1k, tanulm\u00e1nyok:<\/p>\n<p><a href=\"https:\/\/semmelweis.hu\/klinikai-pszichologia\/files\/2018\/03\/Problem-Solving-Training-for-Suicidal-Patients_Perczel-For.pdf\">Perczel-Forintos D., Ajtay Gy., Enzs\u00f6l F., Uram D., Szil\u00e1gyi S., B\u00e9rdi M. (2017). <em>Problem-solving training for patients with attempted suicide.<\/em> 2nd Roman Forum os Suicide, March, 2017, Rome, Italy.<\/a><\/p>\n<p style=\"text-align: justify\"><a href=\"https:\/\/semmelweis.hu\/klinikai-pszichologia\/files\/2017\/04\/Szuicid-prevenci\u00f3-ir\u00e1nyelvek_RihmerN\u00e9methKurimayPerczelForintos_2017_PH.pdf\">Rihmer Z., N\u00e9meth A., Kurimay T. &amp; Perczel-Forintos D. (2017). A feln\u0151ttkori \u00f6ngyilkos magatart\u00e1s felismer\u00e9s\u00e9r\u0151l, ell\u00e1t\u00e1s\u00e1r\u00f3l \u00e9s megel\u0151z\u00e9s\u00e9r\u0151l.\u00a0 <em>Psychiatria Hungarica, 32<\/em>(1), 4-40.<\/a><\/p>\n<p style=\"text-align: justify\"><a href=\"https:\/\/semmelweis.hu\/klinikai-pszichologia\/files\/2016\/11\/A-szuicid-vesz\u00e9ly\u00e1llapot-cs\u00f6kkent\u00e9s\u00e9nek-lehet\u0151s\u00e9gei-a-gyakorlatban_Perczel-Forintos-2010-el\u0151ad\u00e1s.pdf\">Perczel-Forintos D. (2016).\u00a0<em>Kr\u00edzis\u00e1llapotok. Az \u00f6ngyilkoss\u00e1gi vesz\u00e9ly cs\u00f6kkent\u00e9s\u00e9nek lehet\u0151s\u00e9gei a gyakorlatban<\/em>. El\u0151ad\u00e1s. Semmelweis Egyetem, \u00c1OK, Klinikai \u00e9s ment\u00e1lhigi\u00e9n\u00e9s szakpszichol\u00f3gus szakk\u00e9pz\u00e9s.\u00a0<\/a><\/p>\n<p style=\"text-align: justify\"><a href=\"https:\/\/semmelweis.hu\/klinikai-pszichologia\/files\/2016\/11\/A-szuicid-vesz\u00e9ly\u00e1llapot-pszichodiagnosztik\u00e1ja-Perczel-Forintos-2014-el\u0151ad\u00e1s.pdf\">Perczel-Forintos D. (2016).\u00a0<em>A szuicid vesz\u00e9ly\u00e1llapot felm\u00e9r\u00e9se.<\/em> El\u0151ad\u00e1s. Semmelweis Egyetem, \u00c1OK, KLinikai \u00e9s ment\u00e1lhigi\u00e9n\u00e9s szakpszichol\u00f3gus szakk\u00e9pz\u00e9s.<\/a><\/p>\n<p style=\"text-align: justify\"><a href=\"https:\/\/semmelweis.hu\/klinikai-pszichologia\/files\/2016\/11\/Beck-Hopelessness-Scale_specific-factors-or-method-effects_Szabo-M\u00e9sz\u00e1ros-et-Perczel-Forintos_2015-EJPA.pdf\">Szab\u00f3 M., M\u00e9rsz\u00e1ros V., Sallay J., Ajtay Gy., Boross V., Udvardy-M\u00e9sz\u00e1ros \u00c1., Vizin G. &amp; Perczel-Forintos D. (2015). The Beck Hopelessness Scale: specific factors or method effects? <em>European Journal os Psychological Assessment,<\/em> 32, 111-118.<em>\u00a0<\/em><\/a><\/p>\n<p style=\"text-align: justify\"><a href=\"https:\/\/semmelweis.hu\/klinikai-pszichologia\/files\/2016\/11\/Probl\u00e9mamegold\u00f3-tr\u00e9ning-kr.-depresszi\u00f3ban_Perczel-Forintos-Ajtay-2014-MPT-konf.pdf\">Perczel-Forintos D. \u00e9s Ajtay Gy. (2014). <em>Problemamegold\u00f3 tr\u00e9ning kr\u00f3nikus depresszi\u00f3ban.<\/em> El\u0151ad\u00e1s. Magyar Pszichi\u00e1triai T\u00e1rsas\u00e1g VIII. Kongresszusa, Budapest.<\/a><\/p>\n<p style=\"text-align: justify\"><a href=\"https:\/\/semmelweis.hu\/klinikai-pszichologia\/files\/2016\/11\/Depresszi\u00f3-\u00e9s-\u00f6ngyilkoss\u00e1g-megel\u0151z\u00e9s_Rihmer-Perczel-Forintos-2014-Neuropharm.-2.pdf\">Rihmer Z. &amp; Perczel-Forintos D. (2014). A depresszi\u00f3 \u00e9s \u00f6ngyilkoss\u00e1gi rizik\u00f3 sz\u0171r\u00e9s\u00e9nek jelent\u0151s\u00e9ge. <em>Neuropsychopharmacologia Hungarica, 16<\/em><span style=\"text-decoration: underline\">(2).\u00a0<\/span><\/a><\/p>\n<p style=\"text-align: justify\"><a href=\"https:\/\/semmelweis.hu\/klinikai-pszichologia\/files\/2016\/11\/Proposal-for-short-version-Beck-Hopelessness-Scale_Perczel-Forintos-R\u00f3zsa-Pilling-Kopp-2013-COMHJ.pdf\">Perczel-Forintos D., R\u00f3zsa S., Pilling J. &amp; Kopp M. (2013). Proposal for short version of the Beck hopelessness scale based on a national representative survey in Hungary. <em>Community Health Journal, 49<\/em>(6), 822-830.<\/a><\/p>\n<p style=\"text-align: justify\"><a href=\"https:\/\/semmelweis.hu\/klinikai-pszichologia\/files\/2016\/11\/Probl\u00e9mamegold\u00f3-tr\u00e9ning-a-szuicid-prevenci\u00f3ban_Ajtay-mtsai-2012-PH.pdf\">Ajtay Gy., B\u00e9rdi M., Szil\u00e1gyi S. &amp; Perczel-Forintos D. (2012). Egy hat\u00e9kony beavatkoz\u00e1s szuicid prevenci\u00f3ban: A probl\u00e9mamegold\u00f3 tr\u00e9ning alkalmaz\u00e1sa a klinikumban. <em>Psychiatria Hungarica, 27<\/em>(2), 92-102.\u00a0<\/a><\/p>\n<p style=\"text-align: justify\"><a href=\"https:\/\/semmelweis.hu\/klinikai-pszichologia\/files\/2016\/11\/A-klinikai-pszichol\u00f3gus-szerepe-az-\u00f6ngyilkoss\u00e1gi-vesz\u00e9lyeztetts\u00e9g-felismer\u00e9s\u00e9ben_Perczel-Forintos-2012.pdf\">Perczel-Forintos D. (2012). <em>A klinikai pszichol\u00f3gus \u00a0szerepe az \u00f6ngyilkoss\u00e1gi vesz\u00e9lyeztetetts\u00e9g felismer\u00e9s\u00e9ben \u00e9s ell\u00e1t\u00e1s\u00e1ban.<\/em> In: Kalm\u00e1r S , N\u00e9meth A , Rihmer Z (szerk.): Az \u00f6ngyilkoss\u00e1g orvosi szemmel: Kock\u00e1zatfelm\u00e9r\u00e9s, kezel\u00e9s, prevenci\u00f3. Medicina K\u00f6nyvkiad\u00f3, Budapest. 319- 333.<\/a><\/p>\n<p style=\"text-align: justify\"><a href=\"https:\/\/semmelweis.hu\/klinikai-pszichologia\/files\/2016\/11\/G\u00e1tolt-menek\u00fcl\u00e9s-az-\u00f6ngyilkoss\u00e1g-kogniit\u00edv-modellje_Perczel-Forintos-2011-MPSz.pdf\">Perczel-Forintos D. (2011). G\u00e1tolt menek\u00fcl\u00e9s &#8211; az \u00f6ngyilkoss\u00e1g kognit\u00edv modellje. <em>Mayar Pszichol\u00f3gaii Szemle, 66<\/em>(1), 185-201.\u00a0<\/a><\/p>\n<p style=\"text-align: justify\"><a href=\"https:\/\/semmelweis.hu\/klinikai-pszichologia\/files\/2016\/11\/Adaptation-of-the-Beck-Hopelessness-Scale-in-Hungary_Perczel-Forintos-Sallai-R\u00f3zsa_-2010-Psych.Topic_.pdf\">Perczel-Forintos D. &amp; Sallai J. (2010). Adaptation of the Beck Hopelessness Scale in Hungary. <em>Psychological Topics, 19<\/em>, 307-321.<\/a><\/p>\n<p style=\"text-align: justify\"><a href=\"https:\/\/semmelweis.hu\/klinikai-pszichologia\/files\/2016\/11\/Beck-Rem\u00e9nytelens\u00e9g-Sk\u00e1la-r\u00f6vid\u00edtett-v\u00e1ltozata_Hungarostudy_Perczel-Forintos-R\u00f3zsa-Kopp_2007-PH.pdf\">Perczel-Forintos D., R\u00f3zsa S., Kopp M. (2007). A Beck-f\u00e9le Rem\u00e9nytelens\u00e9g Sk\u00e1la r\u00f6vid\u00edtett v\u00e1ltozat\u00e1nak vizsg\u00e1lata Magyarorsz\u00e1gon egy orsz\u00e1gos reprezentat\u00edv felm\u00e9r\u00e9s t\u00fckr\u00e9ben. <em>Psychiatria Hungarica,<\/em> 22(5), 379-389.<\/a><\/p>\n<p style=\"text-align: justify\"><a href=\"https:\/\/semmelweis.hu\/klinikai-pszichologia\/files\/2016\/11\/Az-\u00f6ngyilkos-magatart\u00e1s-kognitiv-h\u00e1tt\u00e9rt\u00e9nyez\u0151i-_-Perczel-Forintos-2001-PH.pdf\">Perczel-Forintos D. (2001). Az \u00f6ngyilkos magatart\u00e1s kognit\u00edv h\u00e1tt\u00e9rt\u00e9nyez\u0151i. <em>Psychiatria Hungarica, 16<\/em>(6), 661-668.\u00a0<\/a><\/p>\n<p style=\"text-align: justify\"><a href=\"https:\/\/semmelweis.hu\/klinikai-pszichologia\/files\/2016\/11\/Beck-Rem\u00e9nytelens\u00e9g-Sk\u00e1la-pszichometriai-vizsg\u00e1lata_Perczel-Forintos-Sallai-R\u00f3zsa-2001-PH.pdf\">Perczel-Forintos D., Sallai J. &amp; R\u00f3zsa S. (2001). A Beck-f\u00e9le Rem\u00e9nytelens\u00e9g Sk\u00e1la pszichometriai vizsg\u00e1lata. <em>Psychiatria Hungarica, 16<\/em>(6), 632-643.<\/a><\/p>\n<p style=\"text-align: justify\">Psychiatria Hungarica &#8211; \u00d6ngyilkoss\u00e1g-megel\u0151z\u00e9s \u00e9s probl\u00e9mamegold\u00e1s (szerk.\u00a0Perczel-Forintos D.):<\/p>\n<ol>\n<li style=\"text-align: justify\"><a href=\"https:\/\/semmelweis.hu\/klinikai-pszichologia\/files\/2016\/11\/1_Ki\u00fat-a-ki\u00fattalans\u00e1gb\u00f3l_prob\u00e9mamegold\u00f3-tr\u00e9ning_Perczel-Forintos-Po\u00f3s-2008-PH.pdf\">Perczel-Forintos D., Po\u00f3s J. (2008). Ki\u00fat a ki\u00fattalans\u00e1gb\u00f3l &#8211; probl\u00e9mamegold\u00f3 tr\u00e9ning az \u00f6ngyilkoss\u00e1g vesz\u00e9lyeztetetts\u00e9g megel\u0151z\u00e9s\u00e9ben. \u00c1ttekint\u0151 tanulm\u00e1ny. <em>Psychiatria Hungarica, 23<\/em>(1), 4-21.<\/a><\/li>\n<li style=\"text-align: justify\"><a href=\"https:\/\/semmelweis.hu\/klinikai-pszichologia\/files\/2016\/11\/2_Borderline-szuicidalit\u00e1s_Kurit\u00e1rn\u00e9-Szab\u00f3-Ildik\u00f3_2008-PH.pdf\">Kurit\u00e1rn\u00e9 Szab\u00f3 I. (2008). A borderline szuicidalit\u00e1s jellegztetess\u00e9gei. Szakirodalmi \u00e1ttekint\u00e9s. <em>Psychiatria Hungarica, 23<\/em>(1), 22-33.<\/a><\/li>\n<li style=\"text-align: justify\"><a href=\"https:\/\/semmelweis.hu\/klinikai-pszichologia\/files\/2016\/11\/3_H\u00e1ziorvosi-rendel\u0151kben-megjelen\u0151-rem\u00e9nytelens\u00e9g_Ajtay-Petruska-Hegyi-Perczel-Forintos_2008-PH.pdf\">Ajtay Gy., Petruska \u00c9., Hegyi N., Perczel-Forintos D. (2008). A h\u00e1ziorvosi rendel\u0151kben megjelen\u0151 szem\u00e9lyek rem\u00e9nytelens\u00e9g\u00e9nek vizsg\u00e1lata. <em>Psychiatria Hungarica, 23<\/em>(1), 34-41.<\/a><\/li>\n<li style=\"text-align: justify\"><a href=\"https:\/\/semmelweis.hu\/klinikai-pszichologia\/files\/2016\/11\/4_Pszichi\u00e1triai-betegek-probl\u00e9mammegold\u00f3-k\u00e9pess\u00e9g\u00e9nek-vizsg\u00e1lata_Po\u00f3s-Annus-Perczel-Forintos-2008-PH.pdf\">Po\u00f3s J., Perczel-Forintos D. (2008). Pszichi\u00e1triai betegek probl\u00e9mamegold\u00f3 k\u00e9pess\u00e9g\u00e9nek vizsg\u00e1lata. <em>Psychiatria Hungarica, 23<\/em>(1), 42-55.<\/a><\/li>\n<li style=\"text-align: justify\"><a href=\"https:\/\/semmelweis.hu\/klinikai-pszichologia\/files\/2016\/11\/5_Negat\u00edv-\u00e9letesem\u00e9nyek-\u00e9s-rem\u00e9nytelens\u00e9g-pszich\u00f3zisban_Perczel-Forintos-Kiss-2008-PH.pdf\">Perczel-Forintos D., Kiss Zs. (2008). Negat\u00edv \u00e9letesem\u00e9nyek \u00e9s rem\u00e9nytelens\u00e9g vizsg\u00e1lata pszichotikus betegek k\u00f6r\u00e9ben. <em>Psychiatria Hungarica, 23<\/em>(1), 56-62._<\/a><\/li>\n<\/ol>\n","protected":false},"excerpt":{"rendered":"<p>E t\u00e9m\u00e1n bel\u00fcl kiemelten az \u00f6ngyilkoss\u00e1g-megel\u0151z\u00e9s lehet\u0151s\u00e9geinek kutat\u00e1s\u00e1val foglalkozunk. Magyarorsz\u00e1gon az \u00f6ngyilkoss\u00e1gi hal\u00e1loz\u00e1s m\u00e9g mindig igen magas \u00e9rt\u00e9keket mutat, ez\u00e9rt az \u00f6ngyilkoss\u00e1g megel\u0151z\u00e9s\u00e9t c\u00e9lz\u00f3 kutat\u00e1soknak kiemelked\u0151 jelent\u0151s\u00e9g\u00fck van haz\u00e1nkban. Statisztikai adatok bizony\u00edtj\u00e1k, hogy az \u00f6ngyilkoss\u00e1gi k\u00eds\u00e9rletre k\u00e9sz\u00fcl\u0151 szem\u00e9lyek 45-75 %-a j\u00e1r a hal\u00e1l\u00e1t megel\u0151z\u0151 1 h\u00f3napban h\u00e1ziorvos\u00e1n\u00e1l ki nem mondott seg\u00edts\u00e9gk\u00e9r\u0151 sz\u00e1nd\u00e9kkal, a vesz\u00e9lyeztetett \u00e1llapot &hellip;<\/p>\n","protected":false},"author":336,"featured_media":0,"parent":4919,"menu_order":2,"comment_status":"closed","ping_status":"closed","template":"","meta":{"_acf_changed":false,"footnotes":""},"categories":[],"tags":[],"class_list":["post-2634","page","type-page","status-publish","hentry"],"acf":[],"_links":{"self":[{"href":"https:\/\/semmelweis.hu\/klinikai-pszichologia\/wp-json\/wp\/v2\/pages\/2634","targetHints":{"allow":["GET"]}}],"collection":[{"href":"https:\/\/semmelweis.hu\/klinikai-pszichologia\/wp-json\/wp\/v2\/pages"}],"about":[{"href":"https:\/\/semmelweis.hu\/klinikai-pszichologia\/wp-json\/wp\/v2\/types\/page"}],"author":[{"embeddable":true,"href":"https:\/\/semmelweis.hu\/klinikai-pszichologia\/wp-json\/wp\/v2\/users\/336"}],"replies":[{"embeddable":true,"href":"https:\/\/semmelweis.hu\/klinikai-pszichologia\/wp-json\/wp\/v2\/comments?post=2634"}],"version-history":[{"count":10,"href":"https:\/\/semmelweis.hu\/klinikai-pszichologia\/wp-json\/wp\/v2\/pages\/2634\/revisions"}],"predecessor-version":[{"id":3570,"href":"https:\/\/semmelweis.hu\/klinikai-pszichologia\/wp-json\/wp\/v2\/pages\/2634\/revisions\/3570"}],"up":[{"embeddable":true,"href":"https:\/\/semmelweis.hu\/klinikai-pszichologia\/wp-json\/wp\/v2\/pages\/4919"}],"wp:attachment":[{"href":"https:\/\/semmelweis.hu\/klinikai-pszichologia\/wp-json\/wp\/v2\/media?parent=2634"}],"wp:term":[{"taxonomy":"category","embeddable":true,"href":"https:\/\/semmelweis.hu\/klinikai-pszichologia\/wp-json\/wp\/v2\/categories?post=2634"},{"taxonomy":"post_tag","embeddable":true,"href":"https:\/\/semmelweis.hu\/klinikai-pszichologia\/wp-json\/wp\/v2\/tags?post=2634"}],"curies":[{"name":"wp","href":"https:\/\/api.w.org\/{rel}","templated":true}]}}