{"id":2632,"date":"2016-11-08T12:38:10","date_gmt":"2016-11-08T11:38:10","guid":{"rendered":"http:\/\/semmelweis.hu\/klinikai-pszichologia\/?page_id=2632"},"modified":"2020-03-03T16:36:12","modified_gmt":"2020-03-03T15:36:12","slug":"szocialis-szorongas","status":"publish","type":"page","link":"https:\/\/semmelweis.hu\/klinikai-pszichologia\/tudomanyos-kutatomunka\/korabbi-kutatasi-teruletek\/szocialis-szorongas\/","title":{"rendered":"Asszertivit\u00e1s \u00e9s szoci\u00e1lis f\u00f3bia"},"content":{"rendered":"<p style=\"text-align: justify\">A kutat\u00e1s c\u00e9lja a leggyakoribb szorong\u00e1sos megbeteged\u00e9s (Jefferys, D 1997), a szoci\u00e1lis f\u00f3bia kognit\u00edv jellemz\u0151inek vizsg\u00e1lata \u00e9s ehhez kapcsol\u00f3dva a szoci\u00e1lis f\u00f3bia kognit\u00edv viselked\u00e9ster\u00e1pi\u00e1j\u00e1nak (KVT) hat\u00e9konys\u00e1gvizsg\u00e1lata (\u00f6sszehasonl\u00edt\u00e1sa viselked\u00e9ster\u00e1pi\u00e1val \u00e9s v\u00e1r\u00f3list\u00e1s kontroll szem\u00e9lyekkel).<\/p>\n<p style=\"text-align: justify\">1. Kognit\u00edv jellemz\u0151k vizsg\u00e1lata:<\/p>\n<p style=\"text-align: justify\">Els\u0151sorban interj\u00fak \u00e9s k\u00e9rd\u0151\u00edvek seg\u00edts\u00e9g\u00e9vel vizsg\u00e1ljuk szoci\u00e1lis f\u00f3bi\u00e1s betegek kognit\u00edv strukt\u00far\u00e1j\u00e1t, \u00f6nk\u00e9p\u00e9t \u00e9s maladapt\u00edv, diszfunkcion\u00e1lis s\u00e9m\u00e1it.<\/p>\n<p style=\"text-align: justify\">2. \u00d6sszehasonl\u00edt\u00f3 ter\u00e1pi\u00e1s vizsg\u00e1lat<\/p>\n<p style=\"text-align: justify\">Az el\u0151z\u0151 t\u00e9m\u00e1hoz szorosan illeszked\u0151 m\u00e1sodik c\u00e9lunk pedig az, hogy a szoci\u00e1lis f\u00f3bia kognit\u00edv modellj\u00e9n alapul\u00f3 pszichoter\u00e1pi\u00e1s kezel\u00e9s c\u00e9lzottabban, a legink\u00e1bb problematikus kogn\u00edci\u00f3kra f\u00f3kusz\u00e1ljon: \u00faj, kev\u00e9sb\u00e9 szorong\u00e1st kelt\u0151 helyzet\u00e9rtelmez\u00e9s csak akkor v\u00e1rhat\u00f3, ha meg\u00e9rtj\u00fck, mi\u00e9rt problematikus az adott szitu\u00e1ci\u00f3 a p\u00e1ciens sz\u00e1m\u00e1ra. Ez az\u00e9rt is fontos, mert szoci\u00e1lis f\u00f3bi\u00e1n\u00e1l a negat\u00edv \u00f6n\u00e9rt\u00e9kel\u00e9s rendk\u00edv\u0171l szil\u00e1rd, a k\u00f3rk\u00e9p igen nehezen befoly\u00e1solhat\u00f3.<\/p>\n<p style=\"text-align: justify\">A szoci\u00e1lis f\u00f3bia kutat\u00e1sok szerint j\u00f3l reag\u00e1l farmakoter\u00e1pi\u00e1s (moclobemide) (Nutt \u00e9s Montgomery, 1996) \u00e9s kognit\u00edv viselked\u00e9ster\u00e1pi\u00e1s kezel\u00e9sre. Azonban m\u00e9g mindig nem \u00e1ll elegend\u0151 adat rendelkez\u00e9sre ahhoz, hogy el lehessen d\u00f6nteni, melyik a hat\u00e9konyabb kezel\u00e9si forma illetve sz\u00fcks\u00e9ges -e a kombin\u00e1ci\u00f3?<\/p>\n<p style=\"text-align: justify\">A kezel\u00e9st k\u00f6vet\u0151 id\u0151szakban a visszaes\u00e9si ar\u00e1nyok azt mutatj\u00e1k, hogy farmakoter\u00e1pia eset\u00e9n ez az ar\u00e1ny 40%, m\u00edg KVT ut\u00e1n 5% (Gelernter, Uhde, Cimbolic et al, 1991). A szakirodalomban nagy az ig\u00e9ny a randomiz\u00e1lt, kontroll\u00e1lt pszichoter\u00e1pi\u00e1s vizsg\u00e1latokra: ilyen jelleg\u0171 vizsg\u00e1lat nem folyik m\u00e9g haz\u00e1nkban. \u00c9ppen ez\u00e9rt kutat\u00e1sunkban szoci\u00e1lis f\u00f3bi\u00e1s betegek h\u00e1rom csoportj\u00e1t (25-25 beteget) hasonl\u00edtjuk \u00f6ssze: kognit\u00edv viselked\u00e9ster\u00e1pi\u00e1ban r\u00e9szes\u00fcl\u0151, \u0093tiszta\u0094 viselked\u00e9ster\u00e1pi\u00e1ban r\u00e9szes\u00fcl\u0151 \u00e9s v\u00e1r\u00f3list\u00e1n lev\u0151 csoport v\u00e1ltoz\u00e1s\u00e1t a kezel\u00e9s hat\u00e1s\u00e1ra.<\/p>\n<p><a href=\"https:\/\/semmelweis.hu\/klinikai-pszichologia\/files\/2017\/06\/Szoci\u00e1lis-szorong\u00e1s-\u00e9s-\u00f6n\u00e9rt\u00e9kel\u00e9s_Perczel-Forintoskresznerits_2017.pdf\">Perczel-Forintos D. &amp; Kresznerits Sz. (2017). Szoci\u00e1lis szorong\u00e1s \u00e9s \u00f6n\u00e9rt\u00e9kel\u00e9s: a &#8222;F\u00e9lelem a negat\u00edv meg\u00edt\u00e9l\u00e9st\u0151l&#8221; (F\u00c9LNE) k\u00e9rd\u0151\u00edv hazai adap\u00e1ci\u00f3ja. <em>Orvosi Hetilap, 158<\/em>(22), 843-850.<\/a><\/p>\n<p style=\"text-align: justify\"><a href=\"https:\/\/semmelweis.hu\/klinikai-pszichologia\/files\/2016\/11\/Introducing-Assertiveness-Training-in-Hungary.pdf\">Perczel D. &amp; Tringer L. (1998). Introducing assertiveness training Hungary. <em>Scandinavian Journal of Behaviour Therapy,<\/em> 27(3), 124-129<\/a>.<\/p>\n<p style=\"text-align: justify\"><a href=\"https:\/\/semmelweis.hu\/klinikai-pszichologia\/files\/2016\/11\/Szoci\u00e1lis-f\u00f3bia_Perczel-Forintos_1999_MagyarPszichologiaiSzemle.pdf\">Perczel-Forintos D. (1999). Szoci\u00e1lis f\u00f3bia. <em>Magyar Pszichol\u00f3giai Szemle, 54<\/em>(4), 607-624.<\/a><\/p>\n<p style=\"text-align: justify\"><a href=\"https:\/\/semmelweis.hu\/klinikai-pszichologia\/files\/2016\/11\/Asszertivit\u00e1st-vizsg\u00e1l\u00f3-k\u00e9rd\u0151\u00edvek-pszichometriai-elemz\u00e9se_PerczelTringer_1995.pdf\">Perczel D. &amp; Tringer L. (1995). Asszertivit\u00e1st vizsg\u00e1l\u00f3 k\u00e9rd\u0151\u00edvek pszichometriai elemz\u00e9se. <em>Psychiatria Hungarica, 10<\/em>(3), 251-267.<\/a><\/p>\n<p style=\"text-align: justify\"><a href=\"https:\/\/semmelweis.hu\/klinikai-pszichologia\/files\/2016\/11\/Az-asszert\u00edv-viselked\u00e9s-\u00e9s-fejleszt\u00e9s\u00e9nek-lehet\u0151s\u00e9gei-elm\u00e9leti-\u00e1ttekint\u00e9s_PerczelTringer_1994.pdf\">Perczel D. &amp; Tringer L. (1994). Az asszert\u00edv viselked\u00e9s \u00e9s fejleszt\u00e9s\u00e9nek lehet\u0151s\u00e9gei, elm\u00e9leti \u00e1ttekint\u00e9s. <em>Psychiatria Hungarica, 9<\/em>(6), 583-596.\u00a0<\/a><\/p>\n<p style=\"text-align: justify\"><a href=\"https:\/\/semmelweis.hu\/klinikai-pszichologia\/files\/2016\/11\/Asszert\u00edv-tr\u00e9ning-alkalmaz\u00e1sa-a-ment\u00e1lhigi\u00e9n\u00e9s-ell\u00e1t\u00e1sban_PerczelTringer_1994.pdf\">Perczel D. &amp; Tringer L. (1994). Az asszert\u00edv tr\u00e9ning alkalmaz\u00e1sa a ment\u00e1lhigi\u00e9n\u00e9s ell\u00e1t\u00e1sban. <em>Psychiatria Hungarica, 9<\/em>(6), 515-533.\u00a0<\/a><\/p>\n","protected":false},"excerpt":{"rendered":"<p>A kutat\u00e1s c\u00e9lja a leggyakoribb szorong\u00e1sos megbeteged\u00e9s (Jefferys, D 1997), a szoci\u00e1lis f\u00f3bia kognit\u00edv jellemz\u0151inek vizsg\u00e1lata \u00e9s ehhez kapcsol\u00f3dva a szoci\u00e1lis f\u00f3bia kognit\u00edv viselked\u00e9ster\u00e1pi\u00e1j\u00e1nak (KVT) hat\u00e9konys\u00e1gvizsg\u00e1lata (\u00f6sszehasonl\u00edt\u00e1sa viselked\u00e9ster\u00e1pi\u00e1val \u00e9s v\u00e1r\u00f3list\u00e1s kontroll szem\u00e9lyekkel). 1. Kognit\u00edv jellemz\u0151k vizsg\u00e1lata: Els\u0151sorban interj\u00fak \u00e9s k\u00e9rd\u0151\u00edvek seg\u00edts\u00e9g\u00e9vel vizsg\u00e1ljuk szoci\u00e1lis f\u00f3bi\u00e1s betegek kognit\u00edv strukt\u00far\u00e1j\u00e1t, \u00f6nk\u00e9p\u00e9t \u00e9s maladapt\u00edv, diszfunkcion\u00e1lis s\u00e9m\u00e1it. 2. \u00d6sszehasonl\u00edt\u00f3 ter\u00e1pi\u00e1s &hellip;<\/p>\n","protected":false},"author":336,"featured_media":0,"parent":4919,"menu_order":5,"comment_status":"closed","ping_status":"closed","template":"","meta":{"_acf_changed":false,"footnotes":""},"categories":[],"tags":[],"class_list":["post-2632","page","type-page","status-publish","hentry"],"acf":[],"_links":{"self":[{"href":"https:\/\/semmelweis.hu\/klinikai-pszichologia\/wp-json\/wp\/v2\/pages\/2632","targetHints":{"allow":["GET"]}}],"collection":[{"href":"https:\/\/semmelweis.hu\/klinikai-pszichologia\/wp-json\/wp\/v2\/pages"}],"about":[{"href":"https:\/\/semmelweis.hu\/klinikai-pszichologia\/wp-json\/wp\/v2\/types\/page"}],"author":[{"embeddable":true,"href":"https:\/\/semmelweis.hu\/klinikai-pszichologia\/wp-json\/wp\/v2\/users\/336"}],"replies":[{"embeddable":true,"href":"https:\/\/semmelweis.hu\/klinikai-pszichologia\/wp-json\/wp\/v2\/comments?post=2632"}],"version-history":[{"count":10,"href":"https:\/\/semmelweis.hu\/klinikai-pszichologia\/wp-json\/wp\/v2\/pages\/2632\/revisions"}],"predecessor-version":[{"id":3573,"href":"https:\/\/semmelweis.hu\/klinikai-pszichologia\/wp-json\/wp\/v2\/pages\/2632\/revisions\/3573"}],"up":[{"embeddable":true,"href":"https:\/\/semmelweis.hu\/klinikai-pszichologia\/wp-json\/wp\/v2\/pages\/4919"}],"wp:attachment":[{"href":"https:\/\/semmelweis.hu\/klinikai-pszichologia\/wp-json\/wp\/v2\/media?parent=2632"}],"wp:term":[{"taxonomy":"category","embeddable":true,"href":"https:\/\/semmelweis.hu\/klinikai-pszichologia\/wp-json\/wp\/v2\/categories?post=2632"},{"taxonomy":"post_tag","embeddable":true,"href":"https:\/\/semmelweis.hu\/klinikai-pszichologia\/wp-json\/wp\/v2\/tags?post=2632"}],"curies":[{"name":"wp","href":"https:\/\/api.w.org\/{rel}","templated":true}]}}