{"id":891,"date":"2017-01-30T17:12:30","date_gmt":"2017-01-30T16:12:30","guid":{"rendered":"http:\/\/semmelweis.hu\/humanelettan\/?page_id=891"},"modified":"2024-12-10T09:22:51","modified_gmt":"2024-12-10T08:22:51","slug":"kutatas","status":"publish","type":"page","link":"https:\/\/semmelweis.hu\/klinikai-korelettan\/kutatas\/","title":{"rendered":"Kutat\u00e1s"},"content":{"rendered":"<p style=\"text-align: left\">Int\u00e9zet\u00fcnk a transzl\u00e1ci\u00f3s medicina szellem\u00e9ben <strong>folytatja kutat\u00e1sait<\/strong> olyan \u00e9lettani \u00e9s k\u00f3r\u00e9lettani jelens\u00e9gek megismer\u00e9s\u00e9t t\u0171zve ki c\u00e9lul, <strong>melyek k\u00f6zvetlen kapcsolatba hozhat\u00f3k egyes betegs\u00e9gek kialakul\u00e1s\u00e1val, s\u00falyosbod\u00e1s\u00e1val \u00e9s gy\u00f3gyul\u00e1s\u00e1val.<\/strong> Az ut\u00f3bbi \u00e9vek infrastruktur\u00e1lis fejleszt\u00e9seinek eredm\u00e9nyek\u00e9nt az Int\u00e9zet munkacsoportjaiban rendelkez\u00e9sre \u00e1ll\u00f3 kutat\u00e1si m\u00f3dszerek lehet\u0151v\u00e9 teszik egyes \u00e9lettani folyamatok t\u00f6bbr\u00e9t\u0171 vizsg\u00e1lat\u00e1t: <strong>a szubcellul\u00e1ris, valamint sejt-, sz\u00f6vet-szint\u0171 folyamatokt\u00f3l a szerv, vagy ak\u00e1r szervezeti szint\u0171<\/strong> \u00f6sszetett szab\u00e1lyoz\u00e1sig.<\/p>\n<p style=\"text-align: left\">Kutat\u00e1saink jelent\u0151s r\u00e9sz\u00e9t teszik ki a klinik\u00e1kkal egy\u00fcttm\u0171k\u00f6d\u00e9sben folytatott hum\u00e1n vizsg\u00e1latok. <strong>Int\u00e9zet\u00fcnk metodikai felszerelts\u00e9ge korszer\u0171<\/strong>, a kutat\u00e1sok anyagi h\u00e1tter\u00e9t sz\u00e1mos hazai, konzorci\u00e1lis \u00e9s nemzetk\u00f6zi p\u00e1ly\u00e1zati t\u00e1mogat\u00e1s \u00e9s egy\u00fcttm\u0171k\u00f6d\u00e9s biztos\u00edtja.<\/p>\n<p>Az kiemelked\u0151 tudom\u00e1nyos kutat\u00e1si eredm\u00e9nyek el\u00e9r\u00e9s\u00e9nek \u00f6szt\u00f6nz\u00e9se, valamint a kimagasl\u00f3 publik\u00e1ci\u00f3s tev\u00e9kenys\u00e9g elismer\u00e9se c\u00e9lj\u00e1b\u00f3l <strong>Publik\u00e1ci\u00f3s d\u00edjaz\u00e1ssal<\/strong> is t\u00e1mogatjuk az <strong>Int\u00e9zet<\/strong> kutat\u00f3it.\u00a0<\/p>\n<p>Ezzen fel\u00fcl az <strong>Egyetem<\/strong> is d\u00edjazza a:<\/p>\n<p><strong>Scimago Journal Rank szakter\u00fcleti list\u00e1j\u00e1n a legfels\u0151 10 sz\u00e1zal\u00e9kba tartoz\u00f3 (D1) foly\u00f3iratban megjelent publik\u00e1ci\u00f3kat.<\/strong><\/p>\n<p><strong>A jelent\u0151s tudom\u00e1nyos hat\u00e1s\u00fa, az \u00e1tlagos szakter\u00fcleti id\u00e9zetts\u00e9get legal\u00e1bb h\u00e1romszorosan meghalad\u00f3 publik\u00e1ci\u00f3kat.<\/strong><\/p>\n<p><strong>A \u201ehighly cited\u201d publik\u00e1ci\u00f3s teljes\u00edtm\u00e9nyt.<\/strong><\/p>\n<p><a href=\"https:\/\/semmelweis.hu\/jogigfoig\/files\/2024\/12\/E_6_2022_XII.06._uta_tudomanyos_publik_dijazasarol_alairt.pdf\">E\/6\/2024. (XII. 06.) sz. rektori-kancell\u00e1ri utas\u00edt\u00e1s<\/a><\/p>\n<h2 style=\"text-align: left\">Jelenleg fut\u00f3 kutat\u00e1si projektjeink<\/h2>\n<p style=\"text-align: left\">Int\u00e9zet\u00fcnkben r\u00e9gi hagyom\u00e1nya van a <strong>kardiovaszkul\u00e1ris rendszer \u00e9lettan\u00e1t \u00e9s k\u00f3r\u00e9lettan\u00e1t \u00e9rint\u0151 kutat\u00e1soknak<\/strong>. \u00c9rdekl\u0151d\u00e9s\u00fcnk k\u00f6z\u00e9ppontj\u00e1ban jelenleg olyan felt\u00e1ratlan szab\u00e1lyoz\u00e1si mechanizmusok megismer\u00e9se \u00e1ll, amelyek szerepet j\u00e1tszanak az \u00e9rt\u00f3nus, a koron\u00e1ria-kering\u00e9s, a retin\u00e1lis kering\u00e9s, az agyi v\u00e9rkering\u00e9s \u00e9s a sz\u00edvm\u0171k\u00f6d\u00e9s valamint a mikrocirkul\u00e1ci\u00f3 szab\u00e1lyoz\u00e1s\u00e1ban fiziol\u00f3gi\u00e1s \u00e9s patol\u00f3gi\u00e1s k\u00f6r\u00fclm\u00e9nyek k\u00f6z\u00f6tt.<\/p>\n<h5>V\u00e1rosmajori Sz\u00edv- \u00e9s \u00c9rgy\u00f3gy\u00e1szati Klinika<\/h5>\n<p style=\"text-align: left\"><strong>A hum\u00e1n koron\u00e1ria-kering\u00e9s<\/strong> vizsg\u00e1lat\u00e1t c\u00e9lz\u00f3 kutat\u00e1sok a <strong>V\u00e1rosmajori Sz\u00edv- \u00e9s \u00c9rgy\u00f3gy\u00e1szati Klinik\u00e1val<\/strong> egy\u00fcttm\u0171k\u00f6d\u00e9sben zajlanak. K\u00fcl\u00f6n\u00f6s hangs\u00falyt helyez\u00fcnk a lizofoszfolipid medi\u00e1torok kardiovaszkul\u00e1ris hat\u00e1sainak \u00e9s hat\u00e1smechanizmusainak felt\u00e9rk\u00e9pez\u00e9s\u00e9re. Foglalkozunk emellett egyes kardiovaszkul\u00e1ris megbeteged\u00e9sek patomechanizmus\u00e1nak \u00e9s ter\u00e1pi\u00e1s lehet\u0151s\u00e9geinek vizsg\u00e1lat\u00e1val, els\u0151sorban a redox homeoszt\u00e1zis szempontj\u00e1b\u00f3l. Vizsg\u00e1ljuk k\u00fcl\u00f6nb\u00f6z\u0151 redox-akt\u00edv komponensek, \u00edgy a C-vitamin szerep\u00e9t a kardioprotekci\u00f3ban.<\/p>\n<h5>Transzl\u00e1ci\u00f3s Retinakutat\u00e1si Csoport<\/h5>\n<p style=\"text-align: left\"><strong>A retin\u00e1lis kering\u00e9s <\/strong>vizsg\u00e1lat\u00e1t Int\u00e9zet\u00fcnkben<strong> a Transzl\u00e1ci\u00f3s Retinakutat\u00e1si Csoport <\/strong>v\u00e9gzi. Jelenleg az <em>id\u0151skori makuladegener\u00e1ci\u00f3ban (AMD)<\/em> tov\u00e1bb\u00e1 a <em>diab\u00e9teszes retinop\u00e1ti\u00e1ban (DR)<\/em> bek\u00f6vetkez\u0151 \u00e9r\u00fajdonk\u00e9pz\u0151d\u00e9s visszaszor\u00edt\u00e1s\u00e1nak lehet\u0151s\u00e9g\u00e9t vizsg\u00e1lja \u00e9s saj\u00e1t fejleszt\u00e9s\u0171 gy\u00f3gyszermolekul\u00e1kat tesztel sejtes rendszerekben \u00e9s preklinikai modellekben. A csoport a kutat\u00e1sainak finansz\u00edroz\u00e1s\u00e1t el\u0151mozd\u00edtand\u00f3 egy EIC Pathfinder t\u00edpus\u00fa p\u00e1ly\u00e1zatot ny\u00fajtott be, mely a r\u00e9szt vev\u0151 nemzetk\u00f6zi partnerekkel egy\u00fcttesen mintegy h\u00e1rommilli\u00f3 euro \u00f6sszeg\u0171 t\u00e1mogat\u00e1sban r\u00e9szes\u00fclt (<a href=\"https:\/\/neovasculostop.eu\/partner\/semmelweis\/\">www.neovasculostop.eu<\/a>). A fejleszt\u00e9s alatt \u00e1ll\u00f3, sz\u00e1jon \u00e1t szedhet\u0151 molekul\u00e1k a tervezett hum\u00e1n klinikai vizsg\u00e1latokban t\u00f6rt\u00e9n\u0151 tesztel\u00e9s ut\u00e1n rem\u00e9lhet\u0151leg kiv\u00e1ltj\u00e1k az \u00fcvegtestbe jelenleg rendszeresen injekt\u00e1land\u00f3 biotechnol\u00f3giai k\u00e9sz\u00edtm\u00e9nyeket, \u00e9s hat\u00e9konyan visszaszor\u00edtj\u00e1k a neovaszkulariz\u00e1ci\u00f3t a retinop\u00e1ti\u00e1kban.<\/p>\n<h5>Mikrocirkul\u00e1ci\u00f3s munkacsoport<\/h5>\n<p style=\"text-align: left\">Az int\u00e9zetben m\u0171k\u00f6d\u0151 <strong>Mikrocirkul\u00e1ci\u00f3s munkacsoport<\/strong> kutat\u00e1si t\u00e9m\u00e1i t\u00f6bbek k\u00f6z\u00f6tt, a hemodinamikai er\u0151k \u00e1ltal aktiv\u00e1lt norm\u00e1lis \u00e9s k\u00f3ros mikrovaszkul\u00e1ris mechanizmusok vizsg\u00e1lata, a v\u00e9n\u00e1s mikroerek vasomotor m\u0171k\u00f6d\u00e9se, a cerebrovascularis ellen\u00e1ll\u00e1s \u00e1raml\u00e1sf\u00fcgg\u0151 szab\u00e1lyoz\u00e1sa valamint adapt\u00e1ci\u00f3ja preeclampsi\u00e1ban, a traum\u00e1s agyk\u00e1rosod\u00e1st k\u00f6vet\u0151 aut\u00f3regul\u00e1ci\u00f3s zavar \u00e9s v\u00e9r-agy g\u00e1t k\u00e1rosod\u00e1s mechanizmusainak vizsg\u00e1lata, valamint a Magyar Testnevel\u00e9si \u00e9s Sporttudom\u00e1nyi Egyettemmel egy\u00fcttm\u0171k\u00f6dve a mikrocirkul\u00e1ci\u00f3 v\u00e1ltoz\u00e1s\u00e1nak vizsg\u00e1lata sportol\u00e1s, \u00e9s gy\u00f3gyszertani behat\u00e1sokra.<\/p>\n<h5>Vesegy\u00f3gy\u00e1szati \u00e9s h\u00fagy\u00fati kutat\u00e1sok<\/h5>\n<p style=\"text-align: left\">A nemzetk\u00f6zi h\u00edr\u0171 <strong>vesegy\u00f3gy\u00e1szati \u00e9s h\u00fagy\u00fati kutat\u00e1soknak<\/strong> egyetem\u00fcnk\u00f6n, t\u00f6bb mint 100 \u00e9ves m\u00faltja van. Int\u00e9zet\u00fcnknek jelent\u0151s szerepe van abban, hogy e j\u00f3 h\u00edrn\u00e9vnek a 80-as \u00e9vekbeli megt\u00f6r\u00e9se ut\u00e1n haz\u00e1nkat ism\u00e9t eur\u00f3pai nefrol\u00f3giai kutat\u00f3 \u00e9s k\u00e9pz\u0151 k\u00f6zpontk\u00e9nt tartj\u00e1k nyilv\u00e1n. Kiemelt kutat\u00e1si ter\u00fclet\u00fcnk a vesefibr\u00f3zis, diab\u00e9teszes nefrop\u00e1tia \u00e9s sz\u00edvizomhipertr\u00f3fia transzkripci\u00f3s \u00e9s mikroRNS szint\u0171 szab\u00e1lyoz\u00e1s\u00e1nak vizsg\u00e1lata transzgenikus \u00e9s knockout eg\u00e9rmodellekben valamint sejtteny\u00e9szetben; az epithelialis-mesenchymalis transitio szign\u00e1ltranszdukci\u00f3s folyamatainak vizsg\u00e1lata vesefibr\u00f3zisban; a renin-angiotenzin rendszer \u00e9s endothel fenesztr\u00e1ci\u00f3 kapcsolat\u00e1nak vizsg\u00e1lata in vivo \u00e9s in vitro modellekben. Kutat\u00e1sainkat sz\u00e1mos hazai \u00e9s nemzetk\u00f6zi partnerrel k\u00f6z\u00f6sen v\u00e9gezz\u00fck. A h\u00fagyutakkal kapcsolatos kutat\u00e1sokban a hiperakt\u00edv h\u00f3lyag szindr\u00f3ma kialakul\u00e1s\u00e1hoz vezet\u0151 k\u00f3ros jel\u00e1tviteli folyamatok felt\u00e9rk\u00e9pez\u00e9se t\u00f6rt\u00e9nik az Urol\u00f3giai Klinik\u00e1val egy\u00fctt\u00adm\u0171k\u00f6d\u00e9sben.<\/p>\n<h5>Nemzetk\u00f6zi Nefrol\u00f3giai Kutat\u00f3 \u00e9s K\u00e9pz\u0151 K\u00f6zpont<\/h5>\n<p style=\"text-align: left\">Int\u00e9zet\u00fcnkben m\u0171k\u00f6dik a <strong>Nemzetk\u00f6zi Nefrol\u00f3giai Kutat\u00f3 \u00e9s K\u00e9pz\u0151 K\u00f6zpont<\/strong> mely hazai, region\u00e1lis \u00e9s nemzetk\u00f6zi kutat\u00e1si \u00e9s oktat\u00e1si munk\u00e1t v\u00e9gez. <strong>A Magyar Vese Alap\u00edtv\u00e1ny<\/strong> t\u00e1mogat\u00e1s\u00e1val elindult a m\u00e1ra vil\u00e1gh\u00edr\u0171v\u00e9 v\u00e1lt <strong>Budapest Nephrology School<\/strong>, melynek az egy hetes angol nyelv\u0171 CME kurzusaira az elm\u00fal 26 \u00e9v alatt 86 orsz\u00e1gb\u00f3l \u00e9rkeztek hallgat\u00f3k. A nefrol\u00f3giai kutat\u00e1s \u00e9s oktat\u00e1s szervez\u00e9se , fejleszt\u00e9se &#8222;a molekul\u00e1kt\u00f3l a beteg\u00e1gyik&#8221; szeml\u00e9lettel \u00e9s interdiszciplin\u00e1ris megk\u00f6zel\u00edt\u00e9ssel t\u00f6rt\u00e9nik.\u00a0<\/p>\n<h5>Immun-patofiziol\u00f3giai Csoport<\/h5>\n<p style=\"text-align: left\">Az Int\u00e9zetben m\u0171k\u00f6d\u0151 <strong>Immun-patofiziol\u00f3giai Csoport<\/strong> a vese iszk\u00e9mia induk\u00e1lta fibr\u00f3zis patomechanizmus\u00e1t vizsg\u00e1lja. (<a href=\"https:\/\/semmelweis.hu\/immun-patofiziologia\/\">https:\/\/semmelweis.hu\/immun-patofiziologia\/<\/a>)<\/p>\n<p style=\"text-align: left\">A k\u00f6zelm\u00faltban b\u0151v\u00fclt kutat\u00e1si profilunk <strong>tumorbiol\u00f3giai vizsg\u00e1latokkal<\/strong>. A munkacsoport a tumorprogresszi\u00f3 \u00e9s metaszt\u00e1zis\u00adk\u00e9pz\u00e9s h\u00e1tter\u00e9ben \u00e1ll\u00f3 \u00e9s a tumor-angiogenezist szab\u00e1lyoz\u00f3 mechanizmusokat vizsg\u00e1lja. C\u00e9ljuk olyan biol\u00f3giai folyamatok azonos\u00edt\u00e1sa, amelyek hat\u00e9konyan befoly\u00e1solhat\u00f3k non-invaz\u00edv adjuv\u00e1ns kezel\u00e9sekkel, mint pl. az elektrom\u00e1gneses daganatter\u00e1pia. A kutat\u00e1sok \u00edgy h\u00e1tter\u00e9t k\u00e9pezik olyan ter\u00e1pi\u00e1s eszk\u00f6z\u00f6k hat\u00e9kony \u00e9s c\u00e9lir\u00e1nyos alkalmaz\u00e1s\u00e1nak, amelyek egyre nagyobb teret kapnak a klinikumban.<\/p>\n<h5>Nanomedicina f\u00f3kusz\u00fa kutat\u00e1sok<\/h5>\n<p style=\"text-align: left\">Az Int\u00e9zetben foly\u00f3 <strong>nanomedicina f\u00f3kusz\u00fa kutat\u00e1sok<\/strong> els\u0151sorban a <strong>nanogy\u00f3gyszerek, f\u0151k\u00e9nt liposz\u00f3m\u00e1k ter\u00e1pi\u00e1s alkalmaz\u00e1s\u00e1nak immunol\u00f3giai aspektusait vizsg\u00e1lj\u00e1k<\/strong>, k\u00fcl\u00f6n\u00f6s tekintettel a complement aktiv\u00e1l\u00e1sb\u00f3l \u00e9s\/vagy immunogenit\u00e1s\u00e1b\u00f3l k\u00f6vetkez\u0151 anaphylaxi\u00e1s reakci\u00f3k \u00e9s cytokin vihar meg\u00e9rt\u00e9s\u00e9re, el\u0151re jelz\u00e9s\u00e9re \u00e9s megel\u0151z\u00e9s\u00e9re. A k\u00eds\u00e9rletek az in vitro technik\u00e1kon t\u00fal nagy\u00e1llat modelleket \u00e9s hum\u00e1n vizsg\u00e1latokat is alkalmaznak sz\u00e1mos egyetemi csoporttal egy\u00fcttm\u0171k\u00f6dve. A gy\u00f3gyszertani kutat\u00e1sok klinikai transzl\u00e1ci\u00f3j\u00e1t el\u0151seg\u00edtend\u0151 immunaktiv\u00e1ci\u00f3s tesztjeink a gy\u00f3gyszerjel\u00f6lt molekul\u00e1k biztons\u00e1g-farmakologiai vizsg\u00e1lat\u00e1nak regul\u00e1ci\u00f3s hat\u00f3s\u00e1gok \u00e1ltal is aj\u00e1nlott vizsg\u00e1latait k\u00e9pezik.<\/p>\n<h5>Sz\u00f6vet\u00e9p\u00edt\u00e9s \u00e9s regener\u00e1ci\u00f3s medicina<\/h5>\n<p style=\"text-align: left\">Az Int\u00e9zetben <strong>sz\u00f6vet\u00e9p\u00edt\u00e9ssel \u00e9s regener\u00e1ci\u00f3s medicin\u00e1val<\/strong> is foglalkozunk. C\u00e9lunk olyan biomimetikus anyagok l\u00e9trehoz\u00e1sa \u00e9s olyan mechanizmusok azonos\u00edt\u00e1sa, amelyek befoly\u00e1sol\u00e1s\u00e1val hat\u00e9konyan t\u00e1mogathat\u00f3 a legk\u00fcl\u00f6nb\u00f6z\u0151bb csont- \u00e9s l\u00e1gyr\u00e9sz s\u00e9r\u00fcl\u00e9sek, sz\u00f6veti degenerat\u00edv elv\u00e1ltoz\u00e1sok gy\u00f3gyul\u00e1sa. A kutat\u00f3csoport f\u0151 profilja az anyagtudom\u00e1ny, az in vitro \u00e9s in vivo k\u00eds\u00e9rletek kombin\u00e1ci\u00f3ja, amely sor\u00e1n az alkalmazott kutat\u00e1st \u00f6tv\u00f6zz\u00fck a fejleszt\u00e9ssel, amivel el\u0151seg\u00edtj\u00fck, hogy a megszerzett ismeretek a klinikai gyakorlatba is \u00e1tker\u00fclhessenek.<\/p>\n<h5>HCEMM-SE Neurobiol\u00f3giai \u00e9s neurodegenerat\u00edv betegs\u00e9gek kutat\u00f3csoport<\/h5>\n<p style=\"text-align: left\">Az Int\u00e9zet <strong>HCEMM-SE<\/strong> <strong>Neurobiol\u00f3giai \u00e9s neurodegenerat\u00edv betegs\u00e9gek<\/strong> kutat\u00f3csoport c\u00e9lja az \u00f6reged\u00e9s \u00e9s az ahhoz kapcsol\u00f3d\u00f3 gy\u00f3gy\u00edthatatlan idegrendszeri betegs\u00e9gek \u2013 p\u00e9ld\u00e1ul az Alzheimer-, a Parkinson- vagy a Huntington-k\u00f3r \u2013 jobb meg\u00e9rt\u00e9se. A csoport egy \u00faj gy\u00f3gyszertesztel\u00e9si strat\u00e9gia (drug-screening) kifejleszt\u00e9s\u00e9n dolgozik, hum\u00e1n b\u0151rsejtekb\u0151l \u00e1tprogramozott, \u00fagynevezett induk\u00e1lt neuronok r\u00e9v\u00e9n. A b\u0151rsejtekb\u0151l \u00e1tprogramozott neuronok unik\u00e1lisan hordozz\u00e1k a kiindul\u00f3, donorsejtek kori jellemz\u0151it \u2013 \u00fagymond \u201e\u00f6reg\u201d sejtek &#8211; \u00edgy kiv\u00e1l\u00f3an alkalmas az \u00e9letkorral \u00f6ssze-f\u00fcgg\u0151 betegs\u00e9gek tanulm\u00e1nyoz\u00e1s\u00e1ra. (<a href=\"https:\/\/semmelweis.hu\/hcemm-neurobiology\/\">https:\/\/semmelweis.hu\/hcemm-neurobiology\/<\/a>)<\/p>\n","protected":false},"excerpt":{"rendered":"<p>Int\u00e9zet\u00fcnk a transzl\u00e1ci\u00f3s medicina szellem\u00e9ben folytatja kutat\u00e1sait olyan \u00e9lettani \u00e9s k\u00f3r\u00e9lettani jelens\u00e9gek megismer\u00e9s\u00e9t t\u0171zve ki c\u00e9lul, melyek k\u00f6zvetlen kapcsolatba hozhat\u00f3k egyes betegs\u00e9gek kialakul\u00e1s\u00e1val, s\u00falyosbod\u00e1s\u00e1val \u00e9s gy\u00f3gyul\u00e1s\u00e1val. Az ut\u00f3bbi \u00e9vek infrastruktur\u00e1lis fejleszt\u00e9seinek eredm\u00e9nyek\u00e9nt az Int\u00e9zet munkacsoportjaiban rendelkez\u00e9sre \u00e1ll\u00f3 kutat\u00e1si m\u00f3dszerek lehet\u0151v\u00e9 teszik egyes \u00e9lettani folyamatok t\u00f6bbr\u00e9t\u0171 vizsg\u00e1lat\u00e1t: a szubcellul\u00e1ris, valamint sejt-, sz\u00f6vet-szint\u0171 folyamatokt\u00f3l a szerv, vagy &hellip;<\/p>\n","protected":false},"author":158,"featured_media":0,"parent":0,"menu_order":5,"comment_status":"closed","ping_status":"closed","template":"","meta":{"_acf_changed":false,"footnotes":""},"categories":[],"tags":[],"class_list":["post-891","page","type-page","status-publish","hentry"],"acf":[],"_links":{"self":[{"href":"https:\/\/semmelweis.hu\/klinikai-korelettan\/wp-json\/wp\/v2\/pages\/891","targetHints":{"allow":["GET"]}}],"collection":[{"href":"https:\/\/semmelweis.hu\/klinikai-korelettan\/wp-json\/wp\/v2\/pages"}],"about":[{"href":"https:\/\/semmelweis.hu\/klinikai-korelettan\/wp-json\/wp\/v2\/types\/page"}],"author":[{"embeddable":true,"href":"https:\/\/semmelweis.hu\/klinikai-korelettan\/wp-json\/wp\/v2\/users\/158"}],"replies":[{"embeddable":true,"href":"https:\/\/semmelweis.hu\/klinikai-korelettan\/wp-json\/wp\/v2\/comments?post=891"}],"version-history":[{"count":11,"href":"https:\/\/semmelweis.hu\/klinikai-korelettan\/wp-json\/wp\/v2\/pages\/891\/revisions"}],"predecessor-version":[{"id":3583,"href":"https:\/\/semmelweis.hu\/klinikai-korelettan\/wp-json\/wp\/v2\/pages\/891\/revisions\/3583"}],"wp:attachment":[{"href":"https:\/\/semmelweis.hu\/klinikai-korelettan\/wp-json\/wp\/v2\/media?parent=891"}],"wp:term":[{"taxonomy":"category","embeddable":true,"href":"https:\/\/semmelweis.hu\/klinikai-korelettan\/wp-json\/wp\/v2\/categories?post=891"},{"taxonomy":"post_tag","embeddable":true,"href":"https:\/\/semmelweis.hu\/klinikai-korelettan\/wp-json\/wp\/v2\/tags?post=891"}],"curies":[{"name":"wp","href":"https:\/\/api.w.org\/{rel}","templated":true}]}}