{"id":769,"date":"2017-01-27T00:00:00","date_gmt":"2017-01-26T23:00:00","guid":{"rendered":"http:\/\/semmelweis.hu\/humanelettan\/munkacsoportok\/"},"modified":"2026-03-16T13:22:43","modified_gmt":"2026-03-16T12:22:43","slug":"munkacsoportok","status":"publish","type":"page","link":"https:\/\/semmelweis.hu\/klinikai-korelettan\/kutatas\/munkacsoportok\/","title":{"rendered":"Munkacsoportok"},"content":{"rendered":"<p>Molekul\u00e1ris v\u00e9rkering\u00e9s-\u00e9lettani laborat\u00f3rium<\/p>\n<p><a href=\"https:\/\/semmelweis.hu\/telefonkonyv\/?emp_id=675\">Prof. Dr. Beny\u00f3 Zolt\u00e1n<\/a><\/p>\n<p>HUN-REN &#8211; Cerebrovaszkul\u00e1ris \u00e9s Neurokognit\u00edv betegs\u00e9gek kutat\u00f3csoport<\/p>\n<p><a href=\"https:\/\/semmelweis.hu\/telefonkonyv\/?emp_id=675\">Prof. Dr. Beny\u00f3 Zolt\u00e1n<\/a><\/p>\n<p>HCEMM-SE Neurobiol\u00f3giai \u00e9s neurodegenerat\u00edv betegs\u00e9gek kutat\u00f3csoport<\/p>\n<p><a href=\"https:\/\/semmelweis.hu\/telefonkonyv\/?emp_id=19779\">Dr. Pircs Karolina<\/a>\u00a0 (<a href=\"https:\/\/semmelweis.hu\/hcemm-neurobiology\/\">saj\u00e1t honlap itt<\/a>)<\/p>\n<p>Mikrovaszkul\u00e1ris Laborat\u00f3rium<\/p>\n<p><a href=\"https:\/\/semmelweis.hu\/telefonkonyv\/?emp_id=152\">Prof. Dr. Koller \u00c1kos<\/a><\/p>\n<p>NNKKK &#8211; Nemzetk\u00f6zi Nefrol\u00f3giai Kutat\u00f3 \u00e9s K\u00e9pz\u0151 K\u00f6zpont<\/p>\n<p><a href=\"https:\/\/semmelweis.hu\/telefonkonyv\/?emp_id=157\">Prof. Dr. Rosivall L\u00e1szl\u00f3<\/a><\/p>\n<p>Vesefibr\u00f3zis laborat\u00f3rium<\/p>\n<p><a href=\"https:\/\/semmelweis.hu\/telefonkonyv\/?emp_id=5934\">Dr. K\u00f6k\u00e9ny G\u00e1bor<\/a>, <a href=\"https:\/\/semmelweis.hu\/telefonkonyv\/?emp_id=160\">Dr. M\u00f3zes Mikl\u00f3s<\/a><\/p>\n<p>Immun-patofiziol\u00f3giai Csoport<\/p>\n<p><a href=\"https:\/\/semmelweis.hu\/telefonkonyv\/?emp_id=13796\">Prof. Dr. Hamar P\u00e9ter<\/a>\u00a0 (<a href=\"https:\/\/semmelweis.hu\/immun-patofiziologia\/\">saj\u00e1t honlap itt<\/a>)<\/p>\n<p>Sz\u00f6vet\u00e9p\u00edt\u0151 laborat\u00f3rium<\/p>\n<p><a href=\"https:\/\/semmelweis.hu\/telefonkonyv\/?emp_id=6637\">Dr. Horny\u00e1k Istv\u00e1n<\/a> \u00a0<\/p>\n<p>Transzl\u00e1ci\u00f3s Retinakutat\u00e1si Csoport<\/p>\n<p><a href=\"https:\/\/semmelweis.hu\/telefonkonyv\/?emp_id=19763\">Dr. Kov\u00e1cs Kriszti\u00e1n Andr\u00e1s<\/a>\u00a0<a href=\"https:\/\/neovasculostop.eu\/partner\/semmelweis\/\">(Saj\u00e1t honlap itt) <\/a><\/p>\n<p>NKOK &#8211; Nanomedicina Kutat\u00e1si \u00e9s Oktat\u00e1si K\u00f6zpont<\/p>\n<p><a href=\"https:\/\/semmelweis.hu\/telefonkonyv\/?emp_id=5936\">Dr. Szebeni J\u00e1nos<\/a><\/p>\n<p>&nbsp;<\/p>\n<p>&nbsp;<\/p>\n","protected":false},"excerpt":{"rendered":"<p>Molekul\u00e1ris v\u00e9rkering\u00e9s-\u00e9lettani laborat\u00f3rium <a href=\"https:\/\/semmelweis.hu\/telefonkonyv\/?emp_id=675\">Prof. Dr. Beny\u00f3 Zolt\u00e1n<\/a> HUN-REN &#8211; Cerebrovaszkul\u00e1ris \u00e9s Neurokognit\u00edv betegs\u00e9gek kutat\u00f3csoport <a href=\"https:\/\/semmelweis.hu\/telefonkonyv\/?emp_id=675\">Prof. Dr. Beny\u00f3 Zolt\u00e1n<\/a> HCEMM-SE Neurobiol\u00f3giai \u00e9s neurodegenerat\u00edv betegs\u00e9gek kutat\u00f3csoport <a href=\"https:\/\/semmelweis.hu\/telefonkonyv\/?emp_id=19779\">Dr. Pircs Karolina<\/a> \u00a0 ( <a href=\"https:\/\/semmelweis.hu\/hcemm-neurobiology\/\">saj\u00e1t honlap itt<\/a> ) Mikrovaszkul\u00e1ris Laborat\u00f3rium <a href=\"https:\/\/semmelweis.hu\/telefonkonyv\/?emp_id=152\">Prof. Dr. Koller \u00c1kos<\/a> NNKKK &#8211; Nemzetk\u00f6zi Nefrol\u00f3giai Kutat\u00f3 \u00e9s K\u00e9pz\u0151 K\u00f6zpont <a href=\"https:\/\/semmelweis.hu\/telefonkonyv\/?emp_id=157\">Prof. Dr. Rosivall L\u00e1szl\u00f3<\/a> Vesefibr\u00f3zis laborat\u00f3rium <a href=\"https:\/\/semmelweis.hu\/telefonkonyv\/?emp_id=5934\">Dr. K\u00f6k\u00e9ny G\u00e1bor<\/a> , <a href=\"https:\/\/semmelweis.hu\/telefonkonyv\/?emp_id=160\">Dr. M\u00f3zes Mikl\u00f3s<\/a> Immun-patofiziol\u00f3giai Csoport <a href=\"https:\/\/semmelweis.hu\/telefonkonyv\/?emp_id=13796\">Prof. Dr. Hamar P\u00e9ter<\/a> \u00a0 ( <a href=\"https:\/\/semmelweis.hu\/immun-patofiziologia\/\">saj\u00e1t honlap itt<\/a> ) Sz\u00f6vet\u00e9p\u00edt\u0151 laborat\u00f3rium <a href=\"https:\/\/semmelweis.hu\/telefonkonyv\/?emp_id=6637\">Dr. Horny\u00e1k Istv\u00e1n<\/a> \u00a0 Transzl\u00e1ci\u00f3s Retinakutat\u00e1si Csoport <a href=\"https:\/\/semmelweis.hu\/telefonkonyv\/?emp_id=19763\">Dr. Kov\u00e1cs Kriszti\u00e1n Andr\u00e1s<\/a> \u00a0 <a href=\"https:\/\/neovasculostop.eu\/partner\/semmelweis\/\">(Saj\u00e1t honlap itt) <\/a> NKOK &#8211; Nanomedicina Kutat\u00e1si \u00e9s Oktat\u00e1si K\u00f6zpont <a href=\"https:\/\/semmelweis.hu\/telefonkonyv\/?emp_id=5936\">Dr. Szebeni J\u00e1nos<\/a> &nbsp; &hellip;<\/p>\n","protected":false},"author":158,"featured_media":0,"parent":891,"menu_order":1,"comment_status":"closed","ping_status":"closed","template":"","meta":{"_acf_changed":false,"footnotes":""},"categories":[],"tags":[],"class_list":["post-769","page","type-page","status-publish","hentry"],"acf":[],"_links":{"self":[{"href":"https:\/\/semmelweis.hu\/klinikai-korelettan\/wp-json\/wp\/v2\/pages\/769","targetHints":{"allow":["GET"]}}],"collection":[{"href":"https:\/\/semmelweis.hu\/klinikai-korelettan\/wp-json\/wp\/v2\/pages"}],"about":[{"href":"https:\/\/semmelweis.hu\/klinikai-korelettan\/wp-json\/wp\/v2\/types\/page"}],"author":[{"embeddable":true,"href":"https:\/\/semmelweis.hu\/klinikai-korelettan\/wp-json\/wp\/v2\/users\/158"}],"replies":[{"embeddable":true,"href":"https:\/\/semmelweis.hu\/klinikai-korelettan\/wp-json\/wp\/v2\/comments?post=769"}],"version-history":[{"count":13,"href":"https:\/\/semmelweis.hu\/klinikai-korelettan\/wp-json\/wp\/v2\/pages\/769\/revisions"}],"predecessor-version":[{"id":3811,"href":"https:\/\/semmelweis.hu\/klinikai-korelettan\/wp-json\/wp\/v2\/pages\/769\/revisions\/3811"}],"up":[{"embeddable":true,"href":"https:\/\/semmelweis.hu\/klinikai-korelettan\/wp-json\/wp\/v2\/pages\/891"}],"wp:attachment":[{"href":"https:\/\/semmelweis.hu\/klinikai-korelettan\/wp-json\/wp\/v2\/media?parent=769"}],"wp:term":[{"taxonomy":"category","embeddable":true,"href":"https:\/\/semmelweis.hu\/klinikai-korelettan\/wp-json\/wp\/v2\/categories?post=769"},{"taxonomy":"post_tag","embeddable":true,"href":"https:\/\/semmelweis.hu\/klinikai-korelettan\/wp-json\/wp\/v2\/tags?post=769"}],"curies":[{"name":"wp","href":"https:\/\/api.w.org\/{rel}","templated":true}]}}