{"id":2545,"date":"2021-03-31T10:50:26","date_gmt":"2021-03-31T08:50:26","guid":{"rendered":"https:\/\/semmelweis.hu\/transzlacios-medicina\/?page_id=2545"},"modified":"2025-04-09T14:16:47","modified_gmt":"2025-04-09T12:16:47","slug":"omhv-adatok-ertekelese","status":"publish","type":"page","link":"https:\/\/semmelweis.hu\/klinikai-korelettan\/oktatas\/omhv-adatok-ertekelese\/","title":{"rendered":"OMHV adatok \u00e9rt\u00e9kel\u00e9se, int\u00e9zked\u00e9si terv"},"content":{"rendered":"<p>Az OMHV adatok \u00e9rt\u00e9kel\u00e9se megtal\u00e1lhat\u00f3 a <a href=\"https:\/\/itc.semmelweis.hu\/moodle\">Moodle<\/a> e-learning rendszer\u00e9ben.<\/p>\n<p><span data-olk-copy-source=\"MessageBody\">Int\u00e9zked\u00e9si terv\/Action plan\/Aktionsplan<\/span><\/p>\n<p><a href=\"https:\/\/semmelweis.hu\/klinikai-korelettan\/files\/2025\/04\/Intezkedesi-terv_AOKTLM740_1M.pdf\"><span data-olk-copy-source=\"MessageBody\">Transzl\u00e1ci\u00f3s medicina \u00e9s k\u00f3r\u00e9lettan I._AOKTLM740_1M_2024\/2025. tan\u00e9v I. f\u00e9l\u00e9v &#8211; 2025<\/span><\/a><\/p>\n<p><a href=\"https:\/\/semmelweis.hu\/klinikai-korelettan\/files\/2025\/04\/action-plan_AOKTLM740_1A.pdf\"><span data-olk-copy-source=\"MessageBody\">Translational Medicine and Pathophysiology I._AOKTLM740_1A_ 2024\/2025 academic year 1st semester<\/span>\u00a0&#8211; 2025<\/a><\/p>\n<p><a href=\"https:\/\/semmelweis.hu\/klinikai-korelettan\/files\/2025\/04\/Aktionsplan_AOKTLM740_1N.pdf\"><span data-olk-copy-source=\"MessageBody\">Translationale Medizin und Pathophysiologie I._AOKTLM740_1N_2024\/2025. Studienjahr 1. Semester<\/span>\u00a0&#8211; 2025<\/a><\/p>\n<pre id=\"tw-target-text\" class=\"tw-data-text tw-text-large tw-ta\" dir=\"ltr\" data-placeholder=\"Ford\u00edt\u00e1s\" data-ved=\"2ahUKEwiyrPL1j8aMAxWbHhAIHfFqMaYQ3ewLegQICBAV\" aria-label=\"Leford\u00edtott sz\u00f6veg: Deutsch\">\u00a0<\/pre>\n<p>&nbsp;<\/p>\n","protected":false},"excerpt":{"rendered":"<p>Az OMHV adatok \u00e9rt\u00e9kel\u00e9se megtal\u00e1lhat\u00f3 a <a href=\"https:\/\/itc.semmelweis.hu\/moodle\">Moodle<\/a> e-learning rendszer\u00e9ben.<br \/>\nInt\u00e9zked\u00e9si terv\/Action plan\/Aktionsplan<br \/>\n<a href=\"https:\/\/semmelweis.hu\/klinikai-korelettan\/files\/2025\/04\/Intezkedesi-terv_AOKTLM740_1M.pdf\">Transzl\u00e1ci\u00f3s medicina \u00e9s k\u00f3r\u00e9lettan I._AOKTLM740_1M_2024\/2025. tan\u00e9v I. f\u00e9l\u00e9v &#8211; 2025<\/a><br \/>\n<a href=\"https:\/\/semmelweis.hu\/klinikai-korelettan\/files\/2025\/04\/action-plan_AOKTLM740_1A.pdf\">Translational Medicine and Pathophysiology I._AOKTLM740_1A_ 2024\/2025 academic year 1st semester\u00a0&#8211; 2025<\/a><br \/>\n<a href=\"https:\/\/semmelweis.hu\/klinikai-korelettan\/files\/2025\/04\/Aktionsplan_AOKTLM740_1N.pdf\">Translationale Medizin und Pathophysiologie I._AOKTLM740_1N_2024\/2025. Studienjahr 1. Semester\u00a0&#8211; 2025<\/a><br \/>\n\u00a0<br \/>\n&nbsp;<\/p>\n","protected":false},"author":282,"featured_media":0,"parent":808,"menu_order":16,"comment_status":"closed","ping_status":"closed","template":"","meta":{"_acf_changed":false,"footnotes":""},"categories":[],"tags":[],"class_list":["post-2545","page","type-page","status-publish","hentry"],"acf":[],"_links":{"self":[{"href":"https:\/\/semmelweis.hu\/klinikai-korelettan\/wp-json\/wp\/v2\/pages\/2545","targetHints":{"allow":["GET"]}}],"collection":[{"href":"https:\/\/semmelweis.hu\/klinikai-korelettan\/wp-json\/wp\/v2\/pages"}],"about":[{"href":"https:\/\/semmelweis.hu\/klinikai-korelettan\/wp-json\/wp\/v2\/types\/page"}],"author":[{"embeddable":true,"href":"https:\/\/semmelweis.hu\/klinikai-korelettan\/wp-json\/wp\/v2\/users\/282"}],"replies":[{"embeddable":true,"href":"https:\/\/semmelweis.hu\/klinikai-korelettan\/wp-json\/wp\/v2\/comments?post=2545"}],"version-history":[{"count":10,"href":"https:\/\/semmelweis.hu\/klinikai-korelettan\/wp-json\/wp\/v2\/pages\/2545\/revisions"}],"predecessor-version":[{"id":3662,"href":"https:\/\/semmelweis.hu\/klinikai-korelettan\/wp-json\/wp\/v2\/pages\/2545\/revisions\/3662"}],"up":[{"embeddable":true,"href":"https:\/\/semmelweis.hu\/klinikai-korelettan\/wp-json\/wp\/v2\/pages\/808"}],"wp:attachment":[{"href":"https:\/\/semmelweis.hu\/klinikai-korelettan\/wp-json\/wp\/v2\/media?parent=2545"}],"wp:term":[{"taxonomy":"category","embeddable":true,"href":"https:\/\/semmelweis.hu\/klinikai-korelettan\/wp-json\/wp\/v2\/categories?post=2545"},{"taxonomy":"post_tag","embeddable":true,"href":"https:\/\/semmelweis.hu\/klinikai-korelettan\/wp-json\/wp\/v2\/tags?post=2545"}],"curies":[{"name":"wp","href":"https:\/\/api.w.org\/{rel}","templated":true}]}}