{"id":61,"date":"2025-11-13T09:01:59","date_gmt":"2025-11-13T08:01:59","guid":{"rendered":"https:\/\/semmelweis.hu\/klasz\/?page_id=61"},"modified":"2025-11-14T09:12:57","modified_gmt":"2025-11-14T08:12:57","slug":"kutatasok","status":"publish","type":"page","link":"https:\/\/semmelweis.hu\/klasz\/kutatasok\/","title":{"rendered":"Kutat\u00e1sok"},"content":{"rendered":"<h2>\u00d6n\u00e1ll\u00f3 kutat\u00e1si projektjeink<\/h2>\n<ul>\n<li style=\"text-align: justify;\">\n<p>Megfigyel\u00e9ses Eg\u00e9szs\u00e9g\u00fcgyi Adattudom\u00e1ny \u00e9s Informatika: Val\u00f3s \u00e9letbeli adatok bizony\u00edt\u00e9k-h\u00e1l\u00f3zat\u00e1nak jellemz\u00e9se (ETT tukeb \u00fcgyiratsz\u00e1m: BM\/27874-1\/2024)<\/p>\n<\/li>\n<li style=\"text-align: justify;\">\n<p>Feder\u00e1lt virtu\u00e1lis ikrek a 2-es t\u00edpus\u00fa diabetes kezel\u00e9se kimenetel\u00e9nek az adatv\u00e9delem biztos\u00edt\u00e1sa melletti szem\u00e9lyre szabott el\u0151rejelz\u00e9s\u00e9re (dAIbetes) (ETT tukeb \u00fcgyiratsz\u00e1m:BM\/22972-1\/2024)<\/p>\n<\/li>\n<li style=\"text-align: justify;\">\n<p>Gy\u00f3gyszerhi\u00e1nyk\u00e9nt jelentett \u00e9s alternat\u00edvk\u00e9nt aj\u00e1nlott k\u00e9sz\u00edtm\u00e9nyek incidenci\u00e1ja, prevalenci\u00e1ja \u00e9s jellemz\u0151i Eur\u00f3p\u00e1ban (ETT tukeb \u00fcgyiratsz\u00e1m:BM\/14889-1\/2024)<\/p>\n<\/li>\n<li style=\"text-align: justify;\">\n<p>DARWIN EU\u00ae &#8211; az emberi felhaszn\u00e1l\u00e1sra sz\u00e1nt gy\u00f3gyszerek, k\u00f6zt\u00fck a vakcin\u00e1k haszn\u00e1lata, biztons\u00e1goss\u00e1ga \u00e9s hat\u00e9konys\u00e1ga eg\u00e9szs\u00e9g\u00fcgyi adatb\u00e1zisok realworld retrospekt\u00edv adatai alapj\u00e1n az Eur\u00f3pai Uni\u00f3ban: Receptk\u00f6teles opioidok gy\u00f3gyszerfelhaszn\u00e1l\u00e1si vizsg\u00e1lat (NNGYK\/31253-1\/2025 \u00fcgysz\u00e1m\u00fa hat\u00e1rozat)<\/p>\n<\/li>\n<li style=\"text-align: justify;\">\n<p>DARWIN EU\u00ae &#8211; a WHO AWaRe klasszifik\u00e1ci\u00f3ja szerinti \u201eReserve\u201d kateg\u00f3ri\u00e1j\u00fa antibiotikumok haszn\u00e1lat\u00e1nak vizsg\u00e1lata (NNGYK\/32018-1\/2025 \u00fcgysz\u00e1m\u00fa hat\u00e1rozat)<\/p>\n<\/li>\n<\/ul>\n","protected":false},"excerpt":{"rendered":"<p>\u00d6n\u00e1ll\u00f3 kutat\u00e1si projektjeink Megfigyel\u00e9ses Eg\u00e9szs\u00e9g\u00fcgyi Adattudom\u00e1ny \u00e9s Informatika: Val\u00f3s \u00e9letbeli adatok bizony\u00edt\u00e9k-h\u00e1l\u00f3zat\u00e1nak jellemz\u00e9se (ETT tukeb \u00fcgyiratsz\u00e1m: BM\/27874-1\/2024) Feder\u00e1lt virtu\u00e1lis ikrek a 2-es t\u00edpus\u00fa diabetes kezel\u00e9se kimenetel\u00e9nek az adatv\u00e9delem biztos\u00edt\u00e1sa melletti szem\u00e9lyre szabott el\u0151rejelz\u00e9s\u00e9re (dAIbetes) (ETT tukeb \u00fcgyiratsz\u00e1m:BM\/22972-1\/2024) Gy\u00f3gyszerhi\u00e1nyk\u00e9nt jelentett \u00e9s alternat\u00edvk\u00e9nt aj\u00e1nlott k\u00e9sz\u00edtm\u00e9nyek incidenci\u00e1ja, prevalenci\u00e1ja \u00e9s jellemz\u0151i Eur\u00f3p\u00e1ban (ETT tukeb \u00fcgyiratsz\u00e1m:BM\/14889-1\/2024) DARWIN EU\u00ae &#8211; az &hellip;<\/p>\n","protected":false},"author":102522,"featured_media":0,"parent":0,"menu_order":2,"comment_status":"closed","ping_status":"closed","template":"","meta":{"_acf_changed":false,"footnotes":""},"categories":[3],"tags":[],"class_list":["post-61","page","type-page","status-publish","hentry","category-csempe"],"acf":[],"_links":{"self":[{"href":"https:\/\/semmelweis.hu\/klasz\/wp-json\/wp\/v2\/pages\/61","targetHints":{"allow":["GET"]}}],"collection":[{"href":"https:\/\/semmelweis.hu\/klasz\/wp-json\/wp\/v2\/pages"}],"about":[{"href":"https:\/\/semmelweis.hu\/klasz\/wp-json\/wp\/v2\/types\/page"}],"author":[{"embeddable":true,"href":"https:\/\/semmelweis.hu\/klasz\/wp-json\/wp\/v2\/users\/102522"}],"replies":[{"embeddable":true,"href":"https:\/\/semmelweis.hu\/klasz\/wp-json\/wp\/v2\/comments?post=61"}],"version-history":[{"count":6,"href":"https:\/\/semmelweis.hu\/klasz\/wp-json\/wp\/v2\/pages\/61\/revisions"}],"predecessor-version":[{"id":150,"href":"https:\/\/semmelweis.hu\/klasz\/wp-json\/wp\/v2\/pages\/61\/revisions\/150"}],"wp:attachment":[{"href":"https:\/\/semmelweis.hu\/klasz\/wp-json\/wp\/v2\/media?parent=61"}],"wp:term":[{"taxonomy":"category","embeddable":true,"href":"https:\/\/semmelweis.hu\/klasz\/wp-json\/wp\/v2\/categories?post=61"},{"taxonomy":"post_tag","embeddable":true,"href":"https:\/\/semmelweis.hu\/klasz\/wp-json\/wp\/v2\/tags?post=61"}],"curies":[{"name":"wp","href":"https:\/\/api.w.org\/{rel}","templated":true}]}}