{"id":75,"date":"2015-12-28T00:00:00","date_gmt":"2015-12-27T23:00:00","guid":{"rendered":"http:\/\/semmelweis.hu\/kiserletimuto\/posztgradualis-kepzes\/"},"modified":"2023-04-13T10:40:07","modified_gmt":"2023-04-13T08:40:07","slug":"phd-kepzes","status":"publish","type":"page","link":"https:\/\/semmelweis.hu\/kiserletimuto\/phd-kepzes\/","title":{"rendered":"PhD k\u00e9pz\u00e9s"},"content":{"rendered":"<p><strong>2008-t\u00f3l a Semmelweis Egyetem Doktori Iskola keretin bel\u00fcl h\u00e1rom t\u00e9m\u00e1ban lehet a munkacsoporthoz kapcsol\u00f3dni:<\/strong><\/p>\n<ol>\n<li>Klinikai orvostudom\u00e1nyok Tudom\u00e1ny\u00e1gi Doktori Iskola &#8211; Gasztroenterol\u00f3gia &#8211; Mikrocirkul\u00e1ci\u00f3s \u00e9s molekul\u00e1ris v\u00e1ltoz\u00e1sok vizsg\u00e1lata seb\u00e9szeti megbeteged\u00e9sekben<\/li>\n<li>Klinikai orvostudom\u00e1nyok Tudom\u00e1ny\u00e1gi Doktori Iskola &#8211; Klinikai \u00e9s k\u00eds\u00e9rletes angiol\u00f3giai kutat\u00e1sok &#8211; K\u00eds\u00e9rletes \u00e9rseb\u00e9szet &#8211; klinikai alkalmaz\u00e1sok.<\/li>\n<li>Klinikai orvostudom\u00e1nyok Tudom\u00e1ny\u00e1gi Doktori Iskola &#8211; Epe\u00fati megbeteged\u00e9sek seb\u00e9szete<\/li>\n<\/ol>\n<div id=\"aloldal_text\">\n<div class=\"text\">\n<div class=\"keretes w-100\">\n<p>A PhD k\u00e9pz\u00e9s menet\u00e9r\u0151l b\u0151vebb t\u00e1j\u00e9koztat\u00e1s el\u00e9rhet\u0151 a <a href=\"https:\/\/semmelweis.hu\/phd\/\" target=\"_blank\" rel=\"noopener\">Doktori Iskola honlapj\u00e1n<\/a>.<br \/>\nPhD k\u00e9pz\u00e9seinkkel kapcsolatban \u00e9rdekl\u0151dni \u00e9s jelentkezni a <a href=\"mailto:steg@semmelweis-univ.hu\">steg@semmelweis-univ.hu<\/a> email c\u00edmen lehets\u00e9ges.<\/p>\n<\/div>\n<h4><strong>A labor posztgradu\u00e1lis k\u00e9pz\u00e9s\u00e9nek eredm\u00e9nyei:<\/strong><\/h4>\n<ul>\n<li><strong>11 v\u00e9gzett PhD doktor<\/strong>:\n<ul>\n<li>Dr. Gyurkovics Endre: &#8222;Als\u00f3 v\u00e9gtagi ischaemi\u00e1s-reperf\u00fazi\u00f3s k\u00e1rosod\u00e1sok \u00e9s sziszt\u00e9m\u00e1s sz\u00f6v\u0151dm\u00e9nyeinek vizsg\u00e1lata, megel\u0151z\u00e9se postcondition\u00e1l\u00e1ssal&#8221;<\/li>\n<li>Dr. Stangl Rita: &#8222;Perioperat\u00edv farmakol\u00f3giai kezel\u00e9sek szerepe a m\u00e1j iszk\u00e9mi\u00e1s-reperf\u00fazi\u00f3s k\u00e1rosod\u00e1s\u00e1nak m\u00e9rs\u00e9kl\u00e9s\u00e9ben&#8221;<\/li>\n<li>Dr. Hunaid Vohra: &#8222;Remote organ injury after coronary artery bypass grafting&#8221;<\/li>\n<li>Dr. Garbaisz D\u00e1vid: &#8222;Akut als\u00f3 v\u00e9gtagi art\u00e9ri\u00e1s kering\u00e9szavarok sz\u00f6v\u0151dm\u00e9nyeinek megel\u0151z\u00e9se farmakol\u00f3giai \u00e9s seb\u00e9sztechnikai kondicion\u00e1l\u00e1si elj\u00e1r\u00e1sokkal&#8221;<\/li>\n<li>Dr. Rosero Oliv\u00e9r: &#8222;A postcondicion\u00e1l\u00e1s szerepe a v\u00e9konyb\u00e9l ischaemi\u00e1s-reperf\u00fazi\u00f3s k\u00e1rosod\u00e1s\u00e1nak modul\u00e1l\u00e1s\u00e1ban&#8221;<\/li>\n<li>Dr. Tur\u00f3czi Zsolt: &#8222;Iszk\u00e9mia tolerancia vizsg\u00e1lata akut als\u00f3 v\u00e9gtagi ver\u0151\u00e9r-elz\u00e1r\u00f3d\u00e1sok kapcs\u00e1n&#8221;<\/li>\n<li>Dr. F\u00fcl\u00f6p Andr\u00e1s: &#8222;A vena portae okkl\u00fazi\u00f3 induk\u00e1lta m\u00e1jregener\u00e1ci\u00f3t jellemz\u0151 morfol\u00f3giai \u00e9s funkcion\u00e1lis v\u00e1ltoz\u00e1sok vizsg\u00e1lata&#8221;<\/li>\n<li>Dr. Czig\u00e1ny Zolt\u00e1n: &#8222;Investigating the hepatoprotective effects of limb remote ischemic perconditioning&#8221;<\/li>\n<li>Dr. Ar\u00e1nyi P\u00e9ter: &#8222;Vesesz\u00f6v\u0151dm\u00e9nyek \u00e9s a megel\u0151z\u00e9s lehet\u0151s\u00e9gei als\u00f3 v\u00e9gtagi rekonstrukci\u00f3s \u00e9rseb\u00e9szeti beavatkoz\u00e1sok modellj\u00e9ben &#8211; ATP-f\u00fcgg\u0151 k\u00e1lium csatorn\u00e1kon hat\u00f3 kond\u00edcion\u00e1l\u00e1si elj\u00e1r\u00e1sok&#8221;<\/li>\n<li>Dr. Kov\u00e1cs Tibor: &#8222;A m\u00e1j funkci\u00f3j\u00e1nak vizsg\u00e1lata vena portae elz\u00e1r\u00e1ssal kiv\u00e1ltott m\u00e1jregener\u00e1ci\u00f3 sor\u00e1n&#8221;<\/li>\n<li>Dr. Budai Andr\u00e1s: &#8222;Morfol\u00f3giai \u00e9s funkcion\u00e1lis v\u00e1ltoz\u00e1sok akceler\u00e1lt m\u00e1jregener\u00e1ci\u00f3 sor\u00e1n&#8221;<\/li>\n<\/ul>\n<\/li>\n<li><strong>3 fokozatszerz\u00e9s el\u0151tt \u00e1ll\u00f3 hallgat\u00f3<\/strong>\n<ul>\n<li>Dr. \u00d3nody P\u00e9ter<\/li>\n<li>Dr. Tihanyi D\u00f3ra<\/li>\n<li>Dr. Daradics No\u00e9mi<\/li>\n<\/ul>\n<\/li>\n<li><strong>2 akt\u00edv doktorandusz hallgat\u00f3<\/strong>\n<ul>\n<li><em>1 \u00f6szt\u00f6nd\u00edjas:<\/em>\n<ul>\n<li>Dr. L\u00e9vay Kl\u00e1ra<\/li>\n<\/ul>\n<\/li>\n<li><em>1 levelez\u0151:<\/em>\n<ul>\n<li>Dr.\u00a0P\u00e1lh\u00e1zy T\u00edmea<\/li>\n<\/ul>\n<\/li>\n<\/ul>\n<\/li>\n<\/ul>\n<\/div>\n<\/div>\n","protected":false},"excerpt":{"rendered":"<p>2008-t\u00f3l a Semmelweis Egyetem Doktori Iskola keretin bel\u00fcl h\u00e1rom t\u00e9m\u00e1ban lehet a munkacsoporthoz kapcsol\u00f3dni: Klinikai orvostudom\u00e1nyok Tudom\u00e1ny\u00e1gi Doktori Iskola &#8211; Gasztroenterol\u00f3gia &#8211; Mikrocirkul\u00e1ci\u00f3s \u00e9s molekul\u00e1ris v\u00e1ltoz\u00e1sok vizsg\u00e1lata seb\u00e9szeti megbeteged\u00e9sekben Klinikai orvostudom\u00e1nyok Tudom\u00e1ny\u00e1gi Doktori Iskola &#8211; Klinikai \u00e9s k\u00eds\u00e9rletes angiol\u00f3giai kutat\u00e1sok &#8211; K\u00eds\u00e9rletes \u00e9rseb\u00e9szet &#8211; klinikai alkalmaz\u00e1sok. Klinikai orvostudom\u00e1nyok Tudom\u00e1ny\u00e1gi Doktori Iskola &#8211; Epe\u00fati megbeteged\u00e9sek seb\u00e9szete &hellip;<\/p>\n","protected":false},"author":158,"featured_media":0,"parent":0,"menu_order":4,"comment_status":"closed","ping_status":"closed","template":"","meta":{"_acf_changed":false,"footnotes":""},"categories":[],"tags":[],"class_list":["post-75","page","type-page","status-publish","hentry"],"acf":[],"_links":{"self":[{"href":"https:\/\/semmelweis.hu\/kiserletimuto\/wp-json\/wp\/v2\/pages\/75","targetHints":{"allow":["GET"]}}],"collection":[{"href":"https:\/\/semmelweis.hu\/kiserletimuto\/wp-json\/wp\/v2\/pages"}],"about":[{"href":"https:\/\/semmelweis.hu\/kiserletimuto\/wp-json\/wp\/v2\/types\/page"}],"author":[{"embeddable":true,"href":"https:\/\/semmelweis.hu\/kiserletimuto\/wp-json\/wp\/v2\/users\/158"}],"replies":[{"embeddable":true,"href":"https:\/\/semmelweis.hu\/kiserletimuto\/wp-json\/wp\/v2\/comments?post=75"}],"version-history":[{"count":11,"href":"https:\/\/semmelweis.hu\/kiserletimuto\/wp-json\/wp\/v2\/pages\/75\/revisions"}],"predecessor-version":[{"id":1698,"href":"https:\/\/semmelweis.hu\/kiserletimuto\/wp-json\/wp\/v2\/pages\/75\/revisions\/1698"}],"wp:attachment":[{"href":"https:\/\/semmelweis.hu\/kiserletimuto\/wp-json\/wp\/v2\/media?parent=75"}],"wp:term":[{"taxonomy":"category","embeddable":true,"href":"https:\/\/semmelweis.hu\/kiserletimuto\/wp-json\/wp\/v2\/categories?post=75"},{"taxonomy":"post_tag","embeddable":true,"href":"https:\/\/semmelweis.hu\/kiserletimuto\/wp-json\/wp\/v2\/tags?post=75"}],"curies":[{"name":"wp","href":"https:\/\/api.w.org\/{rel}","templated":true}]}}

PhD képzés

<p><strong>2008-tól a Semmelweis Egyetem Doktori Iskola keretin belül három témában lehet a munkacsoporthoz kapcsolódni:</strong></p>
<ol>
<li>Klinikai orvostudományok Tudományági Doktori Iskola &#8211; Gasztroenterológia &#8211; Mikrocirkulációs és molekuláris változások vizsgálata sebészeti megbetegedésekben</li>
<li>Klinikai orvostudományok Tudományági Doktori Iskola &#8211; Klinikai és kísérletes angiológiai kutatások &#8211; Kísérletes érsebészet &#8211; klinikai alkalmazások.</li>
<li>Klinikai orvostudományok Tudományági Doktori Iskola &#8211; Epeúti megbetegedések sebészete</li>
</ol>
<div id="aloldal_text">
<div class="text">
<div class="keretes w-100">
<p>A PhD képzés menetéről bővebb tájékoztatás elérhető a <a href="https://semmelweis.hu/phd/" target="_blank" rel="noopener">Doktori Iskola honlapján</a>.<br />
PhD képzéseinkkel kapcsolatban érdeklődni és jelentkezni a <a href="mailto:steg@semmelweis-univ.hu">steg@semmelweis-univ.hu</a> email címen lehetséges.</p>
</div>
<h4><strong>A labor posztgraduális képzésének eredményei:</strong></h4>
<ul>
<li><strong>11 végzett PhD doktor</strong>:
<ul>
<li>Dr. Gyurkovics Endre: &#8222;Alsó végtagi ischaemiás-reperfúziós károsodások és szisztémás szövődményeinek vizsgálata, megelőzése postconditionálással&#8221;</li>
<li>Dr. Stangl Rita: &#8222;Perioperatív farmakológiai kezelések szerepe a máj iszkémiás-reperfúziós károsodásának mérséklésében&#8221;</li>
<li>Dr. Hunaid Vohra: &#8222;Remote organ injury after coronary artery bypass grafting&#8221;</li>
<li>Dr. Garbaisz Dávid: &#8222;Akut alsó végtagi artériás keringészavarok szövődményeinek megelőzése farmakológiai és sebésztechnikai kondicionálási eljárásokkal&#8221;</li>
<li>Dr. Rosero Olivér: &#8222;A postcondicionálás szerepe a vékonybél ischaemiás-reperfúziós károsodásának modulálásában&#8221;</li>
<li>Dr. Turóczi Zsolt: &#8222;Iszkémia tolerancia vizsgálata akut alsó végtagi verőér-elzáródások kapcsán&#8221;</li>
<li>Dr. Fülöp András: &#8222;A vena portae okklúzió indukálta májregenerációt jellemző morfológiai és funkcionális változások vizsgálata&#8221;</li>
<li>Dr. Czigány Zoltán: &#8222;Investigating the hepatoprotective effects of limb remote ischemic perconditioning&#8221;</li>
<li>Dr. Arányi Péter: &#8222;Veseszövődmények és a megelőzés lehetőségei alsó végtagi rekonstrukciós érsebészeti beavatkozások modelljében &#8211; ATP-függő kálium csatornákon ható kondícionálási eljárások&#8221;</li>
<li>Dr. Kovács Tibor: &#8222;A máj funkciójának vizsgálata vena portae elzárással kiváltott májregeneráció során&#8221;</li>
<li>Dr. Budai András: &#8222;Morfológiai és funkcionális változások akcelerált májregeneráció során&#8221;</li>
</ul>
</li>
<li><strong>3 fokozatszerzés előtt álló hallgató</strong>
<ul>
<li>Dr. Ónody Péter</li>
<li>Dr. Tihanyi Dóra</li>
<li>Dr. Daradics Noémi</li>
</ul>
</li>
<li><strong>2 aktív doktorandusz hallgató</strong>
<ul>
<li><em>1 ösztöndíjas:</em>
<ul>
<li>Dr. Lévay Klára</li>
</ul>
</li>
<li><em>1 levelező:</em>
<ul>
<li>Dr. Pálházy Tímea</li>
</ul>
</li>
</ul>
</li>
</ul>
</div>
</div>

<p>2008-tól a Semmelweis Egyetem Doktori Iskola keretin belül három témában lehet a munkacsoporthoz kapcsolódni: Klinikai orvostudományok Tudományági Doktori Iskola &#8211; Gasztroenterológia &#8211; Mikrocirkulációs és molekuláris változások vizsgálata sebészeti megbetegedésekben Klinikai orvostudományok Tudományági Doktori Iskola &#8211; Klinikai és kísérletes angiológiai kutatások &#8211; Kísérletes érsebészet &#8211; klinikai alkalmazások. Klinikai orvostudományok Tudományági Doktori Iskola &#8211; Epeúti megbetegedések sebészete &hellip;</p>
