{"id":19,"date":"2015-12-28T00:00:00","date_gmt":"2015-12-27T23:00:00","guid":{"rendered":"http:\/\/semmelweis.hu\/kiserletimuto\/esszencialis-zsirsavak-szerepe-majregeneracio-soran\/"},"modified":"2023-04-13T10:44:31","modified_gmt":"2023-04-13T08:44:31","slug":"esszencialis-zsirsavak-szerepe-majregeneracio-soran","status":"publish","type":"page","link":"https:\/\/semmelweis.hu\/kiserletimuto\/kutatasi-profilok\/korabbi-kutatasi-profilok\/esszencialis-zsirsavak-szerepe-majregeneracio-soran\/","title":{"rendered":"Esszenci\u00e1lis zs\u00edrsavak szerepe m\u00e1jregener\u00e1ci\u00f3 sor\u00e1n"},"content":{"rendered":"<div id=\"aloldal_text\"><span class=\"cim_felett\"><strong>Az &#8222;omega-3 team&#8221;<\/strong><\/span><\/p>\n<div class=\"text\">\n<p><strong>Az esszenci\u00e1lis zs\u00edrsavak \u00e9s a m\u00e1j regener\u00e1ci\u00f3ra val\u00f3 hajlam\u00e1nak \u00f6sszef\u00fcgg\u00e9sei port\u00e1lis v\u00e9na ligat\u00far\u00e1t k\u00f6vet\u0151en patk\u00e1nymodellben<br \/>\n<\/strong><\/p>\n<p>2013-ban alakult kutat\u00f3csoportunk az omega-3 \u00e9s omega-6 zs\u00edrsavak m\u00e1jm\u0171k\u00f6d\u00e9sre gyakorolt hat\u00e1sainak vizsg\u00e1lat\u00e1val foglalkozik, k\u00fcl\u00f6n\u00f6s tekintettel a szerv micro- \u00e9s macrosteatoticus \u00e1talakul\u00e1sait k\u00f6vet\u0151 regener\u00e1ci\u00f3s hajlam\u00e1ra. Az omega-3 \u00e9s omega-6 zs\u00edrsavak olyan t\u00f6bbsz\u00f6r\u00f6sen tel\u00edtetlen hossz\u00fa sz\u00e9nl\u00e1nc\u00fa zs\u00edrsavak, melyek az eml\u0151s szervezet sz\u00e1m\u00e1ra esszenci\u00e1lisak, teh\u00e1t nem szintetiz\u00e1l\u00f3dnak a sz\u00fcks\u00e9ges mennyis\u00e9gben, bevitel\u00fck k\u00fcls\u0151 forr\u00e1sb\u00f3l biztos\u00edtand\u00f3. Sz\u00e1mos, a szakirodalomban megjelent k\u00f6zlem\u00e9ny sz\u00e1mol be az omega-3 zs\u00edrsavak j\u00f3t\u00e9kony, bizonyos esetekben profilaktikus hat\u00e1sair\u00f3l, a megfelel\u0151 omega-3:omega-6 zs\u00edrsav ar\u00e1ny fontoss\u00e1g\u00e1r\u00f3l, illetve ezen zs\u00edrsavak \u00e9s a micro- \u00e9s macrosteatosis k\u00f6z\u00f6tti \u00f6sszef\u00fcgg\u00e9sekr\u0151l. Felmer\u00fcl a k\u00e9rd\u00e9s: aj\u00e1nlhat\u00f3-e bizonyos pathologi\u00e1s elv\u00e1ltoz\u00e1sok eset\u00e9n a fokozott omega-3 zs\u00edrsav fogyaszt\u00e1s, l\u00e9tezik-e maxim\u00e1lisan bevihet\u0151 mennyis\u00e9g, vannak-e mell\u00e9khat\u00e1sok? B\u00e1r a sz\u00fcks\u00e9ges napi omega-3 bevitelt illet\u0151en m\u00e1ra m\u00e1r t\u00f6bb aj\u00e1nl\u00e1s is rendelkez\u00e9sre \u00e1ll, azonban az omega-3 zs\u00edrsavak ter\u00e1pi\u00e1s alkalmaz\u00e1si lehet\u0151s\u00e9geir\u0151l egyel\u0151re hi\u00e1nyosak ismereteink. Tekintettel arra, hogy a feln\u0151tt szervezetre f\u0151k\u00e9nt a repar\u00e1ci\u00f3s mechanizmusok jellemz\u0151ek, nagy \u00e9rdekl\u0151d\u00e9s \u00f6vezi a m\u00e1j egyed\u00fcl\u00e1ll\u00f3 regener\u00e1ci\u00f3s k\u00e9pess\u00e9g\u00e9t. T\u00f6bbek k\u00f6z\u00f6tt tumoros rezekci\u00f3kat \u00e9s \u00e9l\u0151 donoros m\u00e1jtranszplant\u00e1ci\u00f3kat k\u00f6vet\u0151en figyelhet\u0151 meg egy gyors \u00fctem\u0171 hypertrophia \u00e9s funkci\u00f3nyer\u00e9s, azonban ennek a folyamatnak a megval\u00f3sul\u00e1sa nagy m\u00e9rt\u00e9kben f\u00fcgg a m\u00e1j beavatkoz\u00e1st megel\u0151z\u0151 \u00e1llapot\u00e1t\u00f3l. A klinikumban oly gyakran el\u0151fordul\u00f3 zs\u00edros degener\u00e1ci\u00f3 (steatosis) eset\u00e9n ez a regener\u00e1ci\u00f3s k\u00e9pess\u00e9g insufficienss\u00e9 v\u00e1lhat, ak\u00e1r \u00e9letment\u0151 ter\u00e1pi\u00e1s lehet\u0151s\u00e9gekt\u0151l fosztva meg a betegeket. K\u00eds\u00e9rleteink sor\u00e1n patk\u00e1nymodell seg\u00edts\u00e9g\u00e9vel, port\u00e1lis v\u00e9na ligatur\u00e1t (PVL) alkalmazva vizsg\u00e1ljuk a fiziol\u00f3gi\u00e1s \u00e1llapot\u00fa \u00e9s steatotikus m\u00e1j regener\u00e1ci\u00f3s hajlam\u00e1t omega-3 illetve omega-6 zs\u00edrsavban gazdag di\u00e9ta mellett. C\u00e9lunk az omega-3 zs\u00edrsavak regener\u00e1ci\u00f3t serkent\u0151 hat\u00e1sainak felder\u00edt\u00e9se, tov\u00e1bb\u00e1 a profilaktikus \u00e9s ter\u00e1pi\u00e1s alkalmaz\u00e1si lehet\u0151s\u00e9gek tiszt\u00e1z\u00e1sa.<\/p>\n<p>&nbsp;<\/p>\n<p><strong>Munkat\u00e1rsak<\/strong><\/p>\n<ul>\n<li>Pusk\u00e1s Fl\u00f3ra<\/li>\n<li>Kors\u00f3s Di\u00e1na<\/li>\n<li>Tak\u00e1cs Tam\u00e1s<\/li>\n<\/ul>\n<p>&nbsp;<\/p>\n<p>&nbsp;<\/p>\n<\/div>\n<\/div>\n","protected":false},"excerpt":{"rendered":"<p>Az &#8222;omega-3 team&#8221; Az esszenci\u00e1lis zs\u00edrsavak \u00e9s a m\u00e1j regener\u00e1ci\u00f3ra val\u00f3 hajlam\u00e1nak \u00f6sszef\u00fcgg\u00e9sei port\u00e1lis v\u00e9na ligat\u00far\u00e1t k\u00f6vet\u0151en patk\u00e1nymodellben 2013-ban alakult kutat\u00f3csoportunk az omega-3 \u00e9s omega-6 zs\u00edrsavak m\u00e1jm\u0171k\u00f6d\u00e9sre gyakorolt hat\u00e1sainak vizsg\u00e1lat\u00e1val foglalkozik, k\u00fcl\u00f6n\u00f6s tekintettel a szerv micro- \u00e9s macrosteatoticus \u00e1talakul\u00e1sait k\u00f6vet\u0151 regener\u00e1ci\u00f3s hajlam\u00e1ra. Az omega-3 \u00e9s omega-6 zs\u00edrsavak olyan t\u00f6bbsz\u00f6r\u00f6sen tel\u00edtetlen hossz\u00fa sz\u00e9nl\u00e1nc\u00fa zs\u00edrsavak, melyek az &hellip;<\/p>\n","protected":false},"author":1,"featured_media":0,"parent":1680,"menu_order":5,"comment_status":"closed","ping_status":"closed","template":"","meta":{"_acf_changed":false,"footnotes":""},"categories":[],"tags":[],"class_list":["post-19","page","type-page","status-publish","hentry"],"acf":[],"_links":{"self":[{"href":"https:\/\/semmelweis.hu\/kiserletimuto\/wp-json\/wp\/v2\/pages\/19","targetHints":{"allow":["GET"]}}],"collection":[{"href":"https:\/\/semmelweis.hu\/kiserletimuto\/wp-json\/wp\/v2\/pages"}],"about":[{"href":"https:\/\/semmelweis.hu\/kiserletimuto\/wp-json\/wp\/v2\/types\/page"}],"author":[{"embeddable":true,"href":"https:\/\/semmelweis.hu\/kiserletimuto\/wp-json\/wp\/v2\/users\/1"}],"replies":[{"embeddable":true,"href":"https:\/\/semmelweis.hu\/kiserletimuto\/wp-json\/wp\/v2\/comments?post=19"}],"version-history":[{"count":1,"href":"https:\/\/semmelweis.hu\/kiserletimuto\/wp-json\/wp\/v2\/pages\/19\/revisions"}],"predecessor-version":[{"id":318,"href":"https:\/\/semmelweis.hu\/kiserletimuto\/wp-json\/wp\/v2\/pages\/19\/revisions\/318"}],"up":[{"embeddable":true,"href":"https:\/\/semmelweis.hu\/kiserletimuto\/wp-json\/wp\/v2\/pages\/1680"}],"wp:attachment":[{"href":"https:\/\/semmelweis.hu\/kiserletimuto\/wp-json\/wp\/v2\/media?parent=19"}],"wp:term":[{"taxonomy":"category","embeddable":true,"href":"https:\/\/semmelweis.hu\/kiserletimuto\/wp-json\/wp\/v2\/categories?post=19"},{"taxonomy":"post_tag","embeddable":true,"href":"https:\/\/semmelweis.hu\/kiserletimuto\/wp-json\/wp\/v2\/tags?post=19"}],"curies":[{"name":"wp","href":"https:\/\/api.w.org\/{rel}","templated":true}]}}

Esszenciális zsírsavak szerepe májregeneráció során

<div id="aloldal_text"><span class="cim_felett"><strong>Az &#8222;omega-3 team&#8221;</strong></span></p>
<div class="text">
<p><strong>Az esszenciális zsírsavak és a máj regenerációra való hajlamának összefüggései portális véna ligatúrát követően patkánymodellben<br />
</strong></p>
<p>2013-ban alakult kutatócsoportunk az omega-3 és omega-6 zsírsavak májműködésre gyakorolt hatásainak vizsgálatával foglalkozik, különös tekintettel a szerv micro- és macrosteatoticus átalakulásait követő regenerációs hajlamára. Az omega-3 és omega-6 zsírsavak olyan többszörösen telítetlen hosszú szénláncú zsírsavak, melyek az emlős szervezet számára esszenciálisak, tehát nem szintetizálódnak a szükséges mennyiségben, bevitelük külső forrásból biztosítandó. Számos, a szakirodalomban megjelent közlemény számol be az omega-3 zsírsavak jótékony, bizonyos esetekben profilaktikus hatásairól, a megfelelő omega-3:omega-6 zsírsav arány fontosságáról, illetve ezen zsírsavak és a micro- és macrosteatosis közötti összefüggésekről. Felmerül a kérdés: ajánlható-e bizonyos pathologiás elváltozások esetén a fokozott omega-3 zsírsav fogyasztás, létezik-e maximálisan bevihető mennyiség, vannak-e mellékhatások? Bár a szükséges napi omega-3 bevitelt illetően mára már több ajánlás is rendelkezésre áll, azonban az omega-3 zsírsavak terápiás alkalmazási lehetőségeiről egyelőre hiányosak ismereteink. Tekintettel arra, hogy a felnőtt szervezetre főként a reparációs mechanizmusok jellemzőek, nagy érdeklődés övezi a máj egyedülálló regenerációs képességét. Többek között tumoros rezekciókat és élő donoros májtranszplantációkat követően figyelhető meg egy gyors ütemű hypertrophia és funkciónyerés, azonban ennek a folyamatnak a megvalósulása nagy mértékben függ a máj beavatkozást megelőző állapotától. A klinikumban oly gyakran előforduló zsíros degeneráció (steatosis) esetén ez a regenerációs képesség insufficienssé válhat, akár életmentő terápiás lehetőségektől fosztva meg a betegeket. Kísérleteink során patkánymodell segítségével, portális véna ligaturát (PVL) alkalmazva vizsgáljuk a fiziológiás állapotú és steatotikus máj regenerációs hajlamát omega-3 illetve omega-6 zsírsavban gazdag diéta mellett. Célunk az omega-3 zsírsavak regenerációt serkentő hatásainak felderítése, továbbá a profilaktikus és terápiás alkalmazási lehetőségek tisztázása.</p>
<p>&nbsp;</p>
<p><strong>Munkatársak</strong></p>
<ul>
<li>Puskás Flóra</li>
<li>Korsós Diána</li>
<li>Takács Tamás</li>
</ul>
<p>&nbsp;</p>
<p>&nbsp;</p>
</div>
</div>

<p>Az &#8222;omega-3 team&#8221; Az esszenciális zsírsavak és a máj regenerációra való hajlamának összefüggései portális véna ligatúrát követően patkánymodellben 2013-ban alakult kutatócsoportunk az omega-3 és omega-6 zsírsavak májműködésre gyakorolt hatásainak vizsgálatával foglalkozik, különös tekintettel a szerv micro- és macrosteatoticus átalakulásait követő regenerációs hajlamára. Az omega-3 és omega-6 zsírsavak olyan többszörösen telítetlen hosszú szénláncú zsírsavak, melyek az &hellip;</p>
