{"id":17,"date":"2015-12-28T00:00:00","date_gmt":"2015-12-27T23:00:00","guid":{"rendered":"http:\/\/semmelweis.hu\/kiserletimuto\/also-vegtagi-veroerbetegsegek-modellezese\/"},"modified":"2023-04-13T10:44:03","modified_gmt":"2023-04-13T08:44:03","slug":"also-vegtagi-veroerbetegsegek-modellezese","status":"publish","type":"page","link":"https:\/\/semmelweis.hu\/kiserletimuto\/kutatasi-profilok\/korabbi-kutatasi-profilok\/also-vegtagi-veroerbetegsegek-modellezese\/","title":{"rendered":"Als\u00f3 v\u00e9gtagi ver\u0151\u00e9rbetegs\u00e9gek modellez\u00e9se"},"content":{"rendered":"<div id=\"aloldal_text\" class=\"cim_felett\">Kutat\u00f3csoportunk az als\u00f3 v\u00e9gtagi nagy\u00e9rkirekeszt\u00e9sek-, \u00e9s elz\u00e1r\u00f3d\u00e1sok k\u00eds\u00e9rletes vizsg\u00e1lat\u00e1val foglalkozik. F\u0151k\u00e9nt klinikai szitu\u00e1ci\u00f3kat modellezve vizsg\u00e1ljuk a v\u00e9gtagi ischaemi\u00e1s-reperf\u00fazi\u00f3s k\u00e1rosod\u00e1s k\u00f6vetkezt\u00e9ben kialakul\u00f3 lok\u00e1lis \u00e9s sziszt\u00e9m\u00e1s sz\u00f6v\u0151dm\u00e9nyek m\u00e9rt\u00e9k\u00e9t, a kialakul\u00e1suk h\u00e1tter\u00e9ben fell\u00e9p\u0151 patofiziol\u00f3giai v\u00e1ltoz\u00e1sokat sz\u00f6vettani, enzimhisztok\u00e9miai, ultrastrukt\u00far\u00e1lis \u00e9s molekul\u00e1ris biol\u00f3giai elj\u00e1r\u00e1sok seg\u00edts\u00e9g\u00e9vel. Hossz\u00fa idej\u0171 akut als\u00f3 v\u00e9gtagi ver\u0151\u00e9relz\u00e1r\u00f3d\u00e1sok kapcs\u00e1n a lok\u00e1lis izom k\u00e1rosod\u00e1s m\u00e9rt\u00e9k\u00e9nek pontos meg\u00e1llap\u00edt\u00e1s\u00e1t lehet\u0151v\u00e9 t\u00e9v\u0151 elj\u00e1r\u00e1sok kifejleszt\u00e9s\u00e9re t\u00f6reksz\u00fcnk, valamint a v\u00e9gtag ischaemia toleranci\u00e1j\u00e1nak n\u00f6vel\u00e9s\u00e9re ir\u00e1nyul\u00f3 technik\u00e1k k\u00eds\u00e9rletes kipr\u00f3b\u00e1l\u00e1s\u00e1val pr\u00f3b\u00e1lunk seg\u00edts\u00e9get ny\u00fajtani a klinikumnak. Elekt\u00edv nagy\u00e9rm\u0171t\u00e9tek sor\u00e1n kialakul\u00f3 sziszt\u00e9m\u00e1s sz\u00f6v\u0151dm\u00e9nyek patofiziol\u00f3giai h\u00e1tter\u00e9nek felder\u00edt\u00e9s\u00e9vel igyeksz\u00fcnk ezen s\u00falyos, ak\u00e1r t\u00f6bb szerv el\u00e9gtelens\u00e9g\u00e9vel (f\u0151k\u00e9nt t\u00fcd\u0151, vese \u00e9s a gatro-intestin\u00e1lis rendszer) j\u00e1r\u00f3 k\u00f3rk\u00e9p megel\u0151z\u00e9si \u00e9s kezel\u00e9si lehet\u0151s\u00e9geinek b\u0151v\u00edt\u00e9s\u00e9hez hozz\u00e1j\u00e1rulni. K\u00fcl\u00f6n\u00f6s figyelmet ford\u00edtunk a rhabdomyolysis hat\u00e1s\u00e1ra l\u00e9trej\u00f6v\u0151 akut vesek\u00e1rosod\u00e1s cs\u00f6kkent\u00e9s\u00e9re seb\u00e9sztechnikai (postcondition\u00e1l\u00e1s) \u00e9s farmakol\u00f3giai (levosimendan, cyclosporin-A, NIM-811) m\u00f3dszerek alkalmaz\u00e1s\u00e1val. Vizsg\u00e1ljuk tov\u00e1bb\u00e1, hogy a haemorrh\u00e1gi\u00e1s shock jelenl\u00e9te mennyiben befoly\u00e1solja a v\u00e9gtagi \u00e9rkirekeszt\u00e9sek sz\u00f6v\u0151dm\u00e9nyeinek kialakul\u00e1s\u00e1t \u00e9s s\u00falyoss\u00e1g\u00e1t. K\u00eds\u00e9rleteinket szoros kollabor\u00e1ci\u00f3ban v\u00e9gezz\u00fck t\u00e1rsint\u00e9zetekkel: Semmelweis Egyetem II. sz. Patol\u00f3giai Int\u00e9zet, Hum\u00e1nmorfol\u00f3giai \u00e9s Fejl\u0151d\u00e9sbiol\u00f3giai Int\u00e9zet, Szegedi Tudom\u00e1nyegyetem I. sz. Belgy\u00f3gy\u00e1szati Klinika \u00e9s Seb\u00e9szeti M\u0171t\u00e9ttani Int\u00e9zet.<\/p>\n<div class=\"text\">\n<p>&nbsp;<\/p>\n<p><strong><span style=\"font-size: larger;\">Munkat\u00e1rsak<\/span><\/strong><\/p>\n<ul>\n<li>Dr. Garbaisz D\u00e1vid<\/li>\n<li>Dr. Ar\u00e1nyi P\u00e9ter<\/li>\n<li>Tur\u00f3czi Zsolt<\/li>\n<li>Czig\u00e1ny Zolt\u00e1n<\/li>\n<\/ul>\n<p>&nbsp;<\/p>\n<\/div>\n<\/div>\n","protected":false},"excerpt":{"rendered":"<p>Kutat\u00f3csoportunk az als\u00f3 v\u00e9gtagi nagy\u00e9rkirekeszt\u00e9sek-, \u00e9s elz\u00e1r\u00f3d\u00e1sok k\u00eds\u00e9rletes vizsg\u00e1lat\u00e1val foglalkozik. F\u0151k\u00e9nt klinikai szitu\u00e1ci\u00f3kat modellezve vizsg\u00e1ljuk a v\u00e9gtagi ischaemi\u00e1s-reperf\u00fazi\u00f3s k\u00e1rosod\u00e1s k\u00f6vetkezt\u00e9ben kialakul\u00f3 lok\u00e1lis \u00e9s sziszt\u00e9m\u00e1s sz\u00f6v\u0151dm\u00e9nyek m\u00e9rt\u00e9k\u00e9t, a kialakul\u00e1suk h\u00e1tter\u00e9ben fell\u00e9p\u0151 patofiziol\u00f3giai v\u00e1ltoz\u00e1sokat sz\u00f6vettani, enzimhisztok\u00e9miai, ultrastrukt\u00far\u00e1lis \u00e9s molekul\u00e1ris biol\u00f3giai elj\u00e1r\u00e1sok seg\u00edts\u00e9g\u00e9vel. Hossz\u00fa idej\u0171 akut als\u00f3 v\u00e9gtagi ver\u0151\u00e9relz\u00e1r\u00f3d\u00e1sok kapcs\u00e1n a lok\u00e1lis izom k\u00e1rosod\u00e1s m\u00e9rt\u00e9k\u00e9nek pontos meg\u00e1llap\u00edt\u00e1s\u00e1t lehet\u0151v\u00e9 &hellip;<\/p>\n","protected":false},"author":1,"featured_media":0,"parent":1680,"menu_order":1,"comment_status":"closed","ping_status":"closed","template":"","meta":{"_acf_changed":false,"footnotes":""},"categories":[],"tags":[],"class_list":["post-17","page","type-page","status-publish","hentry"],"acf":[],"_links":{"self":[{"href":"https:\/\/semmelweis.hu\/kiserletimuto\/wp-json\/wp\/v2\/pages\/17","targetHints":{"allow":["GET"]}}],"collection":[{"href":"https:\/\/semmelweis.hu\/kiserletimuto\/wp-json\/wp\/v2\/pages"}],"about":[{"href":"https:\/\/semmelweis.hu\/kiserletimuto\/wp-json\/wp\/v2\/types\/page"}],"author":[{"embeddable":true,"href":"https:\/\/semmelweis.hu\/kiserletimuto\/wp-json\/wp\/v2\/users\/1"}],"replies":[{"embeddable":true,"href":"https:\/\/semmelweis.hu\/kiserletimuto\/wp-json\/wp\/v2\/comments?post=17"}],"version-history":[{"count":1,"href":"https:\/\/semmelweis.hu\/kiserletimuto\/wp-json\/wp\/v2\/pages\/17\/revisions"}],"predecessor-version":[{"id":303,"href":"https:\/\/semmelweis.hu\/kiserletimuto\/wp-json\/wp\/v2\/pages\/17\/revisions\/303"}],"up":[{"embeddable":true,"href":"https:\/\/semmelweis.hu\/kiserletimuto\/wp-json\/wp\/v2\/pages\/1680"}],"wp:attachment":[{"href":"https:\/\/semmelweis.hu\/kiserletimuto\/wp-json\/wp\/v2\/media?parent=17"}],"wp:term":[{"taxonomy":"category","embeddable":true,"href":"https:\/\/semmelweis.hu\/kiserletimuto\/wp-json\/wp\/v2\/categories?post=17"},{"taxonomy":"post_tag","embeddable":true,"href":"https:\/\/semmelweis.hu\/kiserletimuto\/wp-json\/wp\/v2\/tags?post=17"}],"curies":[{"name":"wp","href":"https:\/\/api.w.org\/{rel}","templated":true}]}}

Alsó végtagi verőérbetegségek modellezése

<div id="aloldal_text" class="cim_felett">Kutatócsoportunk az alsó végtagi nagyérkirekesztések-, és elzáródások kísérletes vizsgálatával foglalkozik. Főként klinikai szituációkat modellezve vizsgáljuk a végtagi ischaemiás-reperfúziós károsodás következtében kialakuló lokális és szisztémás szövődmények mértékét, a kialakulásuk hátterében fellépő patofiziológiai változásokat szövettani, enzimhisztokémiai, ultrastruktúrális és molekuláris biológiai eljárások segítségével. Hosszú idejű akut alsó végtagi verőérelzáródások kapcsán a lokális izom károsodás mértékének pontos megállapítását lehetővé tévő eljárások kifejlesztésére törekszünk, valamint a végtag ischaemia toleranciájának növelésére irányuló technikák kísérletes kipróbálásával próbálunk segítséget nyújtani a klinikumnak. Elektív nagyérműtétek során kialakuló szisztémás szövődmények patofiziológiai hátterének felderítésével igyekszünk ezen súlyos, akár több szerv elégtelenségével (főként tüdő, vese és a gatro-intestinális rendszer) járó kórkép megelőzési és kezelési lehetőségeinek bővítéséhez hozzájárulni. Különös figyelmet fordítunk a rhabdomyolysis hatására létrejövő akut vesekárosodás csökkentésére sebésztechnikai (postconditionálás) és farmakológiai (levosimendan, cyclosporin-A, NIM-811) módszerek alkalmazásával. Vizsgáljuk továbbá, hogy a haemorrhágiás shock jelenléte mennyiben befolyásolja a végtagi érkirekesztések szövődményeinek kialakulását és súlyosságát. Kísérleteinket szoros kollaborációban végezzük társintézetekkel: Semmelweis Egyetem II. sz. Patológiai Intézet, Humánmorfológiai és Fejlődésbiológiai Intézet, Szegedi Tudományegyetem I. sz. Belgyógyászati Klinika és Sebészeti Műtéttani Intézet.</p>
<div class="text">
<p>&nbsp;</p>
<p><strong><span style="font-size: larger;">Munkatársak</span></strong></p>
<ul>
<li>Dr. Garbaisz Dávid</li>
<li>Dr. Arányi Péter</li>
<li>Turóczi Zsolt</li>
<li>Czigány Zoltán</li>
</ul>
<p>&nbsp;</p>
</div>
</div>

<p>Kutatócsoportunk az alsó végtagi nagyérkirekesztések-, és elzáródások kísérletes vizsgálatával foglalkozik. Főként klinikai szituációkat modellezve vizsgáljuk a végtagi ischaemiás-reperfúziós károsodás következtében kialakuló lokális és szisztémás szövődmények mértékét, a kialakulásuk hátterében fellépő patofiziológiai változásokat szövettani, enzimhisztokémiai, ultrastruktúrális és molekuláris biológiai eljárások segítségével. Hosszú idejű akut alsó végtagi verőérelzáródások kapcsán a lokális izom károsodás mértékének pontos megállapítását lehetővé &hellip;</p>
