{"id":1536,"date":"2023-03-27T10:38:19","date_gmt":"2023-03-27T08:38:19","guid":{"rendered":"https:\/\/semmelweis.hu\/kiserletimuto\/?page_id=1536"},"modified":"2023-04-13T10:45:53","modified_gmt":"2023-04-13T08:45:53","slug":"kutatasi-profilok","status":"publish","type":"page","link":"https:\/\/semmelweis.hu\/kiserletimuto\/kutatasi-profilok\/","title":{"rendered":"Kutat\u00e1si profilok"},"content":{"rendered":"<p><a href=\"https:\/\/semmelweis.hu\/kiserletimuto\/files\/2023\/03\/u12-e1452164211234.jpg\"><img loading=\"lazy\" decoding=\"async\" class=\"aligncenter wp-image-1449 size-full\" src=\"https:\/\/semmelweis.hu\/kiserletimuto\/files\/2023\/03\/u12-e1452164211234.jpg\" alt=\"\" width=\"450\" height=\"165\" srcset=\"https:\/\/semmelweis.hu\/kiserletimuto\/files\/2023\/03\/u12-e1452164211234.jpg 450w, https:\/\/semmelweis.hu\/kiserletimuto\/files\/2023\/03\/u12-e1452164211234-300x110.jpg 300w\" sizes=\"auto, (max-width: 450px) 100vw, 450px\" \/><\/a><\/p>\n<h4><strong>Jelenlegi kutat\u00e1saink sor\u00e1n a prehabilit\u00e1ci\u00f3 hat\u00e1s\u00e1t vizsg\u00e1ljuk:<\/strong><\/h4>\n<ul>\n<li><a href=\"https:\/\/semmelweis.hu\/kiserletimuto\/kutatasi-profilok\/prehabilitacio-hatasanak-vizsgalata-a-colon-anastomosis-gyogyulasra\/\">Prehabilit\u00e1ci\u00f3 hat\u00e1s\u00e1nak vizsg\u00e1lata a colon anastomosis gy\u00f3gyul\u00e1sra<\/a><\/li>\n<li><a href=\"https:\/\/semmelweis.hu\/kiserletimuto\/kutatasi-profilok\/farmakologiai-prehabilitacio-majregeneraciora-gyakorolt-hatasanak-vizsgalata\/\">Farmakol\u00f3giai prehabilit\u00e1ci\u00f3 m\u00e1jregener\u00e1ci\u00f3ra gyakorolt hat\u00e1s\u00e1nak vizsg\u00e1lata<\/a><\/li>\n<li><a href=\"https:\/\/semmelweis.hu\/kiserletimuto\/kutatasi-profilok\/fizikai-prehabilitacio-majregeneraciora-gyakorolt-hatasanak-vizsgalata\/\">Fizikai prehabilit\u00e1ci\u00f3 m\u00e1jregener\u00e1ci\u00f3ra gyakorolt hat\u00e1s\u00e1nak vizsg\u00e1lata<\/a><\/li>\n<\/ul>\n<h4><strong>A K\u00eds\u00e9rleti M\u0171t\u0151 kor\u00e1bbi kutat\u00e1si ter\u00fcletei:<\/strong><\/h4>\n<ul>\n<li><a href=\"https:\/\/semmelweis.hu\/kiserletimuto\/kutatasi-profilok\/korabbi-kutatasi-profilok\/vekonybel-sebeszet-immunologia\/\">V\u00e9konyb\u00e9l seb\u00e9szet, immunol\u00f3gia<\/a><\/li>\n<li><a href=\"https:\/\/semmelweis.hu\/kiserletimuto\/kutatasi-profilok\/korabbi-kutatasi-profilok\/also-vegtagi-veroerbetegsegek-modellezese\/\">Als\u00f3 v\u00e9gtagi ver\u0151\u00e9rbetegs\u00e9gek modellez\u00e9se<\/a><\/li>\n<li><a href=\"https:\/\/semmelweis.hu\/kiserletimuto\/kutatasi-profilok\/korabbi-kutatasi-profilok\/majregeneracio\/\">M\u00e1jregener\u00e1ci\u00f3<\/a><\/li>\n<li><a href=\"https:\/\/semmelweis.hu\/kiserletimuto\/kutatasi-profilok\/korabbi-kutatasi-profilok\/tavoli-szervi-adaptiv-mechanizmusok-vizsgalata\/\">T\u00e1voli szervi adapt\u00edv mechanizmusok vizsg\u00e1lata<\/a><\/li>\n<li><a href=\"https:\/\/semmelweis.hu\/kiserletimuto\/kutatasi-profilok\/korabbi-kutatasi-profilok\/metabolikus-bioaktiv-anyagok-vizsgalata\/\">Metabolikus bioakt\u00edv anyagok vizsg\u00e1lata<\/a><\/li>\n<li><a href=\"https:\/\/semmelweis.hu\/kiserletimuto\/kutatasi-profilok\/korabbi-kutatasi-profilok\/esszencialis-zsirsavak-szerepe-majregeneracio-soran\/\">Esszenci\u00e1lis zs\u00edrsavak szerepe m\u00e1jregener\u00e1ci\u00f3 sor\u00e1n<\/a><\/li>\n<\/ul>\n<h4><strong>Kollabor\u00e1ci\u00f3k<\/strong><\/h4>\n<p>Sz\u00e1mos hazai \u00e9s nemzetk\u00f6zi int\u00e9zm\u00e9nnyel m\u0171k\u00f6d\u00fcnk egy\u00fctt. <a href=\"https:\/\/semmelweis.hu\/kiserletimuto\/kutatasi-profilok\/kollaboraciok\/\">R\u00e9szletek \u2192<\/a><\/p>\n<p><img loading=\"lazy\" decoding=\"async\" class=\"wp-image-1457 aligncenter\" src=\"https:\/\/semmelweis.hu\/kiserletimuto\/files\/2023\/03\/MST_KSK.jpg\" alt=\"\" width=\"504\" height=\"376\" srcset=\"https:\/\/semmelweis.hu\/kiserletimuto\/files\/2023\/03\/MST_KSK.jpg 1247w, https:\/\/semmelweis.hu\/kiserletimuto\/files\/2023\/03\/MST_KSK-300x224.jpg 300w, https:\/\/semmelweis.hu\/kiserletimuto\/files\/2023\/03\/MST_KSK-1024x764.jpg 1024w, https:\/\/semmelweis.hu\/kiserletimuto\/files\/2023\/03\/MST_KSK-768x573.jpg 768w, https:\/\/semmelweis.hu\/kiserletimuto\/files\/2023\/03\/MST_KSK-402x300.jpg 402w\" sizes=\"auto, (max-width: 504px) 100vw, 504px\" \/><\/p>\n","protected":false},"excerpt":{"rendered":"<p><a href=\"https:\/\/semmelweis.hu\/kiserletimuto\/files\/2023\/03\/u12-e1452164211234.jpg\"><\/a><br \/>\nJelenlegi kutat\u00e1saink sor\u00e1n a prehabilit\u00e1ci\u00f3 hat\u00e1s\u00e1t vizsg\u00e1ljuk:<\/p>\n<p><a href=\"https:\/\/semmelweis.hu\/kiserletimuto\/kutatasi-profilok\/prehabilitacio-hatasanak-vizsgalata-a-colon-anastomosis-gyogyulasra\/\">Prehabilit\u00e1ci\u00f3 hat\u00e1s\u00e1nak vizsg\u00e1lata a colon anastomosis gy\u00f3gyul\u00e1sra<\/a><br \/>\n<a href=\"https:\/\/semmelweis.hu\/kiserletimuto\/kutatasi-profilok\/farmakologiai-prehabilitacio-majregeneraciora-gyakorolt-hatasanak-vizsgalata\/\">Farmakol\u00f3giai prehabilit\u00e1ci\u00f3 m\u00e1jregener\u00e1ci\u00f3ra gyakorolt hat\u00e1s\u00e1nak vizsg\u00e1lata<\/a><br \/>\n<a href=\"https:\/\/semmelweis.hu\/kiserletimuto\/kutatasi-profilok\/fizikai-prehabilitacio-majregeneraciora-gyakorolt-hatasanak-vizsgalata\/\">Fizikai prehabilit\u00e1ci\u00f3 m\u00e1jregener\u00e1ci\u00f3ra gyakorolt hat\u00e1s\u00e1nak vizsg\u00e1lata<\/a><\/p>\n<p>A K\u00eds\u00e9rleti M\u0171t\u0151 kor\u00e1bbi kutat\u00e1si ter\u00fcletei:<\/p>\n<p><a href=\"https:\/\/semmelweis.hu\/kiserletimuto\/kutatasi-profilok\/korabbi-kutatasi-profilok\/vekonybel-sebeszet-immunologia\/\">V\u00e9konyb\u00e9l seb\u00e9szet, immunol\u00f3gia<\/a><br \/>\n<a href=\"https:\/\/semmelweis.hu\/kiserletimuto\/kutatasi-profilok\/korabbi-kutatasi-profilok\/also-vegtagi-veroerbetegsegek-modellezese\/\">Als\u00f3 v\u00e9gtagi ver\u0151\u00e9rbetegs\u00e9gek modellez\u00e9se<\/a><br \/>\n<a href=\"https:\/\/semmelweis.hu\/kiserletimuto\/kutatasi-profilok\/korabbi-kutatasi-profilok\/majregeneracio\/\">M\u00e1jregener\u00e1ci\u00f3<\/a><br \/>\n<a href=\"https:\/\/semmelweis.hu\/kiserletimuto\/kutatasi-profilok\/korabbi-kutatasi-profilok\/tavoli-szervi-adaptiv-mechanizmusok-vizsgalata\/\">T\u00e1voli szervi adapt\u00edv mechanizmusok vizsg\u00e1lata<\/a><br \/>\n<a href=\"https:\/\/semmelweis.hu\/kiserletimuto\/kutatasi-profilok\/korabbi-kutatasi-profilok\/metabolikus-bioaktiv-anyagok-vizsgalata\/\">Metabolikus bioakt\u00edv anyagok vizsg\u00e1lata<\/a><br \/>\n<a href=\"https:\/\/semmelweis.hu\/kiserletimuto\/kutatasi-profilok\/korabbi-kutatasi-profilok\/esszencialis-zsirsavak-szerepe-majregeneracio-soran\/\">Esszenci\u00e1lis zs\u00edrsavak szerepe m\u00e1jregener\u00e1ci\u00f3 sor\u00e1n<\/a><\/p>\n<p>Kollabor\u00e1ci\u00f3k<br \/>\nSz\u00e1mos hazai \u00e9s nemzetk\u00f6zi int\u00e9zm\u00e9nnyel m\u0171k\u00f6d\u00fcnk egy\u00fctt. <a href=\"https:\/\/semmelweis.hu\/kiserletimuto\/kutatasi-profilok\/kollaboraciok\/\">R\u00e9szletek \u2192<\/a><\/p>\n","protected":false},"author":102106,"featured_media":0,"parent":0,"menu_order":3,"comment_status":"closed","ping_status":"closed","template":"","meta":{"_acf_changed":false,"footnotes":""},"categories":[],"tags":[],"class_list":["post-1536","page","type-page","status-publish","hentry"],"acf":[],"_links":{"self":[{"href":"https:\/\/semmelweis.hu\/kiserletimuto\/wp-json\/wp\/v2\/pages\/1536","targetHints":{"allow":["GET"]}}],"collection":[{"href":"https:\/\/semmelweis.hu\/kiserletimuto\/wp-json\/wp\/v2\/pages"}],"about":[{"href":"https:\/\/semmelweis.hu\/kiserletimuto\/wp-json\/wp\/v2\/types\/page"}],"author":[{"embeddable":true,"href":"https:\/\/semmelweis.hu\/kiserletimuto\/wp-json\/wp\/v2\/users\/102106"}],"replies":[{"embeddable":true,"href":"https:\/\/semmelweis.hu\/kiserletimuto\/wp-json\/wp\/v2\/comments?post=1536"}],"version-history":[{"count":6,"href":"https:\/\/semmelweis.hu\/kiserletimuto\/wp-json\/wp\/v2\/pages\/1536\/revisions"}],"predecessor-version":[{"id":1702,"href":"https:\/\/semmelweis.hu\/kiserletimuto\/wp-json\/wp\/v2\/pages\/1536\/revisions\/1702"}],"wp:attachment":[{"href":"https:\/\/semmelweis.hu\/kiserletimuto\/wp-json\/wp\/v2\/media?parent=1536"}],"wp:term":[{"taxonomy":"category","embeddable":true,"href":"https:\/\/semmelweis.hu\/kiserletimuto\/wp-json\/wp\/v2\/categories?post=1536"},{"taxonomy":"post_tag","embeddable":true,"href":"https:\/\/semmelweis.hu\/kiserletimuto\/wp-json\/wp\/v2\/tags?post=1536"}],"curies":[{"name":"wp","href":"https:\/\/api.w.org\/{rel}","templated":true}]}}

Kutatási profilok

<p><a href="https://semmelweis.hu/kiserletimuto/files/2023/03/u12-e1452164211234.jpg"><img loading="lazy" decoding="async" class="aligncenter wp-image-1449 size-full" src="https://semmelweis.hu/kiserletimuto/files/2023/03/u12-e1452164211234.jpg" alt="" width="450" height="165" srcset="https://semmelweis.hu/kiserletimuto/files/2023/03/u12-e1452164211234.jpg 450w, https://semmelweis.hu/kiserletimuto/files/2023/03/u12-e1452164211234-300x110.jpg 300w" sizes="auto, (max-width: 450px) 100vw, 450px" /></a></p>
<h4><strong>Jelenlegi kutatásaink során a prehabilitáció hatását vizsgáljuk:</strong></h4>
<ul>
<li><a href="https://semmelweis.hu/kiserletimuto/kutatasi-profilok/prehabilitacio-hatasanak-vizsgalata-a-colon-anastomosis-gyogyulasra/">Prehabilitáció hatásának vizsgálata a colon anastomosis gyógyulásra</a></li>
<li><a href="https://semmelweis.hu/kiserletimuto/kutatasi-profilok/farmakologiai-prehabilitacio-majregeneraciora-gyakorolt-hatasanak-vizsgalata/">Farmakológiai prehabilitáció májregenerációra gyakorolt hatásának vizsgálata</a></li>
<li><a href="https://semmelweis.hu/kiserletimuto/kutatasi-profilok/fizikai-prehabilitacio-majregeneraciora-gyakorolt-hatasanak-vizsgalata/">Fizikai prehabilitáció májregenerációra gyakorolt hatásának vizsgálata</a></li>
</ul>
<h4><strong>A Kísérleti Műtő korábbi kutatási területei:</strong></h4>
<ul>
<li><a href="https://semmelweis.hu/kiserletimuto/kutatasi-profilok/korabbi-kutatasi-profilok/vekonybel-sebeszet-immunologia/">Vékonybél sebészet, immunológia</a></li>
<li><a href="https://semmelweis.hu/kiserletimuto/kutatasi-profilok/korabbi-kutatasi-profilok/also-vegtagi-veroerbetegsegek-modellezese/">Alsó végtagi verőérbetegségek modellezése</a></li>
<li><a href="https://semmelweis.hu/kiserletimuto/kutatasi-profilok/korabbi-kutatasi-profilok/majregeneracio/">Májregeneráció</a></li>
<li><a href="https://semmelweis.hu/kiserletimuto/kutatasi-profilok/korabbi-kutatasi-profilok/tavoli-szervi-adaptiv-mechanizmusok-vizsgalata/">Távoli szervi adaptív mechanizmusok vizsgálata</a></li>
<li><a href="https://semmelweis.hu/kiserletimuto/kutatasi-profilok/korabbi-kutatasi-profilok/metabolikus-bioaktiv-anyagok-vizsgalata/">Metabolikus bioaktív anyagok vizsgálata</a></li>
<li><a href="https://semmelweis.hu/kiserletimuto/kutatasi-profilok/korabbi-kutatasi-profilok/esszencialis-zsirsavak-szerepe-majregeneracio-soran/">Esszenciális zsírsavak szerepe májregeneráció során</a></li>
</ul>
<h4><strong>Kollaborációk</strong></h4>
<p>Számos hazai és nemzetközi intézménnyel működünk együtt. <a href="https://semmelweis.hu/kiserletimuto/kutatasi-profilok/kollaboraciok/">Részletek →</a></p>
<p><img loading="lazy" decoding="async" class="wp-image-1457 aligncenter" src="https://semmelweis.hu/kiserletimuto/files/2023/03/MST_KSK.jpg" alt="" width="504" height="376" srcset="https://semmelweis.hu/kiserletimuto/files/2023/03/MST_KSK.jpg 1247w, https://semmelweis.hu/kiserletimuto/files/2023/03/MST_KSK-300x224.jpg 300w, https://semmelweis.hu/kiserletimuto/files/2023/03/MST_KSK-1024x764.jpg 1024w, https://semmelweis.hu/kiserletimuto/files/2023/03/MST_KSK-768x573.jpg 768w, https://semmelweis.hu/kiserletimuto/files/2023/03/MST_KSK-402x300.jpg 402w" sizes="auto, (max-width: 504px) 100vw, 504px" /></p>

<p><a href="https://semmelweis.hu/kiserletimuto/files/2023/03/u12-e1452164211234.jpg"></a><br />
Jelenlegi kutatásaink során a prehabilitáció hatását vizsgáljuk:</p>
<p><a href="https://semmelweis.hu/kiserletimuto/kutatasi-profilok/prehabilitacio-hatasanak-vizsgalata-a-colon-anastomosis-gyogyulasra/">Prehabilitáció hatásának vizsgálata a colon anastomosis gyógyulásra</a><br />
<a href="https://semmelweis.hu/kiserletimuto/kutatasi-profilok/farmakologiai-prehabilitacio-majregeneraciora-gyakorolt-hatasanak-vizsgalata/">Farmakológiai prehabilitáció májregenerációra gyakorolt hatásának vizsgálata</a><br />
<a href="https://semmelweis.hu/kiserletimuto/kutatasi-profilok/fizikai-prehabilitacio-majregeneraciora-gyakorolt-hatasanak-vizsgalata/">Fizikai prehabilitáció májregenerációra gyakorolt hatásának vizsgálata</a></p>
<p>A Kísérleti Műtő korábbi kutatási területei:</p>
<p><a href="https://semmelweis.hu/kiserletimuto/kutatasi-profilok/korabbi-kutatasi-profilok/vekonybel-sebeszet-immunologia/">Vékonybél sebészet, immunológia</a><br />
<a href="https://semmelweis.hu/kiserletimuto/kutatasi-profilok/korabbi-kutatasi-profilok/also-vegtagi-veroerbetegsegek-modellezese/">Alsó végtagi verőérbetegségek modellezése</a><br />
<a href="https://semmelweis.hu/kiserletimuto/kutatasi-profilok/korabbi-kutatasi-profilok/majregeneracio/">Májregeneráció</a><br />
<a href="https://semmelweis.hu/kiserletimuto/kutatasi-profilok/korabbi-kutatasi-profilok/tavoli-szervi-adaptiv-mechanizmusok-vizsgalata/">Távoli szervi adaptív mechanizmusok vizsgálata</a><br />
<a href="https://semmelweis.hu/kiserletimuto/kutatasi-profilok/korabbi-kutatasi-profilok/metabolikus-bioaktiv-anyagok-vizsgalata/">Metabolikus bioaktív anyagok vizsgálata</a><br />
<a href="https://semmelweis.hu/kiserletimuto/kutatasi-profilok/korabbi-kutatasi-profilok/esszencialis-zsirsavak-szerepe-majregeneracio-soran/">Esszenciális zsírsavak szerepe májregeneráció során</a></p>
<p>Kollaborációk<br />
Számos hazai és nemzetközi intézménnyel működünk együtt. <a href="https://semmelweis.hu/kiserletimuto/kutatasi-profilok/kollaboraciok/">Részletek →</a></p>
