{"id":1517,"date":"2023-03-27T09:59:06","date_gmt":"2023-03-27T07:59:06","guid":{"rendered":"https:\/\/semmelweis.hu\/kiserletimuto\/?page_id=1517"},"modified":"2023-04-13T10:42:31","modified_gmt":"2023-04-13T08:42:31","slug":"tdk","status":"publish","type":"page","link":"https:\/\/semmelweis.hu\/kiserletimuto\/tdk\/","title":{"rendered":"TDK"},"content":{"rendered":"<p>A Seb\u00e9szeti, Transzplant\u00e1ci\u00f3s \u00e9s Gasztroenterol\u00f3giai Klinika v\u00e1rja a transzl\u00e1ci\u00f3s \u00e9s klinikai <strong>seb\u00e9szeti kutat\u00e1s ir\u00e1nt \u00e9rdekl\u0151d\u0151 III-V. \u00e9ves hallgat\u00f3k<\/strong> jelentkez\u00e9s\u00e9t. A TDK munka sor\u00e1n a hallgat\u00f3knak lehet\u0151s\u00e9ge ny\u00edlik bekapcsol\u00f3dni a seb\u00e9szeti hat\u00e1rter\u00fcleteket \u00e9s modelleket k\u00eds\u00e9rletes oldalr\u00f3l megk\u00f6zel\u00edt\u0151 kutat\u00e1sokba, illetve klinikai vizsg\u00e1latokba, melyeknek k\u00f6z\u00e9ppontj\u00e1ban a prehabilit\u00e1ci\u00f3 \u00e1ll.\u00a0<\/p>\n<div class=\"keretes w-100\">\n<ul style=\"list-style-type: square;\">\n<li style=\"font-weight: 400;\"><strong>Jelentkez\u00e9shez az \u00f6n\u00e9letrajzokat \u00e9s r\u00f6vid motiv\u00e1ci\u00f3s leveleket Dr. L\u00e9vay Kl\u00e1ra v\u00e1rja az <a href=\"mailto:md.klara.levay@gmail.com\">md.klara.levay@gmail.com<\/a> c\u00edmre.<\/strong><\/li>\n<li>A TDK munk\u00e1ra t\u00f6rt\u00e9n\u0151 jelentkez\u00e9sr\u0151l, aktu\u00e1lis konferenci\u00e1r\u00f3l az <a href=\"https:\/\/semmelweis.hu\/tdk\/\" target=\"_blank\" rel=\"noopener\">Tudom\u00e1nyos Di\u00e1kk\u00f6r honlapj\u00e1n<\/a> t\u00e1j\u00e9koz\u00f3dhat.<\/li>\n<li><strong>Laborunkban TDK munk\u00e1t v\u00e9gz\u0151 hallgat\u00f3inknak az al\u00e1bbi kurzus elv\u00e9gz\u00e9s\u00e9t aj\u00e1nljuk:<\/strong><br \/>\n<a href=\"https:\/\/semmelweis.hu\/tdk\/bevezetes-a-tudomanyos-diakkori-munka-alapjaihoz\/\" target=\"_blank\" rel=\"noopener\">Bevezet\u00e9s a tudom\u00e1nyos di\u00e1kk\u00f6ri munka alapjaihoz<\/a><\/li>\n<\/ul>\n<\/div>\n<p style=\"font-weight: 400;\">A Seb\u00e9szeti, Transzplant\u00e1ci\u00f3s \u00e9s Gasztroenterol\u00f3giai Klinika K\u00eds\u00e9rleti M\u0171t\u0151j\u00e9ben t\u00f6bb \u00e9vtizede m\u0171k\u00f6d\u0151 munkacsoport <strong>jelenleg a m\u00e1j valamint a colorectalis betegs\u00e9gek seb\u00e9szeti kezel\u00e9s\u00e9vel foglalkozik<\/strong>. K\u00fcl\u00f6nb\u00f6z\u0151 m\u0171t\u00e9ti t\u00edpusok elemz\u00e9s\u00e9re \u00e1llatk\u00eds\u00e9rletes modellek seg\u00edts\u00e9g\u00e9vel keress\u00fck a v\u00e1laszokat.<\/p>\n<p>A kutat\u00f3csoport munk\u00e1j\u00e1ba bekapcsol\u00f3d\u00f3 hallgat\u00f3knak lehet\u0151s\u00e9g\u00fck van elsaj\u00e1t\u00edtani a m\u00e1j valamint a vastagb\u00e9l seb\u00e9szete eset\u00e9n elv\u00e9gezhet\u0151 m\u0171t\u00e9ti technik\u00e1kat, mikroseb\u00e9szeti elj\u00e1r\u00e1sokat.\u00a0Mindemellett a hallgat\u00f3knak lehet\u0151s\u00e9ge ny\u00edlik hazai \u00e9s k\u00fclf\u00f6ldi szakmai konferenci\u00e1kon val\u00f3 r\u00e9szv\u00e9telre, tov\u00e1bb\u00e1 hazai \u00e9s nemzetk\u00f6zi lapokban megjelen\u0151 publik\u00e1ci\u00f3k meg\u00edr\u00e1s\u00e1ba is bekapcsol\u00f3dhatnak.<\/p>\n<p>A Seb\u00e9szeti, Transzplant\u00e1ci\u00f3s \u00e9s Gasztroenterol\u00f3giai Klinik\u00e1n TDK munk\u00e1t v\u00e9gz\u0151 hallgat\u00f3k <strong>kiemelked\u0151 eredm\u00e9nyeket<\/strong> \u00e9rtek el az elm\u00falt \u00e9vekben mind az egyetemi- \u00e9s orsz\u00e1gos TDK konferenci\u00e1kon, mind a rektori p\u00e1ly\u00e1zatokon \u00e9s szakdolgozat v\u00e9d\u00e9seken.<\/p>\n","protected":false},"excerpt":{"rendered":"<p>A Seb\u00e9szeti, Transzplant\u00e1ci\u00f3s \u00e9s Gasztroenterol\u00f3giai Klinika v\u00e1rja a transzl\u00e1ci\u00f3s \u00e9s klinikai seb\u00e9szeti kutat\u00e1s ir\u00e1nt \u00e9rdekl\u0151d\u0151 III-V. \u00e9ves hallgat\u00f3k jelentkez\u00e9s\u00e9t. A TDK munka sor\u00e1n a hallgat\u00f3knak lehet\u0151s\u00e9ge ny\u00edlik bekapcsol\u00f3dni a seb\u00e9szeti hat\u00e1rter\u00fcleteket \u00e9s modelleket k\u00eds\u00e9rletes oldalr\u00f3l megk\u00f6zel\u00edt\u0151 kutat\u00e1sokba, illetve klinikai vizsg\u00e1latokba, melyeknek k\u00f6z\u00e9ppontj\u00e1ban a prehabilit\u00e1ci\u00f3 \u00e1ll.\u00a0 Jelentkez\u00e9shez az \u00f6n\u00e9letrajzokat \u00e9s r\u00f6vid motiv\u00e1ci\u00f3s leveleket Dr. L\u00e9vay Kl\u00e1ra &hellip;<\/p>\n","protected":false},"author":102106,"featured_media":0,"parent":0,"menu_order":3,"comment_status":"closed","ping_status":"closed","template":"","meta":{"_acf_changed":false,"footnotes":""},"categories":[],"tags":[],"class_list":["post-1517","page","type-page","status-publish","hentry"],"acf":[],"_links":{"self":[{"href":"https:\/\/semmelweis.hu\/kiserletimuto\/wp-json\/wp\/v2\/pages\/1517","targetHints":{"allow":["GET"]}}],"collection":[{"href":"https:\/\/semmelweis.hu\/kiserletimuto\/wp-json\/wp\/v2\/pages"}],"about":[{"href":"https:\/\/semmelweis.hu\/kiserletimuto\/wp-json\/wp\/v2\/types\/page"}],"author":[{"embeddable":true,"href":"https:\/\/semmelweis.hu\/kiserletimuto\/wp-json\/wp\/v2\/users\/102106"}],"replies":[{"embeddable":true,"href":"https:\/\/semmelweis.hu\/kiserletimuto\/wp-json\/wp\/v2\/comments?post=1517"}],"version-history":[{"count":8,"href":"https:\/\/semmelweis.hu\/kiserletimuto\/wp-json\/wp\/v2\/pages\/1517\/revisions"}],"predecessor-version":[{"id":1700,"href":"https:\/\/semmelweis.hu\/kiserletimuto\/wp-json\/wp\/v2\/pages\/1517\/revisions\/1700"}],"wp:attachment":[{"href":"https:\/\/semmelweis.hu\/kiserletimuto\/wp-json\/wp\/v2\/media?parent=1517"}],"wp:term":[{"taxonomy":"category","embeddable":true,"href":"https:\/\/semmelweis.hu\/kiserletimuto\/wp-json\/wp\/v2\/categories?post=1517"},{"taxonomy":"post_tag","embeddable":true,"href":"https:\/\/semmelweis.hu\/kiserletimuto\/wp-json\/wp\/v2\/tags?post=1517"}],"curies":[{"name":"wp","href":"https:\/\/api.w.org\/{rel}","templated":true}]}}

<p>A Sebészeti, Transzplantációs és Gasztroenterológiai Klinika várja a transzlációs és klinikai <strong>sebészeti kutatás iránt érdeklődő III-V. éves hallgatók</strong> jelentkezését. A TDK munka során a hallgatóknak lehetősége nyílik bekapcsolódni a sebészeti határterületeket és modelleket kísérletes oldalról megközelítő kutatásokba, illetve klinikai vizsgálatokba, melyeknek középpontjában a prehabilitáció áll. </p>
<div class="keretes w-100">
<ul style="list-style-type: square;">
<li style="font-weight: 400;"><strong>Jelentkezéshez az önéletrajzokat és rövid motivációs leveleket Dr. Lévay Klára várja az <a href="mailto:md.klara.levay@gmail.com">md.klara.levay@gmail.com</a> címre.</strong></li>
<li>A TDK munkára történő jelentkezésről, aktuális konferenciáról az <a href="https://semmelweis.hu/tdk/" target="_blank" rel="noopener">Tudományos Diákkör honlapján</a> tájékozódhat.</li>
<li><strong>Laborunkban TDK munkát végző hallgatóinknak az alábbi kurzus elvégzését ajánljuk:</strong><br />
<a href="https://semmelweis.hu/tdk/bevezetes-a-tudomanyos-diakkori-munka-alapjaihoz/" target="_blank" rel="noopener">Bevezetés a tudományos diákköri munka alapjaihoz</a></li>
</ul>
</div>
<p style="font-weight: 400;">A Sebészeti, Transzplantációs és Gasztroenterológiai Klinika Kísérleti Műtőjében több évtizede működő munkacsoport <strong>jelenleg a máj valamint a colorectalis betegségek sebészeti kezelésével foglalkozik</strong>. Különböző műtéti típusok elemzésére állatkísérletes modellek segítségével keressük a válaszokat.</p>
<p>A kutatócsoport munkájába bekapcsolódó hallgatóknak lehetőségük van elsajátítani a máj valamint a vastagbél sebészete esetén elvégezhető műtéti technikákat, mikrosebészeti eljárásokat. Mindemellett a hallgatóknak lehetősége nyílik hazai és külföldi szakmai konferenciákon való részvételre, továbbá hazai és nemzetközi lapokban megjelenő publikációk megírásába is bekapcsolódhatnak.</p>
<p>A Sebészeti, Transzplantációs és Gasztroenterológiai Klinikán TDK munkát végző hallgatók <strong>kiemelkedő eredményeket</strong> értek el az elmúlt években mind az egyetemi- és országos TDK konferenciákon, mind a rektori pályázatokon és szakdolgozat védéseken.</p>

<p>A Sebészeti, Transzplantációs és Gasztroenterológiai Klinika várja a transzlációs és klinikai sebészeti kutatás iránt érdeklődő III-V. éves hallgatók jelentkezését. A TDK munka során a hallgatóknak lehetősége nyílik bekapcsolódni a sebészeti határterületeket és modelleket kísérletes oldalról megközelítő kutatásokba, illetve klinikai vizsgálatokba, melyeknek középpontjában a prehabilitáció áll.  Jelentkezéshez az önéletrajzokat és rövid motivációs leveleket Dr. Lévay Klára &hellip;</p>
