{"id":15,"date":"2015-12-28T00:00:00","date_gmt":"2015-12-27T23:00:00","guid":{"rendered":"http:\/\/semmelweis.hu\/kiserletimuto\/vekonybel-sebeszet-immunologia\/"},"modified":"2023-04-13T09:54:20","modified_gmt":"2023-04-13T07:54:20","slug":"vekonybel-sebeszet-immunologia","status":"publish","type":"page","link":"https:\/\/semmelweis.hu\/kiserletimuto\/kutatasi-profilok\/korabbi-kutatasi-profilok\/vekonybel-sebeszet-immunologia\/","title":{"rendered":"V\u00e9konyb\u00e9l seb\u00e9szet, immunol\u00f3gia"},"content":{"rendered":"<h4><span class=\"cim_felett\"><strong>A v\u00e9konyb\u00e9l team<\/strong><\/span><\/h4>\n<p><span style=\"font-size: 1rem;\">A b\u00e9l v\u00e9rell\u00e1t\u00e1s\u00e1nak zavar\u00e1val j\u00e1r\u00f3 k\u00f3rk\u00e9pek t\u00f6bbs\u00e9ge akut seb\u00e9szeti ell\u00e1t\u00e1st ig\u00e9nyl\u0151 \u00e1llapot, melyek k\u00f3rh\u00e1zi hal\u00e1loz\u00e1si ar\u00e1nya (m\u00e9g a javul\u00f3 szupport\u00edv ter\u00e1pi\u00e1s m\u00f3dszerek ellen\u00e9re is) 60-80 sz\u00e1zal\u00e9k k\u00f6z\u00f6tt alakul. K\u00eds\u00e9rleteink c\u00e9lja a patomechanizmus pontosabb megismer\u00e9se, a kezel\u00e9s folyamat\u00e1nak tov\u00e1bbfejleszt\u00e9se, ez\u00e1ltal a magas hal\u00e1loz\u00e1si ar\u00e1ny cs\u00f6kkent\u00e9se.<\/span><\/p>\n<div class=\"text\">\n<p>Kutat\u00f3csoportunk a v\u00e9konyb\u00e9l ischaemi\u00e1s-reperf\u00fazi\u00f3s k\u00e1rosod\u00e1s\u00e1t vizsg\u00e1lja patk\u00e1ny modellen. Tanulm\u00e1nyozzuk tov\u00e1bb\u00e1 a postcondition\u00e1l\u00e1st, mely ezen k\u00e1rosod\u00e1s cs\u00f6kkent\u00e9s\u00e9re ir\u00e1nyul\u00f3 seb\u00e9sztechnikai m\u00f3dszer. Ezen fel\u00fcl immunol\u00f3giai megk\u00f6zel\u00edt\u00e9ssel is le\u00edrjuk a s\u00e9r\u00fcl\u00e9s k\u00f6vetkezm\u00e9nyeit. A v\u00e9konyb\u00e9l ny\u00e1lkah\u00e1rtya az egyik legalapvet\u0151bb v\u00e9delmi vonal az endog\u00e9n bakt\u00e9riumfl\u00f3ra \u00e9s a szervezet sejtjei k\u00f6z\u00f6tt. Az ischaemia (kritikus v\u00e9rtelens\u00e9g), majd az ezt k\u00f6vet\u0151 reperf\u00fazi\u00f3 (a kering\u00e9s helyre\u00e1ll\u00e1sa) jelent\u0151sen rontja a v\u00e9konyb\u00e9l ny\u00e1lkah\u00e1rtya integrit\u00e1s\u00e1t. Ez hozz\u00e1j\u00e1rul a bakteri\u00e1lis transzlok\u00e1ci\u00f3hoz a b\u00e9lfalon kereszt\u00fcl, mely nagyban felel\u0151s a sziszt\u00e9m\u00e1s gyullad\u00e1sos v\u00e1lasz \u00e9s a sokszervi k\u00e1rosod\u00e1sok kialakul\u00e1s\u00e1\u00e9rt. K\u00eds\u00e9rleteinkben a ny\u00e1lkah\u00e1rtya k\u00e1rosod\u00e1s\u00e1nak min\u00e9l pontosabb megismer\u00e9s\u00e9n t\u00fal, arra is keress\u00fck a v\u00e1laszt, hogy milyen seb\u00e9sztechnikai m\u00f3dszerekkel cs\u00f6kkenthet\u0151 tov\u00e1bb a k\u00e1rosod\u00e1s m\u00e9rt\u00e9ke. E jelens\u00e9gek tanulm\u00e1nyoz\u00e1sa k\u00e9pezi csoportunk jelenlegi kutat\u00e1sainak egyik ir\u00e1nyvonal\u00e1t, melyet a Semmelweis Egyetem Mikrobiol\u00f3giai Int\u00e9zet\u00e9vel \u00e9s II.sz. Patol\u00f3giai Int\u00e9zet\u00e9vel \u00e9s az I. sz. Gyermekklinik\u00e1j\u00e1val egy\u00fcttm\u0171k\u00f6dve v\u00e9gz\u00fcnk.<\/p>\n<p><strong><span style=\"font-size: larger;\">Munkat\u00e1rsak<\/span><\/strong><\/p>\n<ul>\n<li>Dr. \u00d3nody P\u00e9ter<\/li>\n<li>Dr. Rosero Oliver<\/li>\n<li>Kov\u00e1cs Tibor<\/li>\n<\/ul>\n<\/div>\n","protected":false},"excerpt":{"rendered":"<p>A v\u00e9konyb\u00e9l team A b\u00e9l v\u00e9rell\u00e1t\u00e1s\u00e1nak zavar\u00e1val j\u00e1r\u00f3 k\u00f3rk\u00e9pek t\u00f6bbs\u00e9ge akut seb\u00e9szeti ell\u00e1t\u00e1st ig\u00e9nyl\u0151 \u00e1llapot, melyek k\u00f3rh\u00e1zi hal\u00e1loz\u00e1si ar\u00e1nya (m\u00e9g a javul\u00f3 szupport\u00edv ter\u00e1pi\u00e1s m\u00f3dszerek ellen\u00e9re is) 60-80 sz\u00e1zal\u00e9k k\u00f6z\u00f6tt alakul. K\u00eds\u00e9rleteink c\u00e9lja a patomechanizmus pontosabb megismer\u00e9se, a kezel\u00e9s folyamat\u00e1nak tov\u00e1bbfejleszt\u00e9se, ez\u00e1ltal a magas hal\u00e1loz\u00e1si ar\u00e1ny cs\u00f6kkent\u00e9se. Kutat\u00f3csoportunk a v\u00e9konyb\u00e9l ischaemi\u00e1s-reperf\u00fazi\u00f3s k\u00e1rosod\u00e1s\u00e1t vizsg\u00e1lja patk\u00e1ny modellen. &hellip;<\/p>\n","protected":false},"author":1,"featured_media":0,"parent":1680,"menu_order":0,"comment_status":"closed","ping_status":"closed","template":"","meta":{"_acf_changed":false,"footnotes":""},"categories":[],"tags":[],"class_list":["post-15","page","type-page","status-publish","hentry"],"acf":[],"_links":{"self":[{"href":"https:\/\/semmelweis.hu\/kiserletimuto\/wp-json\/wp\/v2\/pages\/15","targetHints":{"allow":["GET"]}}],"collection":[{"href":"https:\/\/semmelweis.hu\/kiserletimuto\/wp-json\/wp\/v2\/pages"}],"about":[{"href":"https:\/\/semmelweis.hu\/kiserletimuto\/wp-json\/wp\/v2\/types\/page"}],"author":[{"embeddable":true,"href":"https:\/\/semmelweis.hu\/kiserletimuto\/wp-json\/wp\/v2\/users\/1"}],"replies":[{"embeddable":true,"href":"https:\/\/semmelweis.hu\/kiserletimuto\/wp-json\/wp\/v2\/comments?post=15"}],"version-history":[{"count":2,"href":"https:\/\/semmelweis.hu\/kiserletimuto\/wp-json\/wp\/v2\/pages\/15\/revisions"}],"predecessor-version":[{"id":1694,"href":"https:\/\/semmelweis.hu\/kiserletimuto\/wp-json\/wp\/v2\/pages\/15\/revisions\/1694"}],"up":[{"embeddable":true,"href":"https:\/\/semmelweis.hu\/kiserletimuto\/wp-json\/wp\/v2\/pages\/1680"}],"wp:attachment":[{"href":"https:\/\/semmelweis.hu\/kiserletimuto\/wp-json\/wp\/v2\/media?parent=15"}],"wp:term":[{"taxonomy":"category","embeddable":true,"href":"https:\/\/semmelweis.hu\/kiserletimuto\/wp-json\/wp\/v2\/categories?post=15"},{"taxonomy":"post_tag","embeddable":true,"href":"https:\/\/semmelweis.hu\/kiserletimuto\/wp-json\/wp\/v2\/tags?post=15"}],"curies":[{"name":"wp","href":"https:\/\/api.w.org\/{rel}","templated":true}]}}

Vékonybél sebészet, immunológia

<h4><span class="cim_felett"><strong>A vékonybél team</strong></span></h4>
<p><span style="font-size: 1rem;">A bél vérellátásának zavarával járó kórképek többsége akut sebészeti ellátást igénylő állapot, melyek kórházi halálozási aránya (még a javuló szupportív terápiás módszerek ellenére is) 60-80 százalék között alakul. Kísérleteink célja a patomechanizmus pontosabb megismerése, a kezelés folyamatának továbbfejlesztése, ezáltal a magas halálozási arány csökkentése.</span></p>
<div class="text">
<p>Kutatócsoportunk a vékonybél ischaemiás-reperfúziós károsodását vizsgálja patkány modellen. Tanulmányozzuk továbbá a postconditionálást, mely ezen károsodás csökkentésére irányuló sebésztechnikai módszer. Ezen felül immunológiai megközelítéssel is leírjuk a sérülés következményeit. A vékonybél nyálkahártya az egyik legalapvetőbb védelmi vonal az endogén baktériumflóra és a szervezet sejtjei között. Az ischaemia (kritikus vértelenség), majd az ezt követő reperfúzió (a keringés helyreállása) jelentősen rontja a vékonybél nyálkahártya integritását. Ez hozzájárul a bakteriális transzlokációhoz a bélfalon keresztül, mely nagyban felelős a szisztémás gyulladásos válasz és a sokszervi károsodások kialakulásáért. Kísérleteinkben a nyálkahártya károsodásának minél pontosabb megismerésén túl, arra is keressük a választ, hogy milyen sebésztechnikai módszerekkel csökkenthető tovább a károsodás mértéke. E jelenségek tanulmányozása képezi csoportunk jelenlegi kutatásainak egyik irányvonalát, melyet a Semmelweis Egyetem Mikrobiológiai Intézetével és II.sz. Patológiai Intézetével és az I. sz. Gyermekklinikájával együttműködve végzünk.</p>
<p><strong><span style="font-size: larger;">Munkatársak</span></strong></p>
<ul>
<li>Dr. Ónody Péter</li>
<li>Dr. Rosero Oliver</li>
<li>Kovács Tibor</li>
</ul>
</div>

<p>A vékonybél team A bél vérellátásának zavarával járó kórképek többsége akut sebészeti ellátást igénylő állapot, melyek kórházi halálozási aránya (még a javuló szupportív terápiás módszerek ellenére is) 60-80 százalék között alakul. Kísérleteink célja a patomechanizmus pontosabb megismerése, a kezelés folyamatának továbbfejlesztése, ezáltal a magas halálozási arány csökkentése. Kutatócsoportunk a vékonybél ischaemiás-reperfúziós károsodását vizsgálja patkány modellen. &hellip;</p>
