{"id":14,"date":"2015-12-28T00:00:00","date_gmt":"2015-12-27T23:00:00","guid":{"rendered":"http:\/\/semmelweis.hu\/kiserletimuto\/metabolikus-bioaktiv-anyagok-vizsgalata\/"},"modified":"2023-04-13T10:44:22","modified_gmt":"2023-04-13T08:44:22","slug":"metabolikus-bioaktiv-anyagok-vizsgalata","status":"publish","type":"page","link":"https:\/\/semmelweis.hu\/kiserletimuto\/kutatasi-profilok\/korabbi-kutatasi-profilok\/metabolikus-bioaktiv-anyagok-vizsgalata\/","title":{"rendered":"Metabolikus bioakt\u00edv anyagok vizsg\u00e1lata"},"content":{"rendered":"<div id=\"aloldal_text\" class=\"cim_felett\">\n<p>A K\u00eds\u00e9rleti m\u0171t\u0151vel kollabor\u00e1ci\u00f3ban, sok tekintetben egys\u00e9gk\u00e9nt m\u0171k\u00f6dik a biok\u00e9miai munkacsoport, mely r\u00e9szben a K\u00eds\u00e9rleti M\u0171t\u0151ben, r\u00e9szben a Farmakogn\u00f3zia Int\u00e9zetben m\u0171k\u00f6dik a II.sz Belgy\u00f3gy\u00e1szati Klinikai kihelyezett laborjak\u00e9nt v\u00e9gzi napi munk\u00e1j\u00e1t. A Farmakogn\u00f3zia Int\u00e9zet r\u00e9sz\u00e9r\u0151l labor vezet\u0151je dr. med. habil. Bl\u00e1zovics Anna.<\/p>\n<div class=\"text\">\n<p>Modelljeink sor\u00e1n kooper\u00e1ci\u00f3ban mind seb\u00e9szeti (m\u00e1j ischaemia-reperf\u00fazi\u00f3, m\u00e1j regener\u00e1ci\u00f3), mind gasztroenterol\u00f3giai\/hepatol\u00f3giai (aliment\u00e1ris zs\u00edrm\u00e1j, b\u00e9lgyullad\u00e1s) folyamatokban vizsg\u00e1ljuk a szabadgy\u00f6k\u00f6s reakci\u00f3k v\u00e1ltoz\u00e1s\u00e1t glob\u00e1lis szabadgy\u00f6k\u00f6s (kemilumineszcenci\u00e1s intenzit\u00e1s; di\u00e9nkonjug\u00e1tum-koncentr\u00e1ci\u00f3) \u00e9s antioxid\u00e1ns param\u00e9terek (reduk\u00e1l\u00f3k\u00e9pess\u00e9g; szabad SH-csoport, H-donor koncentr\u00e1ci\u00f3, metilezetts\u00e9gi szint), zs\u00edrsavanyagcsere, f\u00e9mion homeoszt\u00e1zis v\u00e1ltoz\u00e1s\u00e1t m\u00e9rj\u00fck, valamint ezen reakci\u00f3k befoly\u00e1solhat\u00f3s\u00e1g\u00e1t seb\u00e9szeti m\u00f3dszerekkel, gy\u00f3gyszeres (glutamin, levosimendan) \u00e9s biokat\u00edv hat\u00f3anyagokkal (cannabidiol, c\u00e9kla, nano-szel\u00e9n). T\u00f6bb publik\u00e1ci\u00f3nkban hangs\u00falyoztuk, hogy a sejtek redox \u00e1llapota befoly\u00e1solja a sejtciklus folyamatait, \u00edgy a redox \u00e9rz\u00e9keny reakci\u00f3k egy adott k\u00f3r\u00e1llapotban sokkal hamarabb v\u00e1ltoznak meg \u00e9s jeleznek progredi\u00e1l\u00f3 folyamatokat. Ennek alapj\u00e1n a kapott eredm\u00e9nyek sz\u00f6vettani, molekul\u00e1ris biol\u00f3giai illetve rutin laborat\u00f3riumi param\u00e9terekkel val\u00f3 \u00f6sszehasonl\u00edt\u00e1sa n\u00e9lk\u00fcl\u00f6zhetetlen munk\u00e1nk sor\u00e1n. Szeretn\u00e9nk a j\u00f6v\u0151ben alkalmazni azokat a bioak\u00edtv hat\u00f3anyagokat, melyeket funkcion\u00e1lis \u00e9lelmiszerk\u00e9nt fogyasztva cs\u00f6kkentik a szabadgy\u00f6k\u00f6s reakci\u00f3k nagys\u00e1g\u00e1t pl elekt\u00edv m\u00e1jm\u0171t\u00e9tekben, vagy cs\u00f6kkentik a kemoter\u00e1pia okozta metabolikus diszfunkci\u00f3kat.<\/p>\n<p>&nbsp;<\/p>\n<p>&nbsp;<\/p>\n<p><strong><span style=\"font-size: larger;\">Munkat\u00e1rsak<\/span><\/strong><\/p>\n<ul>\n<li>Dr. Heged\u00fcs Viktor<\/li>\n<\/ul>\n<p>&nbsp;<\/p>\n<\/div>\n<\/div>\n","protected":false},"excerpt":{"rendered":"<p>A K\u00eds\u00e9rleti m\u0171t\u0151vel kollabor\u00e1ci\u00f3ban, sok tekintetben egys\u00e9gk\u00e9nt m\u0171k\u00f6dik a biok\u00e9miai munkacsoport, mely r\u00e9szben a K\u00eds\u00e9rleti M\u0171t\u0151ben, r\u00e9szben a Farmakogn\u00f3zia Int\u00e9zetben m\u0171k\u00f6dik a II.sz Belgy\u00f3gy\u00e1szati Klinikai kihelyezett laborjak\u00e9nt v\u00e9gzi napi munk\u00e1j\u00e1t. A Farmakogn\u00f3zia Int\u00e9zet r\u00e9sz\u00e9r\u0151l labor vezet\u0151je dr. med. habil. Bl\u00e1zovics Anna. Modelljeink sor\u00e1n kooper\u00e1ci\u00f3ban mind seb\u00e9szeti (m\u00e1j ischaemia-reperf\u00fazi\u00f3, m\u00e1j regener\u00e1ci\u00f3), mind gasztroenterol\u00f3giai\/hepatol\u00f3giai (aliment\u00e1ris zs\u00edrm\u00e1j, b\u00e9lgyullad\u00e1s) &hellip;<\/p>\n","protected":false},"author":1,"featured_media":0,"parent":1680,"menu_order":4,"comment_status":"closed","ping_status":"closed","template":"","meta":{"_acf_changed":false,"footnotes":""},"categories":[],"tags":[],"class_list":["post-14","page","type-page","status-publish","hentry"],"acf":[],"_links":{"self":[{"href":"https:\/\/semmelweis.hu\/kiserletimuto\/wp-json\/wp\/v2\/pages\/14","targetHints":{"allow":["GET"]}}],"collection":[{"href":"https:\/\/semmelweis.hu\/kiserletimuto\/wp-json\/wp\/v2\/pages"}],"about":[{"href":"https:\/\/semmelweis.hu\/kiserletimuto\/wp-json\/wp\/v2\/types\/page"}],"author":[{"embeddable":true,"href":"https:\/\/semmelweis.hu\/kiserletimuto\/wp-json\/wp\/v2\/users\/1"}],"replies":[{"embeddable":true,"href":"https:\/\/semmelweis.hu\/kiserletimuto\/wp-json\/wp\/v2\/comments?post=14"}],"version-history":[{"count":2,"href":"https:\/\/semmelweis.hu\/kiserletimuto\/wp-json\/wp\/v2\/pages\/14\/revisions"}],"predecessor-version":[{"id":316,"href":"https:\/\/semmelweis.hu\/kiserletimuto\/wp-json\/wp\/v2\/pages\/14\/revisions\/316"}],"up":[{"embeddable":true,"href":"https:\/\/semmelweis.hu\/kiserletimuto\/wp-json\/wp\/v2\/pages\/1680"}],"wp:attachment":[{"href":"https:\/\/semmelweis.hu\/kiserletimuto\/wp-json\/wp\/v2\/media?parent=14"}],"wp:term":[{"taxonomy":"category","embeddable":true,"href":"https:\/\/semmelweis.hu\/kiserletimuto\/wp-json\/wp\/v2\/categories?post=14"},{"taxonomy":"post_tag","embeddable":true,"href":"https:\/\/semmelweis.hu\/kiserletimuto\/wp-json\/wp\/v2\/tags?post=14"}],"curies":[{"name":"wp","href":"https:\/\/api.w.org\/{rel}","templated":true}]}}

Metabolikus bioaktív anyagok vizsgálata

<div id="aloldal_text" class="cim_felett">
<p>A Kísérleti műtővel kollaborációban, sok tekintetben egységként működik a biokémiai munkacsoport, mely részben a Kísérleti Műtőben, részben a Farmakognózia Intézetben működik a II.sz Belgyógyászati Klinikai kihelyezett laborjaként végzi napi munkáját. A Farmakognózia Intézet részéről labor vezetője dr. med. habil. Blázovics Anna.</p>
<div class="text">
<p>Modelljeink során kooperációban mind sebészeti (máj ischaemia-reperfúzió, máj regeneráció), mind gasztroenterológiai/hepatológiai (alimentáris zsírmáj, bélgyulladás) folyamatokban vizsgáljuk a szabadgyökös reakciók változását globális szabadgyökös (kemilumineszcenciás intenzitás; diénkonjugátum-koncentráció) és antioxidáns paraméterek (redukálóképesség; szabad SH-csoport, H-donor koncentráció, metilezettségi szint), zsírsavanyagcsere, fémion homeosztázis változását mérjük, valamint ezen reakciók befolyásolhatóságát sebészeti módszerekkel, gyógyszeres (glutamin, levosimendan) és biokatív hatóanyagokkal (cannabidiol, cékla, nano-szelén). Több publikációnkban hangsúlyoztuk, hogy a sejtek redox állapota befolyásolja a sejtciklus folyamatait, így a redox érzékeny reakciók egy adott kórállapotban sokkal hamarabb változnak meg és jeleznek progrediáló folyamatokat. Ennek alapján a kapott eredmények szövettani, molekuláris biológiai illetve rutin laboratóriumi paraméterekkel való összehasonlítása nélkülözhetetlen munkánk során. Szeretnénk a jövőben alkalmazni azokat a bioakítv hatóanyagokat, melyeket funkcionális élelmiszerként fogyasztva csökkentik a szabadgyökös reakciók nagyságát pl elektív májműtétekben, vagy csökkentik a kemoterápia okozta metabolikus diszfunkciókat.</p>
<p>&nbsp;</p>
<p>&nbsp;</p>
<p><strong><span style="font-size: larger;">Munkatársak</span></strong></p>
<ul>
<li>Dr. Hegedüs Viktor</li>
</ul>
<p>&nbsp;</p>
</div>
</div>

<p>A Kísérleti műtővel kollaborációban, sok tekintetben egységként működik a biokémiai munkacsoport, mely részben a Kísérleti Műtőben, részben a Farmakognózia Intézetben működik a II.sz Belgyógyászati Klinikai kihelyezett laborjaként végzi napi munkáját. A Farmakognózia Intézet részéről labor vezetője dr. med. habil. Blázovics Anna. Modelljeink során kooperációban mind sebészeti (máj ischaemia-reperfúzió, máj regeneráció), mind gasztroenterológiai/hepatológiai (alimentáris zsírmáj, bélgyulladás) &hellip;</p>
