{"id":13,"date":"2015-12-28T00:00:00","date_gmt":"2015-12-27T23:00:00","guid":{"rendered":"http:\/\/semmelweis.hu\/kiserletimuto\/majregeneracio\/"},"modified":"2023-04-13T10:43:57","modified_gmt":"2023-04-13T08:43:57","slug":"majregeneracio","status":"publish","type":"page","link":"https:\/\/semmelweis.hu\/kiserletimuto\/kutatasi-profilok\/korabbi-kutatasi-profilok\/majregeneracio\/","title":{"rendered":"M\u00e1jregener\u00e1ci\u00f3"},"content":{"rendered":"<div id=\"aloldal_text\" class=\"cim_felett\">\n<p><strong>A m\u00e1j-team<\/strong><\/p>\n<p>Kutat\u00f3csoportunk a m\u0171t\u00e9ti kezel\u00e9st ig\u00e9nyl\u0151 m\u00e1jbetegs\u00e9gekkel foglalkozik, melynek sor\u00e1n c\u00e9lunk az iscahemi\u00e1s-reperf\u00fazi\u00f3 okozta gyullad\u00e1s m\u00e9rs\u00e9kl\u00e9se, a m\u00e1j ischaemi\u00e1s tolerancia idej\u00e9nek n\u00f6vel\u00e9se seb\u00e9szeti m\u00f3dszerek (pre- \u00e9s posztkondicion\u00e1l\u00e1s) illetve farmakol\u00f3giai \u00e1gensek (glutamin, levosimendan) seg\u00edts\u00e9g\u00e9vel. Kutat\u00e1si ter\u00fclet\u00fcnk tov\u00e1bb\u00e1 a mikroseb\u00e9szeti technik\u00e1val induk\u00e1lt programozott m\u00e1jregener\u00e1ci\u00f3s modellek vizsg\u00e1lata. K\u00eds\u00e9rlet\u00fcnk sor\u00e1n szoros kooper\u00e1ci\u00f3ban dolgozunk egy\u00fctt a II. sz. Pathol\u00f3giai Int\u00e9zettel, a Farmakogn\u00f3zia Int\u00e9zet Biok\u00e9miai Munkacsoportj\u00e1val, a Biofizika Int\u00e9zet Nanobiotechnol\u00f3giai \u00e9s In Vivo K\u00e9palkot\u00f3 K\u00f6zpontj\u00e1nak munkacsoportj\u00e1val, valamint a Hum\u00e1nmorfol\u00f3giai \u00e9s Fejl\u0151d\u00e9sbiol\u00f3giai Int\u00e9zettel. C\u00e9lkit\u0171z\u00e9s\u00fcnk, hogy a kapott eredm\u00e9nynek f\u00fcggv\u00e9ny\u00e9ben jobban meg\u00edt\u00e9lhet\u0151v\u00e9 v\u00e1lj\u00e9k az elekt\u00edv m\u00e1jm\u0171t\u00e9tek id\u0151z\u00edt\u00e9se, illetve a regener\u00e1l\u00f3dott m\u00e1j funkcion\u00e1lis kapacit\u00e1s\u00e1nak meg\u00edt\u00e9l\u00e9se. Ezen eredm\u00e9nyek seg\u00edts\u00e9g\u00e9vel a traszplnat\u00e1ci\u00f3s gyakorlatban felmer\u00fcl\u0151 k\u00e9rd\u00e9sek (small for size sy stb) klinikai megold\u00e1sa is kedvez\u0151bb felt\u00e9telek mellett t\u00f6rt\u00e9nhet.<\/p>\n<div class=\"text\">\n<p>&nbsp;<\/p>\n<p><strong><span style=\"font-size: larger\">Munkat\u00e1rsak<\/span><\/strong><\/p>\n<ul>\n<li>Dr. Heged\u00fcs Viktor<\/li>\n<li>Dr. Ferreira G\u00e1bor<\/li>\n<li>Budai Andr\u00e1s<\/li>\n<li>Pekli Damj\u00e1n<\/li>\n<li>Kors\u00f3s Di\u00e1na<\/li>\n<li>Drozgyik D\u00f3ra<\/li>\n<\/ul>\n<\/div>\n<\/div>\n","protected":false},"excerpt":{"rendered":"<p>A m\u00e1j-team Kutat\u00f3csoportunk a m\u0171t\u00e9ti kezel\u00e9st ig\u00e9nyl\u0151 m\u00e1jbetegs\u00e9gekkel foglalkozik, melynek sor\u00e1n c\u00e9lunk az iscahemi\u00e1s-reperf\u00fazi\u00f3 okozta gyullad\u00e1s m\u00e9rs\u00e9kl\u00e9se, a m\u00e1j ischaemi\u00e1s tolerancia idej\u00e9nek n\u00f6vel\u00e9se seb\u00e9szeti m\u00f3dszerek (pre- \u00e9s posztkondicion\u00e1l\u00e1s) illetve farmakol\u00f3giai \u00e1gensek (glutamin, levosimendan) seg\u00edts\u00e9g\u00e9vel. Kutat\u00e1si ter\u00fclet\u00fcnk tov\u00e1bb\u00e1 a mikroseb\u00e9szeti technik\u00e1val induk\u00e1lt programozott m\u00e1jregener\u00e1ci\u00f3s modellek vizsg\u00e1lata. K\u00eds\u00e9rlet\u00fcnk sor\u00e1n szoros kooper\u00e1ci\u00f3ban dolgozunk egy\u00fctt a II. sz. Pathol\u00f3giai &hellip;<\/p>\n","protected":false},"author":158,"featured_media":0,"parent":1680,"menu_order":2,"comment_status":"closed","ping_status":"closed","template":"","meta":{"_acf_changed":false,"footnotes":""},"categories":[],"tags":[],"class_list":["post-13","page","type-page","status-publish","hentry"],"acf":[],"_links":{"self":[{"href":"https:\/\/semmelweis.hu\/kiserletimuto\/wp-json\/wp\/v2\/pages\/13","targetHints":{"allow":["GET"]}}],"collection":[{"href":"https:\/\/semmelweis.hu\/kiserletimuto\/wp-json\/wp\/v2\/pages"}],"about":[{"href":"https:\/\/semmelweis.hu\/kiserletimuto\/wp-json\/wp\/v2\/types\/page"}],"author":[{"embeddable":true,"href":"https:\/\/semmelweis.hu\/kiserletimuto\/wp-json\/wp\/v2\/users\/158"}],"replies":[{"embeddable":true,"href":"https:\/\/semmelweis.hu\/kiserletimuto\/wp-json\/wp\/v2\/comments?post=13"}],"version-history":[{"count":3,"href":"https:\/\/semmelweis.hu\/kiserletimuto\/wp-json\/wp\/v2\/pages\/13\/revisions"}],"predecessor-version":[{"id":1210,"href":"https:\/\/semmelweis.hu\/kiserletimuto\/wp-json\/wp\/v2\/pages\/13\/revisions\/1210"}],"up":[{"embeddable":true,"href":"https:\/\/semmelweis.hu\/kiserletimuto\/wp-json\/wp\/v2\/pages\/1680"}],"wp:attachment":[{"href":"https:\/\/semmelweis.hu\/kiserletimuto\/wp-json\/wp\/v2\/media?parent=13"}],"wp:term":[{"taxonomy":"category","embeddable":true,"href":"https:\/\/semmelweis.hu\/kiserletimuto\/wp-json\/wp\/v2\/categories?post=13"},{"taxonomy":"post_tag","embeddable":true,"href":"https:\/\/semmelweis.hu\/kiserletimuto\/wp-json\/wp\/v2\/tags?post=13"}],"curies":[{"name":"wp","href":"https:\/\/api.w.org\/{rel}","templated":true}]}}

Májregeneráció

<div id="aloldal_text" class="cim_felett">
<p><strong>A máj-team</strong></p>
<p>Kutatócsoportunk a műtéti kezelést igénylő májbetegségekkel foglalkozik, melynek során célunk az iscahemiás-reperfúzió okozta gyulladás mérséklése, a máj ischaemiás tolerancia idejének növelése sebészeti módszerek (pre- és posztkondicionálás) illetve farmakológiai ágensek (glutamin, levosimendan) segítségével. Kutatási területünk továbbá a mikrosebészeti technikával indukált programozott májregenerációs modellek vizsgálata. Kísérletünk során szoros kooperációban dolgozunk együtt a II. sz. Pathológiai Intézettel, a Farmakognózia Intézet Biokémiai Munkacsoportjával, a Biofizika Intézet Nanobiotechnológiai és In Vivo Képalkotó Központjának munkacsoportjával, valamint a Humánmorfológiai és Fejlődésbiológiai Intézettel. Célkitűzésünk, hogy a kapott eredménynek függvényében jobban megítélhetővé váljék az elektív májműtétek időzítése, illetve a regenerálódott máj funkcionális kapacitásának megítélése. Ezen eredmények segítségével a traszplnatációs gyakorlatban felmerülő kérdések (small for size sy stb) klinikai megoldása is kedvezőbb feltételek mellett történhet.</p>
<div class="text">
<p>&nbsp;</p>
<p><strong><span style="font-size: larger">Munkatársak</span></strong></p>
<ul>
<li>Dr. Hegedüs Viktor</li>
<li>Dr. Ferreira Gábor</li>
<li>Budai András</li>
<li>Pekli Damján</li>
<li>Korsós Diána</li>
<li>Drozgyik Dóra</li>
</ul>
</div>
</div>

<p>A máj-team Kutatócsoportunk a műtéti kezelést igénylő májbetegségekkel foglalkozik, melynek során célunk az iscahemiás-reperfúzió okozta gyulladás mérséklése, a máj ischaemiás tolerancia idejének növelése sebészeti módszerek (pre- és posztkondicionálás) illetve farmakológiai ágensek (glutamin, levosimendan) segítségével. Kutatási területünk továbbá a mikrosebészeti technikával indukált programozott májregenerációs modellek vizsgálata. Kísérletünk során szoros kooperációban dolgozunk együtt a II. sz. Pathológiai &hellip;</p>
