{"id":74,"date":"2024-04-03T14:33:16","date_gmt":"2024-04-03T12:33:16","guid":{"rendered":"https:\/\/semmelweis.hu\/kghii\/?page_id=74"},"modified":"2025-03-04T12:53:11","modified_gmt":"2025-03-04T11:53:11","slug":"munkaugyi-osztaly","status":"publish","type":"page","link":"https:\/\/semmelweis.hu\/kghii\/osztalyaink\/munkaugyi-osztaly\/","title":{"rendered":"Munka\u00fcgyi \u00e9s Iratkezel\u00e9si Feladatokat Ell\u00e1t\u00f3 Oszt\u00e1ly"},"content":{"rendered":"<h2>Munka\u00fcgyi \u00e9s Iratkezel\u00e9si Feladatokat Ell\u00e1t\u00f3 Oszt\u00e1ly<\/h2>\n<div class=\"keretes w-100\">\n<h3>Kapcsolat:\u00a0<\/h3>\n<p>Telefon: 06-1-459-1460<\/p>\n<p><a href=\"mailto:munkaugy.kghii@semmelweis.hu\">munkaugy.kghii@semmelweis.hu<\/a><\/p>\n<\/div>\n<h3>F\u0151bb feladatai:<\/h3>\n<ul>\n<li>KGHII r\u00e9sz\u00e9re \u00e9rkez\u0151 posta \u00e1tv\u00e9tele, szelekt\u00e1l\u00e1sa<\/li>\n<li>KGHII-hez tartoz\u00f3 szervezeti egys\u00e9gek r\u00e9sz\u00e9re t\u00f6rt\u00e9n\u0151 k\u00e9zbes\u00edt\u00e9si feladatok ell\u00e1t\u00e1sa<\/li>\n<li>Felv\u00e9teli javaslat k\u00e9sz\u00edt\u00e9se<\/li>\n<li>K\u00f6zz\u00e9t\u00e9teli adatlap ki\u00e1ll\u00edt\u00e1sa<\/li>\n<li>\u00daj bel\u00e9p\u0151 bel\u00e9ptet\u00e9si folyamat\u00e1nak int\u00e9z\u00e9se<\/li>\n<li>Jogviszony megsz\u00fcntet\u00e9s eset\u00e9n a kil\u00e9p\u00e9s folyamat\u00e1nak int\u00e9z\u00e9se<\/li>\n<li>Ut\u00f3lagos szabads\u00e1gok r\u00f6gz\u00edt\u00e9se, m\u00f3dos\u00edt\u00e1sok kezel\u00e9se, ellen\u0151rz\u00e9se a vonatkoz\u00f3 utas\u00edt\u00e1snak megfelel\u0151en<\/li>\n<li>Munk\u00e1ltat\u00f3i int\u00e9zked\u00e9s ki\u00e1ll\u00edt\u00e1sa<\/li>\n<li>Id\u0151r\u00f6gz\u00edt\u00e9s<\/li>\n<li>Vid\u00e9kr\u0151l t\u00f6rt\u00e9n\u0151 munk\u00e1ba j\u00e1r\u00e1s k\u00f6lts\u00e9geinek elsz\u00e1mol\u00e1sa<\/li>\n<li>Keretmeg\u00e1llapod\u00e1sok, illetm\u00e9nykieg\u00e9sz\u00edt\u00e9sek, megb\u00edz\u00e1si szerz\u0151d\u00e9sek elk\u00e9sz\u00edt\u00e9se, a kapcsol\u00f3d\u00f3 teljes\u00edt\u00e9sigazol\u00e1sokkal egy\u00fctt<\/li>\n<li>Reklam\u00e1ci\u00f3k kivizsg\u00e1l\u00e1sa, kezel\u00e9se<\/li>\n<li>Dolgoz\u00f3i k\u00e9r\u00e9sek (j\u00f6vedelemigazol\u00e1s, ad\u00f3el\u0151leg nyilatkozatok, p\u00f3tszabads\u00e1g, lakc\u00edm v\u00e1ltoz\u00e1s, foly\u00f3sz\u00e1mlasz\u00e1m v\u00e1ltoz\u00e1s stb.) int\u00e9z\u00e9se<\/li>\n<\/ul>\n","protected":false},"excerpt":{"rendered":"<p>Munka\u00fcgyi \u00e9s Iratkezel\u00e9si Feladatokat Ell\u00e1t\u00f3 Oszt\u00e1ly Kapcsolat:\u00a0 Telefon: 06-1-459-1460 <a href=\"mailto:munkaugy.kghii@semmelweis.hu\">munkaugy.kghii@semmelweis.hu<\/a> F\u0151bb feladatai: KGHII r\u00e9sz\u00e9re \u00e9rkez\u0151 posta \u00e1tv\u00e9tele, szelekt\u00e1l\u00e1sa KGHII-hez tartoz\u00f3 szervezeti egys\u00e9gek r\u00e9sz\u00e9re t\u00f6rt\u00e9n\u0151 k\u00e9zbes\u00edt\u00e9si feladatok ell\u00e1t\u00e1sa Felv\u00e9teli javaslat k\u00e9sz\u00edt\u00e9se K\u00f6zz\u00e9t\u00e9teli adatlap ki\u00e1ll\u00edt\u00e1sa \u00daj bel\u00e9p\u0151 bel\u00e9ptet\u00e9si folyamat\u00e1nak int\u00e9z\u00e9se Jogviszony megsz\u00fcntet\u00e9s eset\u00e9n a kil\u00e9p\u00e9s folyamat\u00e1nak int\u00e9z\u00e9se Ut\u00f3lagos szabads\u00e1gok r\u00f6gz\u00edt\u00e9se, m\u00f3dos\u00edt\u00e1sok kezel\u00e9se, ellen\u0151rz\u00e9se a vonatkoz\u00f3 utas\u00edt\u00e1snak megfelel\u0151en Munk\u00e1ltat\u00f3i &hellip;<\/p>\n","protected":false},"author":102355,"featured_media":0,"parent":262,"menu_order":3,"comment_status":"closed","ping_status":"closed","template":"","meta":{"_acf_changed":false,"footnotes":""},"categories":[],"tags":[],"class_list":["post-74","page","type-page","status-publish","hentry"],"acf":[],"_links":{"self":[{"href":"https:\/\/semmelweis.hu\/kghii\/wp-json\/wp\/v2\/pages\/74","targetHints":{"allow":["GET"]}}],"collection":[{"href":"https:\/\/semmelweis.hu\/kghii\/wp-json\/wp\/v2\/pages"}],"about":[{"href":"https:\/\/semmelweis.hu\/kghii\/wp-json\/wp\/v2\/types\/page"}],"author":[{"embeddable":true,"href":"https:\/\/semmelweis.hu\/kghii\/wp-json\/wp\/v2\/users\/102355"}],"replies":[{"embeddable":true,"href":"https:\/\/semmelweis.hu\/kghii\/wp-json\/wp\/v2\/comments?post=74"}],"version-history":[{"count":10,"href":"https:\/\/semmelweis.hu\/kghii\/wp-json\/wp\/v2\/pages\/74\/revisions"}],"predecessor-version":[{"id":351,"href":"https:\/\/semmelweis.hu\/kghii\/wp-json\/wp\/v2\/pages\/74\/revisions\/351"}],"up":[{"embeddable":true,"href":"https:\/\/semmelweis.hu\/kghii\/wp-json\/wp\/v2\/pages\/262"}],"wp:attachment":[{"href":"https:\/\/semmelweis.hu\/kghii\/wp-json\/wp\/v2\/media?parent=74"}],"wp:term":[{"taxonomy":"category","embeddable":true,"href":"https:\/\/semmelweis.hu\/kghii\/wp-json\/wp\/v2\/categories?post=74"},{"taxonomy":"post_tag","embeddable":true,"href":"https:\/\/semmelweis.hu\/kghii\/wp-json\/wp\/v2\/tags?post=74"}],"curies":[{"name":"wp","href":"https:\/\/api.w.org\/{rel}","templated":true}]}}