{"id":574,"date":"2025-08-06T10:40:12","date_gmt":"2025-08-06T08:40:12","guid":{"rendered":"https:\/\/semmelweis.hu\/kfipalyazat\/?page_id=574"},"modified":"2026-01-28T16:06:36","modified_gmt":"2026-01-28T15:06:36","slug":"palyazati-lehetosegek-kulfoldi-hallgatok-reszere","status":"publish","type":"page","link":"https:\/\/semmelweis.hu\/kfipalyazat\/palyazatok\/palyazati-lehetosegek\/palyazati-lehetosegek-kulfoldi-hallgatok-reszere\/","title":{"rendered":"P\u00e1ly\u00e1zati lehet\u0151s\u00e9gek k\u00fclf\u00f6ldi hallgat\u00f3k r\u00e9sz\u00e9re"},"content":{"rendered":"<p><strong>Pann\u00f3nia \u00d6szt\u00f6nd\u00edjprogram<\/strong><\/p>\n<p>A Pann\u00f3nia \u00d6szt\u00f6nd\u00edjprogram r\u00f6vid \u00e9s hossz\u00fa t\u00e1v\u00fa mobilit\u00e1si lehet\u0151s\u00e9geket k\u00edn\u00e1l az egyetem hallgat\u00f3i, oktat\u00f3i \u00e9s munkat\u00e1rsai sz\u00e1m\u00e1ra, hogy t\u00e1mogatott keretek k\u00f6z\u00f6tt tanuljanak, kutassanak, oktassanak vagy szakmai gyakorlatot v\u00e9gezzenek k\u00fclf\u00f6ld\u00f6n. A lehet\u0151s\u00e9gek Eur\u00f3p\u00e1n bel\u00fcl \u00e9s k\u00edv\u00fcl el\u00e9rhet\u0151ek, szinte b\u00e1rmely orsz\u00e1gban.<\/p>\n<p>A hallgat\u00f3i mobilit\u00e1sok b\u00e1rmely tanulm\u00e1nyi ter\u00fcleten \u00e9s ciklusban megval\u00f3s\u00edthat\u00f3ak, ide\u00e9rtve a doktori k\u00e9pz\u00e9st is.<\/p>\n<p>A programon bel\u00fcl lehet\u0151s\u00e9g van k\u00e9pz\u00e9si c\u00e9l\u00fa mobilit\u00e1s, tanulm\u00e1nyi, szakmai gyakorlat, illetve friss diplom\u00e1s mobilit\u00e1s, konferencia r\u00e9szv\u00e9tel, valamint ny\u00e1ri egyetem megp\u00e1ly\u00e1z\u00e1s\u00e1ra.<\/p>\n<p><u>T\u00e1mogat\u00e1st ig\u00e9nyl\u0151k k\u00f6re:<\/u> a Semmelweis Egyetem hallgat\u00f3i<\/p>\n<p><u>Ig\u00e9nyelhet\u0151 t\u00e1mogat\u00e1s \u00f6sszege:<\/u> mobilit\u00e1s t\u00edpus\u00e1t\u00f3l f\u00fcgg\u0151en <em>350.000-500.000 Ft<\/em> k\u00f6z\u00f6tt<\/p>\n<p><u>Beny\u00fajt\u00e1si hat\u00e1rid\u0151:<\/u> <strong>folyamatos<\/strong><\/p>\n<p><u>B\u0151vebb inform\u00e1ci\u00f3:<\/u> <a href=\"https:\/\/semmelweis.hu\/erasmus\/pannonia-osztondijprogram\/\" target=\"_blank\" rel=\"noopener\">https:\/\/semmelweis.hu\/erasmus\/pannonia-osztondijprogram\/<\/a><\/p>\n<p>&nbsp;<\/p>\n<p>&nbsp;<\/p>\n","protected":false},"excerpt":{"rendered":"<p>Pann\u00f3nia \u00d6szt\u00f6nd\u00edjprogram A Pann\u00f3nia \u00d6szt\u00f6nd\u00edjprogram r\u00f6vid \u00e9s hossz\u00fa t\u00e1v\u00fa mobilit\u00e1si lehet\u0151s\u00e9geket k\u00edn\u00e1l az egyetem hallgat\u00f3i, oktat\u00f3i \u00e9s munkat\u00e1rsai sz\u00e1m\u00e1ra, hogy t\u00e1mogatott keretek k\u00f6z\u00f6tt tanuljanak, kutassanak, oktassanak vagy szakmai gyakorlatot v\u00e9gezzenek k\u00fclf\u00f6ld\u00f6n. A lehet\u0151s\u00e9gek Eur\u00f3p\u00e1n bel\u00fcl \u00e9s k\u00edv\u00fcl el\u00e9rhet\u0151ek, szinte b\u00e1rmely orsz\u00e1gban. A hallgat\u00f3i mobilit\u00e1sok b\u00e1rmely tanulm\u00e1nyi ter\u00fcleten \u00e9s ciklusban megval\u00f3s\u00edthat\u00f3ak, ide\u00e9rtve a doktori k\u00e9pz\u00e9st is. &hellip;<\/p>\n","protected":false},"author":102410,"featured_media":0,"parent":566,"menu_order":4,"comment_status":"closed","ping_status":"closed","template":"","meta":{"_acf_changed":false,"footnotes":""},"categories":[],"tags":[],"class_list":["post-574","page","type-page","status-publish","hentry"],"acf":[],"_links":{"self":[{"href":"https:\/\/semmelweis.hu\/kfipalyazat\/wp-json\/wp\/v2\/pages\/574","targetHints":{"allow":["GET"]}}],"collection":[{"href":"https:\/\/semmelweis.hu\/kfipalyazat\/wp-json\/wp\/v2\/pages"}],"about":[{"href":"https:\/\/semmelweis.hu\/kfipalyazat\/wp-json\/wp\/v2\/types\/page"}],"author":[{"embeddable":true,"href":"https:\/\/semmelweis.hu\/kfipalyazat\/wp-json\/wp\/v2\/users\/102410"}],"replies":[{"embeddable":true,"href":"https:\/\/semmelweis.hu\/kfipalyazat\/wp-json\/wp\/v2\/comments?post=574"}],"version-history":[{"count":6,"href":"https:\/\/semmelweis.hu\/kfipalyazat\/wp-json\/wp\/v2\/pages\/574\/revisions"}],"predecessor-version":[{"id":947,"href":"https:\/\/semmelweis.hu\/kfipalyazat\/wp-json\/wp\/v2\/pages\/574\/revisions\/947"}],"up":[{"embeddable":true,"href":"https:\/\/semmelweis.hu\/kfipalyazat\/wp-json\/wp\/v2\/pages\/566"}],"wp:attachment":[{"href":"https:\/\/semmelweis.hu\/kfipalyazat\/wp-json\/wp\/v2\/media?parent=574"}],"wp:term":[{"taxonomy":"category","embeddable":true,"href":"https:\/\/semmelweis.hu\/kfipalyazat\/wp-json\/wp\/v2\/categories?post=574"},{"taxonomy":"post_tag","embeddable":true,"href":"https:\/\/semmelweis.hu\/kfipalyazat\/wp-json\/wp\/v2\/tags?post=574"}],"curies":[{"name":"wp","href":"https:\/\/api.w.org\/{rel}","templated":true}]}}