{"id":384,"date":"2025-07-17T13:56:19","date_gmt":"2025-07-17T11:56:19","guid":{"rendered":"https:\/\/semmelweis.hu\/kfipalyazat\/?page_id=384"},"modified":"2025-08-14T10:30:19","modified_gmt":"2025-08-14T08:30:19","slug":"efop-4-2-3-22-2022-00010","status":"publish","type":"page","link":"https:\/\/semmelweis.hu\/kfipalyazat\/palyazatok\/tarsfinanszirozott-palyazatok\/fenntartas\/efop-4-2-3-22-2022-00010\/","title":{"rendered":"EFOP-4.2.3-22-2022-00010"},"content":{"rendered":"<p style=\"text-align: justify\"><strong>Projekt azonos\u00edt\u00f3sz\u00e1ma:<\/strong> EFOP-4.2.3-22-2022-00010<\/p>\n<p style=\"text-align: justify\"><strong>Projekt c\u00edme:<\/strong> A P\u00e9csi Tudom\u00e1nyegyetem Illy\u00e9s Gyula Gyakorl\u00f3 \u00c1ltal\u00e1nos Iskol\u00e1j\u00e1nak \u00e9s a Semmelweis Egyetem Pet\u0151 Andr\u00e1s Gyakorl\u00f3 Iskol\u00e1j\u00e1nak fejleszt\u00e9se<\/p>\n<p style=\"text-align: justify\"><strong>Projekt megval\u00f3s\u00edt\u00e1s\u00e1nak kezdete:<\/strong> 2022.10.01.<\/p>\n<p style=\"text-align: justify\"><strong>Projekt fizikai befejez\u00e9se:<\/strong> 2023.11.30.<\/p>\n<p style=\"text-align: justify\">\u00a0<\/p>\n<p style=\"text-align: justify\"><strong>Konzorciumi teljes t\u00e1mogat\u00e1s \u00f6sszege:<\/strong> 1.000.000.000 Ft\u00a0\u00a0\u00a0\u00a0<\/p>\n<p style=\"text-align: justify\"><strong>T\u00e1mogat\u00e1s intenzit\u00e1sa:<\/strong> 100%<\/p>\n<p style=\"text-align: justify\"><strong>SE-r\u00e9sz:<\/strong> 500.000.000 Ft<\/p>\n<p style=\"text-align: justify\">\u00a0<\/p>\n<p style=\"text-align: justify\"><strong>A SE-n t\u00f6rt\u00e9n\u0151 fejleszt\u00e9sek r\u00f6vid bemutat\u00e1sa:<\/strong><\/p>\n<p style=\"text-align: justify\">2022 szeptember\u00e9ben a Semmelweis Egyetem konzorciumban a P\u00e9csi Tudom\u00e1nyegyetemmel p\u00e1ly\u00e1zatot ny\u00fajtott be a \u201eGyakorl\u00f3iskol\u00e1k infrastruktur\u00e1lis fejleszt\u00e9se\u201d c\u00edm\u0171, EFOP-4.2.3-22 sz\u00e1m\u00fa konstrukci\u00f3 felh\u00edv\u00e1s\u00e1ra. A konzorcium, a P\u00e9csi Tudom\u00e1nyegyetem vezet\u00e9s\u00e9vel, egymilli\u00e1rd forint vissza nem t\u00e9r\u00edtend\u0151 t\u00e1mogat\u00e1sban r\u00e9szes\u00fclt, egyenl\u0151 megoszt\u00e1sban.<\/p>\n<p style=\"text-align: justify\"><strong>A fejleszt\u00e9s f\u0151 ir\u00e1nyvonalai:<\/strong><\/p>\n<ul>\n<li style=\"text-align: justify\">Tantermek, folyos\u00f3k, k\u00f6z\u00f6s helyis\u00e9gek fel\u00faj\u00edt\u00e1sa, akad\u00e1lymentes lift be\u00e9p\u00edt\u00e9se.<\/li>\n<li style=\"text-align: justify\">\u00daj b\u00fatorok \u00e9s eszk\u00f6z\u00f6k beszerz\u00e9se, mozg\u00e1ss\u00e9r\u00fcltek sz\u00e1m\u00e1ra haszn\u00e1latos er\u0151nl\u00e9tet fejleszt\u0151 sporteszk\u00f6z\u00f6k, speci\u00e1lis AAK, IT, IKT oktat\u00e1s robotika eszk\u00f6zei is cser\u00e9re ker\u00fclnek.<\/li>\n<li style=\"text-align: justify\">A pedag\u00f3giai komplex fejleszt\u00e9sben haszn\u00e1lhat\u00f3 habilit\u00e1ci\u00f3s robotikai eszk\u00f6z\u00f6k, a hallgat\u00f3i k\u00e9pz\u00e9sben r\u00e9sztvev\u0151 konduktor hallgat\u00f3k sz\u00e1m\u00e1ra.<\/li>\n<li style=\"text-align: justify\">A pedag\u00f3gus hallgat\u00f3k r\u00e9sz\u00e9re olyan gyakorlati oktat\u00e1si fejleszt\u00e9s val\u00f3sul meg, ahol a ma haszn\u00e1latos leg\u00fajabb technol\u00f3giai elj\u00e1r\u00e1sok haszn\u00e1lat tanulhat\u00f3 a s\u00falyosan s\u00e9r\u00fcl mozg\u00e1skorl\u00e1tozottak sz\u00e1m\u00e1ra.<\/li>\n<li style=\"text-align: justify\">Fentiek r\u00e9v\u00e9n az iskola versenyk\u00e9pess\u00e9g\u00e9nek jav\u00edt\u00e1sa, valamint a pedag\u00f3gusok r\u00e9gi\u00f3ban tart\u00e1sa.<\/li>\n<\/ul>\n<p><img loading=\"lazy\" decoding=\"async\" class=\"alignright\" src=\"https:\/\/semmelweis.hu\/kfipalyazat\/files\/2025\/07\/esza.jpg\" width=\"451\" height=\"322\" \/><\/p>\n","protected":false},"excerpt":{"rendered":"<p>Projekt azonos\u00edt\u00f3sz\u00e1ma: EFOP-4.2.3-22-2022-00010 Projekt c\u00edme: A P\u00e9csi Tudom\u00e1nyegyetem Illy\u00e9s Gyula Gyakorl\u00f3 \u00c1ltal\u00e1nos Iskol\u00e1j\u00e1nak \u00e9s a Semmelweis Egyetem Pet\u0151 Andr\u00e1s Gyakorl\u00f3 Iskol\u00e1j\u00e1nak fejleszt\u00e9se Projekt megval\u00f3s\u00edt\u00e1s\u00e1nak kezdete: 2022.10.01. Projekt fizikai befejez\u00e9se: 2023.11.30. \u00a0 Konzorciumi teljes t\u00e1mogat\u00e1s \u00f6sszege: 1.000.000.000 Ft\u00a0\u00a0\u00a0\u00a0 T\u00e1mogat\u00e1s intenzit\u00e1sa: 100% SE-r\u00e9sz: 500.000.000 Ft \u00a0 A SE-n t\u00f6rt\u00e9n\u0151 fejleszt\u00e9sek r\u00f6vid bemutat\u00e1sa: 2022 szeptember\u00e9ben a Semmelweis Egyetem &hellip;<\/p>\n","protected":false},"author":102410,"featured_media":0,"parent":148,"menu_order":5,"comment_status":"closed","ping_status":"closed","template":"","meta":{"_acf_changed":false,"footnotes":""},"categories":[],"tags":[],"class_list":["post-384","page","type-page","status-publish","hentry"],"acf":[],"_links":{"self":[{"href":"https:\/\/semmelweis.hu\/kfipalyazat\/wp-json\/wp\/v2\/pages\/384","targetHints":{"allow":["GET"]}}],"collection":[{"href":"https:\/\/semmelweis.hu\/kfipalyazat\/wp-json\/wp\/v2\/pages"}],"about":[{"href":"https:\/\/semmelweis.hu\/kfipalyazat\/wp-json\/wp\/v2\/types\/page"}],"author":[{"embeddable":true,"href":"https:\/\/semmelweis.hu\/kfipalyazat\/wp-json\/wp\/v2\/users\/102410"}],"replies":[{"embeddable":true,"href":"https:\/\/semmelweis.hu\/kfipalyazat\/wp-json\/wp\/v2\/comments?post=384"}],"version-history":[{"count":3,"href":"https:\/\/semmelweis.hu\/kfipalyazat\/wp-json\/wp\/v2\/pages\/384\/revisions"}],"predecessor-version":[{"id":687,"href":"https:\/\/semmelweis.hu\/kfipalyazat\/wp-json\/wp\/v2\/pages\/384\/revisions\/687"}],"up":[{"embeddable":true,"href":"https:\/\/semmelweis.hu\/kfipalyazat\/wp-json\/wp\/v2\/pages\/148"}],"wp:attachment":[{"href":"https:\/\/semmelweis.hu\/kfipalyazat\/wp-json\/wp\/v2\/media?parent=384"}],"wp:term":[{"taxonomy":"category","embeddable":true,"href":"https:\/\/semmelweis.hu\/kfipalyazat\/wp-json\/wp\/v2\/categories?post=384"},{"taxonomy":"post_tag","embeddable":true,"href":"https:\/\/semmelweis.hu\/kfipalyazat\/wp-json\/wp\/v2\/tags?post=384"}],"curies":[{"name":"wp","href":"https:\/\/api.w.org\/{rel}","templated":true}]}}